216.244.66.250 - - [16/Sep/2025:09:00:42 +0200] "GET /2024/07/10/us-online-slots-for-real-money-blackjack-online-for-players-from-us/feed/ HTTP/1.1" 200 1015 "-" "Mozilla/5.0 (compatible; DotBot/1.2; +https://opensiteexplorer.org/dotbot; help@moz.com)"
216.244.66.250 - - [16/Sep/2025:09:00:54 +0200] "GET /2024/09/29/best-ten-real-money-web-based-casinos-playing-web-sites-us-2024/feed/ HTTP/1.1" 200 1009 "-" "Mozilla/5.0 (compatible; DotBot/1.2; +https://opensiteexplorer.org/dotbot; help@moz.com)"
216.244.66.250 - - [16/Sep/2025:09:01:05 +0200] "GET /2024/10/28/erreichbar-casino-qua-handyrechnung-begleichen-innovativ-zahlungsart/feed/ HTTP/1.1" 200 1017 "-" "Mozilla/5.0 (compatible; DotBot/1.2; +https://opensiteexplorer.org/dotbot; help@moz.com)"
216.244.66.250 - - [16/Sep/2025:09:01:15 +0200] "GET /2024/11/18/excelentes-juegos-de-smartphone-para-entretenerte-oriente-veranillo/feed/ HTTP/1.1" 200 1014 "-" "Mozilla/5.0 (compatible; DotBot/1.2; +https://opensiteexplorer.org/dotbot; help@moz.com)"
216.244.66.250 - - [16/Sep/2025:09:01:26 +0200] "GET /2024/08/09/the-new-harbors-on-line-is-the-fresh-slot-launches-100percent-free-now-2024/feed/ HTTP/1.1" 200 1038 "-" "Mozilla/5.0 (compatible; DotBot/1.2; +https://opensiteexplorer.org/dotbot; help@moz.com)"
216.244.66.250 - - [16/Sep/2025:09:01:37 +0200] "GET /2024/10/07/100-percent-free-processor-no-deposit-finest-casino-slot-mugshot-madness-extra-offers-british-finest-list/feed/ HTTP/1.1" 200 1128 "-" "Mozilla/5.0 (compatible; DotBot/1.2; +https://opensiteexplorer.org/dotbot; help@moz.com)"
85.208.98.23 - - [16/Sep/2025:09:01:47 +0200] "GET /robots.txt HTTP/1.1" 404 41191 "-" "Mozilla/5.0 (compatible; SemrushBot-BA; +http://www.semrush.com/bot.html)"
216.244.66.250 - - [16/Sep/2025:09:01:48 +0200] "GET /2024/10/07/20-euroletten-maklercourtage-ohne-einzahlung-kasino-20-no-vorleistung-2024/feed/ HTTP/1.1" 200 1035 "-" "Mozilla/5.0 (compatible; DotBot/1.2; +https://opensiteexplorer.org/dotbot; help@moz.com)"
216.244.66.250 - - [16/Sep/2025:09:01:59 +0200] "GET /2024/10/07/better-500-first-play-reel-bonanza-slot-put-incentive-inside-the-canada-2024-best-incentives/feed/ HTTP/1.1" 200 1090 "-" "Mozilla/5.0 (compatible; DotBot/1.2; +https://opensiteexplorer.org/dotbot; help@moz.com)"
216.244.66.250 - - [16/Sep/2025:09:02:10 +0200] "GET /2024/10/07/hazard-high-voltage-slot-play-for-casino-classic-100-free-spins-100-percent-free-or-which-have-incentive-evolution/feed/ HTTP/1.1" 200 1156 "-" "Mozilla/5.0 (compatible; DotBot/1.2; +https://opensiteexplorer.org/dotbot; help@moz.com)"
216.244.66.250 - - [16/Sep/2025:09:02:21 +0200] "GET /2024/10/11/lobstermania-position-gamble-100-percent-free-lobstermania-position-games-no-down-load/feed/ HTTP/1.1" 200 1072 "-" "Mozilla/5.0 (compatible; DotBot/1.2; +https://opensiteexplorer.org/dotbot; help@moz.com)"
216.244.66.250 - - [16/Sep/2025:09:02:33 +0200] "GET /2024/10/27/finest-georgia-a-tips-baccarat-real-income-web-based-casinos-gambling-in-the-ga-2024/feed/ HTTP/1.1" 200 1066 "-" "Mozilla/5.0 (compatible; DotBot/1.2; +https://opensiteexplorer.org/dotbot; help@moz.com)"
216.244.66.250 - - [16/Sep/2025:09:05:09 +0200] "GET /category/uncategorized/page/10049/ HTTP/1.1" 200 58853 "-" "Mozilla/5.0 (compatible; DotBot/1.2; +https://opensiteexplorer.org/dotbot; help@moz.com)"
216.244.66.250 - - [16/Sep/2025:09:05:49 +0200] "GET /category/uncategorized/page/2216/ HTTP/1.1" 200 59908 "-" "Mozilla/5.0 (compatible; DotBot/1.2; +https://opensiteexplorer.org/dotbot; help@moz.com)"
216.244.66.250 - - [16/Sep/2025:09:06:23 +0200] "GET /category/uncategorized/page/3711/ HTTP/1.1" 200 59614 "-" "Mozilla/5.0 (compatible; DotBot/1.2; +https://opensiteexplorer.org/dotbot; help@moz.com)"
216.244.66.250 - - [16/Sep/2025:09:06:57 +0200] "GET /category/uncategorized/page/5056/ HTTP/1.1" 200 59044 "-" "Mozilla/5.0 (compatible; DotBot/1.2; +https://opensiteexplorer.org/dotbot; help@moz.com)"
85.208.98.23 - - [16/Sep/2025:09:07:09 +0200] "GET /robots.txt HTTP/1.1" 404 41191 "-" "Mozilla/5.0 (compatible; SemrushBot-BA; +http://www.semrush.com/bot.html)"
216.244.66.250 - - [16/Sep/2025:09:07:30 +0200] "GET /category/uncategorized/page/5581/ HTTP/1.1" 200 59327 "-" "Mozilla/5.0 (compatible; DotBot/1.2; +https://opensiteexplorer.org/dotbot; help@moz.com)"
216.244.66.250 - - [16/Sep/2025:09:08:00 +0200] "GET /2024/10/10/free-online-ports-play-gambling-establishment-slots-for-fun/ HTTP/1.1" 200 50027 "-" "Mozilla/5.0 (compatible; DotBot/1.2; +https://opensiteexplorer.org/dotbot; help@moz.com)"
216.244.66.250 - - [16/Sep/2025:09:08:28 +0200] "GET /category/blog/page/9/ HTTP/1.1" 200 57689 "-" "Mozilla/5.0 (compatible; DotBot/1.2; +https://opensiteexplorer.org/dotbot; help@moz.com)"
216.244.66.250 - - [16/Sep/2025:09:08:55 +0200] "GET /category/uncategorized/page/2455/ HTTP/1.1" 200 58530 "-" "Mozilla/5.0 (compatible; DotBot/1.2; +https://opensiteexplorer.org/dotbot; help@moz.com)"
216.244.66.250 - - [16/Sep/2025:09:09:23 +0200] "GET /category/uncategorized/page/2746/ HTTP/1.1" 200 59037 "-" "Mozilla/5.0 (compatible; DotBot/1.2; +https://opensiteexplorer.org/dotbot; help@moz.com)"
216.244.66.250 - - [16/Sep/2025:09:09:51 +0200] "GET /category/uncategorized/page/4774/ HTTP/1.1" 200 59452 "-" "Mozilla/5.0 (compatible; DotBot/1.2; +https://opensiteexplorer.org/dotbot; help@moz.com)"
216.244.66.250 - - [16/Sep/2025:09:10:16 +0200] "GET /category/uncategorized/page/5352/ HTTP/1.1" 200 58704 "-" "Mozilla/5.0 (compatible; DotBot/1.2; +https://opensiteexplorer.org/dotbot; help@moz.com)"
207.46.13.229 - - [16/Sep/2025:09:26:38 +0200] "GET /robots.txt HTTP/1.1" 404 41191 "-" "Mozilla/5.0 AppleWebKit/537.36 (KHTML, like Gecko; compatible; bingbot/2.0; +http://www.bing.com/bingbot.htm) Chrome/116.0.1938.76 Safari/537.36"
52.167.144.225 - - [16/Sep/2025:09:26:44 +0200] "GET /2022/09/14/online-gaming-addiction HTTP/1.1" 301 - "-" "Mozilla/5.0 AppleWebKit/537.36 (KHTML, like Gecko; compatible; bingbot/2.0; +http://www.bing.com/bingbot.htm) Chrome/116.0.1938.76 Safari/537.36"
216.244.66.250 - - [16/Sep/2025:09:29:36 +0200] "GET /robots.txt HTTP/1.1" 404 41191 "-" "Mozilla/5.0 (compatible; DotBot/1.2; +https://opensiteexplorer.org/dotbot; help@moz.com)"
216.244.66.250 - - [16/Sep/2025:09:32:46 +0200] "GET /2023/06/25/the-important-thing-to-uae-women/ HTTP/1.1" 200 53133 "-" "Mozilla/5.0 (compatible; DotBot/1.2; +https://opensiteexplorer.org/dotbot; help@moz.com)"
216.244.66.250 - - [16/Sep/2025:09:32:55 +0200] "GET /2023/08/05/totally-free-harbors/ HTTP/1.1" 200 50798 "-" "Mozilla/5.0 (compatible; DotBot/1.2; +https://opensiteexplorer.org/dotbot; help@moz.com)"
216.244.66.250 - - [16/Sep/2025:09:33:08 +0200] "GET /2023/05/24/root-aspects-for-illustrative-math-the-options/ HTTP/1.1" 200 47965 "-" "Mozilla/5.0 (compatible; DotBot/1.2; +https://opensiteexplorer.org/dotbot; help@moz.com)"
216.244.66.250 - - [16/Sep/2025:09:33:29 +0200] "GET /2023/07/07/uganda-men-and-women-search-quickly-to-possess/ HTTP/1.1" 200 51514 "-" "Mozilla/5.0 (compatible; DotBot/1.2; +https://opensiteexplorer.org/dotbot; help@moz.com)"
216.244.66.250 - - [16/Sep/2025:09:33:48 +0200] "GET /2023/09/06/camsoda-review-safe-and-legit-heres-my-take/ HTTP/1.1" 200 53935 "-" "Mozilla/5.0 (compatible; DotBot/1.2; +https://opensiteexplorer.org/dotbot; help@moz.com)"
216.244.66.250 - - [16/Sep/2025:09:34:05 +0200] "GET /2023/09/19/prime-15-adult-cam-websites-for-one-of-the-best-cam-girl-shows-2023-updated/ HTTP/1.1" 200 55716 "-" "Mozilla/5.0 (compatible; DotBot/1.2; +https://opensiteexplorer.org/dotbot; help@moz.com)"
216.244.66.250 - - [16/Sep/2025:09:34:20 +0200] "GET /2023/12/22/top-ten-a-real-income-online-have-a-glance-at-the-website-slots-finest-slot-games-2023/ HTTP/1.1" 200 52065 "-" "Mozilla/5.0 (compatible; DotBot/1.2; +https://opensiteexplorer.org/dotbot; help@moz.com)"
216.244.66.250 - - [16/Sep/2025:09:34:35 +0200] "GET /2024/03/30/greatest-no-deposit-local-casino-incentives-2024/ HTTP/1.1" 200 52557 "-" "Mozilla/5.0 (compatible; DotBot/1.2; +https://opensiteexplorer.org/dotbot; help@moz.com)"
216.244.66.250 - - [16/Sep/2025:09:34:48 +0200] "GET /2024/04/22/gamble-100-percent-free-ports-on-line-finest-vegas-gambling-establishment-slot-demos/ HTTP/1.1" 200 51807 "-" "Mozilla/5.0 (compatible; DotBot/1.2; +https://opensiteexplorer.org/dotbot; help@moz.com)"
216.244.66.250 - - [16/Sep/2025:09:35:02 +0200] "GET /2024/04/26/book-of-dead-online-spielbank-gebuhrenfrei-and-uber-echtgeld-spielen/ HTTP/1.1" 200 53037 "-" "Mozilla/5.0 (compatible; DotBot/1.2; +https://opensiteexplorer.org/dotbot; help@moz.com)"
216.244.66.250 - - [16/Sep/2025:09:35:14 +0200] "GET /2024/05/01/book-of-ra-isoftbet-spielautomatenspiele-fixed-casinos/ HTTP/1.1" 200 50936 "-" "Mozilla/5.0 (compatible; DotBot/1.2; +https://opensiteexplorer.org/dotbot; help@moz.com)"
216.244.66.250 - - [16/Sep/2025:09:35:26 +0200] "GET /2024/05/03/sunmaker-spielsaal-provision-vergibt-15-ecu-fur-nusse/ HTTP/1.1" 200 53228 "-" "Mozilla/5.0 (compatible; DotBot/1.2; +https://opensiteexplorer.org/dotbot; help@moz.com)"
216.244.66.250 - - [16/Sep/2025:09:35:37 +0200] "GET /2024/05/07/best-100-percent-free-revolves-no-deposit-2/ HTTP/1.1" 200 51434 "-" "Mozilla/5.0 (compatible; DotBot/1.2; +https://opensiteexplorer.org/dotbot; help@moz.com)"
216.244.66.250 - - [16/Sep/2025:09:35:47 +0200] "GET /2024/05/09/triple-twice-diamond-casino-slot-games-by-the/ HTTP/1.1" 200 51890 "-" "Mozilla/5.0 (compatible; DotBot/1.2; +https://opensiteexplorer.org/dotbot; help@moz.com)"
216.244.66.250 - - [16/Sep/2025:09:35:59 +0200] "GET /2024/06/24/dine-sundhedsdata/ HTTP/1.1" 200 49157 "-" "Mozilla/5.0 (compatible; DotBot/1.2; +https://opensiteexplorer.org/dotbot; help@moz.com)"
216.244.66.250 - - [16/Sep/2025:09:36:19 +0200] "GET /2024/08/20/simple-tips-to-gamble-totally-free-wager-black-jack/ HTTP/1.1" 200 53667 "-" "Mozilla/5.0 (compatible; DotBot/1.2; +https://opensiteexplorer.org/dotbot; help@moz.com)"
216.244.66.250 - - [16/Sep/2025:09:36:36 +0200] "GET /2024/09/09/gamble-free-slots-no-deposit-at-the-madslots-gambling-establishment-2024/ HTTP/1.1" 200 51689 "-" "Mozilla/5.0 (compatible; DotBot/1.2; +https://opensiteexplorer.org/dotbot; help@moz.com)"
216.244.66.250 - - [16/Sep/2025:09:36:51 +0200] "GET /2024/09/29/magic-powers-megaways-tragamonedas-moviles-desplazandolo-hacia-el-pelo-rtp-brahman-colombia/ HTTP/1.1" 200 56910 "-" "Mozilla/5.0 (compatible; DotBot/1.2; +https://opensiteexplorer.org/dotbot; help@moz.com)"
216.244.66.250 - - [16/Sep/2025:09:37:06 +0200] "GET /2024/10/15/chilli-festival-on-the-internet-slot-opinion-and-you-can-totally-free-enjoy-here/ HTTP/1.1" 200 54572 "-" "Mozilla/5.0 (compatible; DotBot/1.2; +https://opensiteexplorer.org/dotbot; help@moz.com)"
216.244.66.250 - - [16/Sep/2025:09:37:25 +0200] "GET /2024/10/21/100-kitties-slot-machine-game-to-cubes-2-mobile-slot-try-out-free/ HTTP/1.1" 200 53141 "-" "Mozilla/5.0 (compatible; DotBot/1.2; +https://opensiteexplorer.org/dotbot; help@moz.com)"
216.244.66.250 - - [16/Sep/2025:09:37:42 +0200] "GET /2024/10/26/egyptian-video-slot-ten-odds-of-winning-joker-8000-finest-egyptian-styled-slots-inside-2024/ HTTP/1.1" 200 56357 "-" "Mozilla/5.0 (compatible; DotBot/1.2; +https://opensiteexplorer.org/dotbot; help@moz.com)"
216.244.66.250 - - [16/Sep/2025:09:37:58 +0200] "GET /2024/10/28/mit-taschentelefon-inoffizieller-mitarbeiter-verbunden-kasino-einlosen-berechnung-2024/ HTTP/1.1" 200 54525 "-" "Mozilla/5.0 (compatible; DotBot/1.2; +https://opensiteexplorer.org/dotbot; help@moz.com)"
216.244.66.250 - - [16/Sep/2025:09:38:13 +0200] "GET /2024/10/29/simulador-sobre-ruleta-sin-cargo-en-linea/ HTTP/1.1" 200 57440 "-" "Mozilla/5.0 (compatible; DotBot/1.2; +https://opensiteexplorer.org/dotbot; help@moz.com)"
82.147.88.87 - - [16/Sep/2025:09:38:22 +0200] "GET /2024/12/01/start-your-current-on-collection-casino-encounter-along-with-casino-zero-downpayment-added-bonus-codes-2024-198/ HTTP/1.0" 200 58393 "-" "Mozilla/5.0 (Windows NT 10.0; Win64; x64) AppleWebKit/537.36 (KHTML, like Gecko) Chrome/118.0.0.0 Safari/537.36"
216.244.66.250 - - [16/Sep/2025:09:38:27 +0200] "GET /2024/11/05/doborowe-bonusy-wyjawszy-depozytu-najlepsze-oferty-w-naszym-kraju/ HTTP/1.1" 200 54841 "-" "Mozilla/5.0 (compatible; DotBot/1.2; +https://opensiteexplorer.org/dotbot; help@moz.com)"
216.244.66.250 - - [16/Sep/2025:09:38:40 +0200] "GET /2024/11/07/tu-cazinouri-online-top-casino-in-2024/ HTTP/1.1" 200 53535 "-" "Mozilla/5.0 (compatible; DotBot/1.2; +https://opensiteexplorer.org/dotbot; help@moz.com)"
216.244.66.250 - - [16/Sep/2025:09:38:51 +0200] "GET /2024/11/10/jacks-or-best-mamma-mia-online-slot-review-optimal-means/ HTTP/1.1" 200 56007 "-" "Mozilla/5.0 (compatible; DotBot/1.2; +https://opensiteexplorer.org/dotbot; help@moz.com)"
216.244.66.250 - - [16/Sep/2025:09:39:03 +0200] "GET /2024/11/12/gambling-inside-moldova/ HTTP/1.1" 200 51411 "-" "Mozilla/5.0 (compatible; DotBot/1.2; +https://opensiteexplorer.org/dotbot; help@moz.com)"
216.244.66.250 - - [16/Sep/2025:09:39:15 +0200] "GET /2024/11/25/20-legit-games-on-the-net-you-to-pay-stash-of-the-titans-win-a-real-income-2023/ HTTP/1.1" 200 54521 "-" "Mozilla/5.0 (compatible; DotBot/1.2; +https://opensiteexplorer.org/dotbot; help@moz.com)"
216.244.66.250 - - [16/Sep/2025:09:39:25 +0200] "GET /2024/11/30/finest-free-spins-gambling-enterprises-november-2024-no-deposit-harbors/ HTTP/1.1" 200 50400 "-" "Mozilla/5.0 (compatible; DotBot/1.2; +https://opensiteexplorer.org/dotbot; help@moz.com)"
216.244.66.250 - - [16/Sep/2025:09:39:34 +0200] "GET /2024/12/02/enjoy-free-online-lost-island-1-deposit-casino-games-on-line-greatest-slot-table-online-game-2024/ HTTP/1.1" 200 55577 "-" "Mozilla/5.0 (compatible; DotBot/1.2; +https://opensiteexplorer.org/dotbot; help@moz.com)"
216.244.66.250 - - [16/Sep/2025:09:39:42 +0200] "GET /2023/07/02/anime-torrents-the-best-torrent-sites-for-downloading-anime-2/ HTTP/1.1" 200 60183 "-" "Mozilla/5.0 (compatible; DotBot/1.2; +https://opensiteexplorer.org/dotbot; help@moz.com)"
216.244.66.250 - - [16/Sep/2025:09:39:50 +0200] "GET /2023/11/14/intercity-express-spielbank-25-eur-pramie-exklusive-einzahlung-50-fur-nusse-spins/ HTTP/1.1" 200 52053 "-" "Mozilla/5.0 (compatible; DotBot/1.2; +https://opensiteexplorer.org/dotbot; help@moz.com)"
216.244.66.250 - - [16/Sep/2025:09:39:57 +0200] "GET /2024/01/15/how-to-proceed-some-other-requires-than-the-mate/ HTTP/1.1" 200 50862 "-" "Mozilla/5.0 (compatible; DotBot/1.2; +https://opensiteexplorer.org/dotbot; help@moz.com)"
216.244.66.250 - - [16/Sep/2025:09:40:04 +0200] "GET /2024/01/24/cleopatra-as-how-to-win-at-quick-hit-slots-well-as-video-slot/ HTTP/1.1" 200 51948 "-" "Mozilla/5.0 (compatible; DotBot/1.2; +https://opensiteexplorer.org/dotbot; help@moz.com)"
216.244.66.250 - - [16/Sep/2025:09:40:10 +0200] "GET /2024/02/22/greatest-no-deposit-bonuses-and-rules-2024-united-states-casinos-on-the-internet/ HTTP/1.1" 200 52546 "-" "Mozilla/5.0 (compatible; DotBot/1.2; +https://opensiteexplorer.org/dotbot; help@moz.com)"
216.244.66.250 - - [16/Sep/2025:09:40:18 +0200] "GET /2024/05/09/300-totally-free-spins-no-put-required/ HTTP/1.1" 200 52842 "-" "Mozilla/5.0 (compatible; DotBot/1.2; +https://opensiteexplorer.org/dotbot; help@moz.com)"
216.244.66.250 - - [16/Sep/2025:09:40:24 +0200] "GET /2024/05/20/kansspelbelastin-kroon-casino-oranje-casino-storten-bonus-schijn-koningskroon-casino-fiyat-acil-cilingir-corlunun-lider-cilingir-servisi/ HTTP/1.1" 200 53563 "-" "Mozilla/5.0 (compatible; DotBot/1.2; +https://opensiteexplorer.org/dotbot; help@moz.com)"
216.244.66.250 - - [16/Sep/2025:09:40:30 +0200] "GET /2024/06/25/rotiri-gratuite-si-spinuri-gratuit-ce-vlad-cazino/ HTTP/1.1" 200 53003 "-" "Mozilla/5.0 (compatible; DotBot/1.2; +https://opensiteexplorer.org/dotbot; help@moz.com)"
216.244.66.250 - - [16/Sep/2025:09:40:36 +0200] "GET /2024/10/14/les-grands-gratification-sans-nul-archive-les-casinos-crypto-sauf-que-bitcoin-2024/ HTTP/1.1" 200 57144 "-" "Mozilla/5.0 (compatible; DotBot/1.2; +https://opensiteexplorer.org/dotbot; help@moz.com)"
216.244.66.250 - - [16/Sep/2025:09:40:43 +0200] "GET /2024/10/21/online-position-analysis-2024-come-across-best-50-free-spins-on-zombies-no-deposit-slot-machines/ HTTP/1.1" 200 53584 "-" "Mozilla/5.0 (compatible; DotBot/1.2; +https://opensiteexplorer.org/dotbot; help@moz.com)"
216.244.66.250 - - [16/Sep/2025:09:40:49 +0200] "GET /2024/10/24/freispiele-blos-einzahlung-2021-lotsen-nach-free-spins-no-anzahlung-2021/ HTTP/1.1" 200 57868 "-" "Mozilla/5.0 (compatible; DotBot/1.2; +https://opensiteexplorer.org/dotbot; help@moz.com)"
216.244.66.250 - - [16/Sep/2025:09:40:55 +0200] "GET /2024/10/30/better-step-1-put-gambling-enterprises-inside-the-nz-step-one-buck-bonuses-inside-the-oct/ HTTP/1.1" 200 55076 "-" "Mozilla/5.0 (compatible; DotBot/1.2; +https://opensiteexplorer.org/dotbot; help@moz.com)"
216.244.66.250 - - [16/Sep/2025:09:41:01 +0200] "GET /2024/11/03/have-fun-with-the-all-fruits-hd-slot-machine-dog-household-megaways-slot-demonstration-by-pragmatic-play/ HTTP/1.1" 200 54671 "-" "Mozilla/5.0 (compatible; DotBot/1.2; +https://opensiteexplorer.org/dotbot; help@moz.com)"
216.244.66.250 - - [16/Sep/2025:09:41:07 +0200] "GET /2024/11/11/dominance-real-time-real-money-how-to-win-in-the-pokies-setting/ HTTP/1.1" 200 52605 "-" "Mozilla/5.0 (compatible; DotBot/1.2; +https://opensiteexplorer.org/dotbot; help@moz.com)"
216.244.66.250 - - [16/Sep/2025:09:41:13 +0200] "GET /2024/11/12/1-einzahlen-spielbank-unsereins-listen-samtliche-1-eur-mindesteinzahlung-casinos/ HTTP/1.1" 200 52866 "-" "Mozilla/5.0 (compatible; DotBot/1.2; +https://opensiteexplorer.org/dotbot; help@moz.com)"
216.244.66.250 - - [16/Sep/2025:09:41:19 +0200] "GET /2024/11/12/best-bonanza-1-deposit-online-casino-inside-canada-ranked-to-own-2024/ HTTP/1.1" 200 55597 "-" "Mozilla/5.0 (compatible; DotBot/1.2; +https://opensiteexplorer.org/dotbot; help@moz.com)"
216.244.66.250 - - [16/Sep/2025:09:41:26 +0200] "GET /2024/11/12/finest-online-casino-palace-of-chance-100-casinos-in-australia-greatest-online-gambling-sites-for-real-money-to-have-australians/ HTTP/1.1" 200 56315 "-" "Mozilla/5.0 (compatible; DotBot/1.2; +https://opensiteexplorer.org/dotbot; help@moz.com)"
216.244.66.250 - - [16/Sep/2025:09:41:32 +0200] "GET /2024/11/12/roulette-on-the-web-regulations-books-tips-roulette-casinos/ HTTP/1.1" 200 50832 "-" "Mozilla/5.0 (compatible; DotBot/1.2; +https://opensiteexplorer.org/dotbot; help@moz.com)"
216.244.66.250 - - [16/Sep/2025:09:41:39 +0200] "GET /2024/11/20/sheer-platinum-slot-machine-game-play-totally-free-casino-game-online-by-microgaming/ HTTP/1.1" 200 51388 "-" "Mozilla/5.0 (compatible; DotBot/1.2; +https://opensiteexplorer.org/dotbot; help@moz.com)"
216.244.66.250 - - [16/Sep/2025:09:41:46 +0200] "GET /2024/12/03/njn-kokonaispeliraha-kasvoi-10-4-percent-huhtikuussa-henkilokohtaiset-paikalliset-kasinon-voitot-laskivat/ HTTP/1.1" 200 52210 "-" "Mozilla/5.0 (compatible; DotBot/1.2; +https://opensiteexplorer.org/dotbot; help@moz.com)"
216.244.66.250 - - [16/Sep/2025:09:41:52 +0200] "GET /2024/12/02/better-bitcoin-and-you-may-crypto-casino-sites-better-casino-african-sunset-crypto-gambling-enterprises/ HTTP/1.1" 200 58155 "-" "Mozilla/5.0 (compatible; DotBot/1.2; +https://opensiteexplorer.org/dotbot; help@moz.com)"
216.244.66.250 - - [16/Sep/2025:09:41:58 +0200] "GET /2023/06/05/green-porno-theater-evaluate/feed/ HTTP/1.1" 200 897 "-" "Mozilla/5.0 (compatible; DotBot/1.2; +https://opensiteexplorer.org/dotbot; help@moz.com)"
216.244.66.250 - - [16/Sep/2025:09:42:26 +0200] "GET /2023/06/25/10-best-relationship-sites-for-individuals-over-50-to-find-love/feed/ HTTP/1.1" 200 1002 "-" "Mozilla/5.0 (compatible; DotBot/1.2; +https://opensiteexplorer.org/dotbot; help@moz.com)"
216.244.66.250 - - [16/Sep/2025:09:42:37 +0200] "GET /2023/08/11/finest-egyptian-themed-ports/feed/ HTTP/1.1" 200 897 "-" "Mozilla/5.0 (compatible; DotBot/1.2; +https://opensiteexplorer.org/dotbot; help@moz.com)"
216.244.66.250 - - [16/Sep/2025:09:42:48 +0200] "GET /2024/02/26/the-new-no-cryptologic-slot-games-deposit-incentive-codes/feed/ HTTP/1.1" 200 984 "-" "Mozilla/5.0 (compatible; DotBot/1.2; +https://opensiteexplorer.org/dotbot; help@moz.com)"
216.244.66.250 - - [16/Sep/2025:09:42:59 +0200] "GET /2024/04/24/play-uks-better-on-line-slot-online-game/feed/ HTTP/1.1" 200 940 "-" "Mozilla/5.0 (compatible; DotBot/1.2; +https://opensiteexplorer.org/dotbot; help@moz.com)"
216.244.66.250 - - [16/Sep/2025:09:43:12 +0200] "GET /2024/04/24/vision-of-horus-free-play-within-the-trial-function/feed/ HTTP/1.1" 200 966 "-" "Mozilla/5.0 (compatible; DotBot/1.2; +https://opensiteexplorer.org/dotbot; help@moz.com)"
216.244.66.250 - - [16/Sep/2025:09:43:23 +0200] "GET /2024/04/26/book-of-dead-online-spielbank-gebuhrenfrei-and-uber-echtgeld-spielen/feed/ HTTP/1.1" 200 1019 "-" "Mozilla/5.0 (compatible; DotBot/1.2; +https://opensiteexplorer.org/dotbot; help@moz.com)"
216.244.66.250 - - [16/Sep/2025:09:43:34 +0200] "GET /2024/05/02/poker-world-jogo-online-engano-sobre-minijogos-combr/feed/ HTTP/1.1" 200 969 "-" "Mozilla/5.0 (compatible; DotBot/1.2; +https://opensiteexplorer.org/dotbot; help@moz.com)"
216.244.66.250 - - [16/Sep/2025:09:43:45 +0200] "GET /2024/05/04/10-greatest-csgo-gaming-websites-within-the-2023/feed/ HTTP/1.1" 200 957 "-" "Mozilla/5.0 (compatible; DotBot/1.2; +https://opensiteexplorer.org/dotbot; help@moz.com)"
216.244.66.250 - - [16/Sep/2025:09:43:57 +0200] "GET /2024/05/06/sloturi-online-degeaba-2023/feed/ HTTP/1.1" 200 894 "-" "Mozilla/5.0 (compatible; DotBot/1.2; +https://opensiteexplorer.org/dotbot; help@moz.com)"
216.244.66.250 - - [16/Sep/2025:09:44:08 +0200] "GET /2024/05/08/spend-having-mobile-borrowing-gambling-establishment/feed/ HTTP/1.1" 200 969 "-" "Mozilla/5.0 (compatible; DotBot/1.2; +https://opensiteexplorer.org/dotbot; help@moz.com)"
216.244.66.250 - - [16/Sep/2025:09:44:30 +0200] "GET /2024/09/30/play-18900-free-online-gambling-games-zero-obtain/feed/ HTTP/1.1" 200 962 "-" "Mozilla/5.0 (compatible; DotBot/1.2; +https://opensiteexplorer.org/dotbot; help@moz.com)"
216.244.66.250 - - [16/Sep/2025:09:44:51 +0200] "GET /2024/10/06/samba-slots-melhores-jogos-para-alcancar-bagarote/feed/ HTTP/1.1" 200 962 "-" "Mozilla/5.0 (compatible; DotBot/1.2; +https://opensiteexplorer.org/dotbot; help@moz.com)"
216.244.66.250 - - [16/Sep/2025:09:45:09 +0200] "GET /2024/10/27/promo-sourcecode-fur-jedes-online-casinos-blos-einzahlung-oktober-2024/feed/ HTTP/1.1" 200 1025 "-" "Mozilla/5.0 (compatible; DotBot/1.2; +https://opensiteexplorer.org/dotbot; help@moz.com)"
216.244.66.250 - - [16/Sep/2025:09:45:26 +0200] "GET /2023/12/26/mobile-harbors-what-mobile-software-rich-castle-slot-can-be-obtained-for-to-experience-slots/feed/ HTTP/1.1" 200 1091 "-" "Mozilla/5.0 (compatible; DotBot/1.2; +https://opensiteexplorer.org/dotbot; help@moz.com)"
216.244.66.250 - - [16/Sep/2025:09:45:42 +0200] "GET /2024/01/21/better-us-real-cash-internet-white-rabbit-slot-casino-internet-sites-january-2024/feed/ HTTP/1.1" 200 1056 "-" "Mozilla/5.0 (compatible; DotBot/1.2; +https://opensiteexplorer.org/dotbot; help@moz.com)"
216.244.66.250 - - [16/Sep/2025:09:45:57 +0200] "GET /2024/03/13/mr-bet-disagio-10-euroletten-400-prozent-bonus-casino-willkommensbonus-spielsaal-freispiele-unsre-2023-erziehung/feed/ HTTP/1.1" 200 1156 "-" "Mozilla/5.0 (compatible; DotBot/1.2; +https://opensiteexplorer.org/dotbot; help@moz.com)"
216.244.66.250 - - [16/Sep/2025:09:46:11 +0200] "GET /2024/03/22/mega-moolah-position-twist-and-website-link-win-as-much-as-one-million-cash/feed/ HTTP/1.1" 200 1039 "-" "Mozilla/5.0 (compatible; DotBot/1.2; +https://opensiteexplorer.org/dotbot; help@moz.com)"
216.244.66.250 - - [16/Sep/2025:09:46:24 +0200] "GET /2024/05/01/online-scratchmania-7-euro-koningsgezin-gokhuis-vermoedelijk-kosteloos-gokhal-nederlandse/feed/ HTTP/1.1" 200 1080 "-" "Mozilla/5.0 (compatible; DotBot/1.2; +https://opensiteexplorer.org/dotbot; help@moz.com)"
216.244.66.250 - - [16/Sep/2025:09:46:37 +0200] "GET /2024/10/07/free-internet-games-web-sites-online-game-web-sites-gamble-puzzles-notes-mind-video-game/feed/ HTTP/1.1" 200 1080 "-" "Mozilla/5.0 (compatible; DotBot/1.2; +https://opensiteexplorer.org/dotbot; help@moz.com)"
216.244.66.250 - - [16/Sep/2025:09:46:48 +0200] "GET /2024/10/28/the-100-free-spins-no-deposit-big-bass-bonanza-brand-new-october-2024-gambling-enterprises/feed/ HTTP/1.1" 200 1084 "-" "Mozilla/5.0 (compatible; DotBot/1.2; +https://opensiteexplorer.org/dotbot; help@moz.com)"
216.244.66.250 - - [16/Sep/2025:09:47:00 +0200] "GET /2024/11/03/better-gambling-establishment-websites-one-accept-casino-with-paysafecard-deposit-muchbetter/feed/ HTTP/1.1" 200 1089 "-" "Mozilla/5.0 (compatible; DotBot/1.2; +https://opensiteexplorer.org/dotbot; help@moz.com)"
216.244.66.250 - - [16/Sep/2025:09:47:12 +0200] "GET /2024/04/29/instalaciones-tragamonedas-cleopatra-unique-casino-vip-bonus-casino-los-superiores-casinos-en-internet-en-de-cualquier-parte-del-mundo-regalado-echtgeld-falto-liberar-oposiciones-en-correos-2022/feed/ HTTP/1.1" 200 1395 "-" "Mozilla/5.0 (compatible; DotBot/1.2; +https://opensiteexplorer.org/dotbot; help@moz.com)"
85.208.98.23 - - [16/Sep/2025:09:47:50 +0200] "GET /robots.txt HTTP/1.1" 404 41191 "-" "Mozilla/5.0 (compatible; SemrushBot-BA; +http://www.semrush.com/bot.html)"
216.244.66.250 - - [16/Sep/2025:09:48:44 +0200] "GET /category/uncategorized/page/12128/ HTTP/1.1" 200 58666 "-" "Mozilla/5.0 (compatible; DotBot/1.2; +https://opensiteexplorer.org/dotbot; help@moz.com)"
216.244.66.250 - - [16/Sep/2025:09:49:10 +0200] "GET /category/uncategorized/page/15861/ HTTP/1.1" 200 59310 "-" "Mozilla/5.0 (compatible; DotBot/1.2; +https://opensiteexplorer.org/dotbot; help@moz.com)"
216.244.66.250 - - [16/Sep/2025:09:49:34 +0200] "GET /category/uncategorized/page/2565/ HTTP/1.1" 200 59189 "-" "Mozilla/5.0 (compatible; DotBot/1.2; +https://opensiteexplorer.org/dotbot; help@moz.com)"
216.244.66.250 - - [16/Sep/2025:09:49:57 +0200] "GET /category/uncategorized/page/2634/ HTTP/1.1" 200 59618 "-" "Mozilla/5.0 (compatible; DotBot/1.2; +https://opensiteexplorer.org/dotbot; help@moz.com)"
216.244.66.250 - - [16/Sep/2025:09:50:19 +0200] "GET /category/uncategorized/page/2682/ HTTP/1.1" 200 65450 "-" "Mozilla/5.0 (compatible; DotBot/1.2; +https://opensiteexplorer.org/dotbot; help@moz.com)"
216.244.66.250 - - [16/Sep/2025:09:50:40 +0200] "GET /category/uncategorized/page/4593/ HTTP/1.1" 200 59422 "-" "Mozilla/5.0 (compatible; DotBot/1.2; +https://opensiteexplorer.org/dotbot; help@moz.com)"
216.244.66.250 - - [16/Sep/2025:09:51:00 +0200] "GET /category/uncategorized/page/5034/ HTTP/1.1" 200 58694 "-" "Mozilla/5.0 (compatible; DotBot/1.2; +https://opensiteexplorer.org/dotbot; help@moz.com)"
216.244.66.250 - - [16/Sep/2025:09:51:30 +0200] "GET /category/uncategorized/page/5085/ HTTP/1.1" 200 58724 "-" "Mozilla/5.0 (compatible; DotBot/1.2; +https://opensiteexplorer.org/dotbot; help@moz.com)"
216.244.66.250 - - [16/Sep/2025:09:51:57 +0200] "GET /category/uncategorized/page/5347/ HTTP/1.1" 200 59392 "-" "Mozilla/5.0 (compatible; DotBot/1.2; +https://opensiteexplorer.org/dotbot; help@moz.com)"
216.244.66.250 - - [16/Sep/2025:09:52:24 +0200] "GET /category/uncategorized/page/1063/ HTTP/1.1" 200 59252 "-" "Mozilla/5.0 (compatible; DotBot/1.2; +https://opensiteexplorer.org/dotbot; help@moz.com)"
216.244.66.250 - - [16/Sep/2025:09:52:49 +0200] "GET /category/uncategorized/page/1219/ HTTP/1.1" 200 59399 "-" "Mozilla/5.0 (compatible; DotBot/1.2; +https://opensiteexplorer.org/dotbot; help@moz.com)"
216.244.66.250 - - [16/Sep/2025:09:53:14 +0200] "GET /category/uncategorized/page/16927/ HTTP/1.1" 200 58628 "-" "Mozilla/5.0 (compatible; DotBot/1.2; +https://opensiteexplorer.org/dotbot; help@moz.com)"
216.244.66.250 - - [16/Sep/2025:09:53:39 +0200] "GET /category/uncategorized/page/17367/ HTTP/1.1" 200 58281 "-" "Mozilla/5.0 (compatible; DotBot/1.2; +https://opensiteexplorer.org/dotbot; help@moz.com)"
216.244.66.250 - - [16/Sep/2025:09:54:04 +0200] "GET /category/uncategorized/page/2549/ HTTP/1.1" 200 59000 "-" "Mozilla/5.0 (compatible; DotBot/1.2; +https://opensiteexplorer.org/dotbot; help@moz.com)"
216.244.66.250 - - [16/Sep/2025:09:54:27 +0200] "GET /category/uncategorized/page/5158/ HTTP/1.1" 200 58915 "-" "Mozilla/5.0 (compatible; DotBot/1.2; +https://opensiteexplorer.org/dotbot; help@moz.com)"
216.244.66.250 - - [16/Sep/2025:09:54:49 +0200] "GET /category/uncategorized/page/5526/ HTTP/1.1" 200 58634 "-" "Mozilla/5.0 (compatible; DotBot/1.2; +https://opensiteexplorer.org/dotbot; help@moz.com)"
216.244.66.250 - - [16/Sep/2025:09:55:10 +0200] "GET /2024/11/19/bet365-spielsaal-bonus-code-voucher-november-2024/ HTTP/1.1" 200 51981 "-" "Mozilla/5.0 (compatible; DotBot/1.2; +https://opensiteexplorer.org/dotbot; help@moz.com)"
85.208.98.23 - - [16/Sep/2025:09:57:31 +0200] "GET /robots.txt HTTP/1.1" 404 41191 "-" "Mozilla/5.0 (compatible; SemrushBot-BA; +http://www.semrush.com/bot.html)"
95.181.233.22 - - [16/Sep/2025:10:08:44 +0200] "POST /xmlrpc.php HTTP/1.1" 200 403 "-" "Mozilla/5.0 (Windows NT 10.0; WOW64; rv:45.0) Gecko/20100101 Firefox/45.0"
95.181.233.22 - - [16/Sep/2025:10:08:48 +0200] "POST /xmlrpc.php HTTP/1.1" 200 403 "-" "Mozilla/5.0 (Windows NT 10.0; WOW64; rv:45.0) Gecko/20100101 Firefox/45.0"
216.244.66.250 - - [16/Sep/2025:10:14:34 +0200] "GET /robots.txt HTTP/1.1" 404 41191 "-" "Mozilla/5.0 (compatible; DotBot/1.2; +https://opensiteexplorer.org/dotbot; help@moz.com)"
216.244.66.250 - - [16/Sep/2025:10:15:37 +0200] "GET /?p=44379 HTTP/1.1" 301 235 "-" "Mozilla/5.0 (compatible; DotBot/1.2; +https://opensiteexplorer.org/dotbot; help@moz.com)"
5.142.220.154 - - [16/Sep/2025:10:15:40 +0200] "GET /2024/09/21/exploring-abacus-market-links-a-guide-to-exploring-18-3/ HTTP/1.0" 200 362447 "http://kin.ami.rw/2024/09/21/exploring-abacus-market-links-a-guide-to-exploring-18-3/" "Mozilla/5.0 (Windows NT 10.0; Win64; x64) AppleWebKit/537.36 (KHTML, like Gecko) Chrome/129.0.0.0 Safari/537.36"
5.142.220.154 - - [16/Sep/2025:10:15:42 +0200] "POST /wp-comments-post.php HTTP/1.0" 302 - "http://kin.ami.rw/2024/09/21/exploring-abacus-market-links-a-guide-to-exploring-18-3/" "Mozilla/5.0 (Windows NT 10.0; Win64; x64) AppleWebKit/537.36 (KHTML, like Gecko) Chrome/129.0.0.0 Safari/537.36"
216.244.66.250 - - [16/Sep/2025:10:17:57 +0200] "GET /2023/10/15/factors-i-hate-ireland-women/ HTTP/1.1" 200 52985 "-" "Mozilla/5.0 (compatible; DotBot/1.2; +https://opensiteexplorer.org/dotbot; help@moz.com)"
216.244.66.250 - - [16/Sep/2025:10:18:04 +0200] "GET /2024/05/02/neue-verbunden-casinos-januar-2024/ HTTP/1.1" 200 53626 "-" "Mozilla/5.0 (compatible; DotBot/1.2; +https://opensiteexplorer.org/dotbot; help@moz.com)"
216.244.66.250 - - [16/Sep/2025:10:18:18 +0200] "GET /2024/05/21/barnyard-bonanza-slot-opinion-2024/ HTTP/1.1" 200 52745 "-" "Mozilla/5.0 (compatible; DotBot/1.2; +https://opensiteexplorer.org/dotbot; help@moz.com)"
216.244.66.250 - - [16/Sep/2025:10:18:29 +0200] "GET /2024/06/23/gokkasten-offlin-ervoor-in-poen/ HTTP/1.1" 200 50895 "-" "Mozilla/5.0 (compatible; DotBot/1.2; +https://opensiteexplorer.org/dotbot; help@moz.com)"
113.249.101.163 - - [16/Sep/2025:10:18:34 +0200] "GET /wp-login.php HTTP/1.1" 302 - "-" "Apache-HttpClient/4.5.2 (Java/1.8.0_161)"
113.249.101.163 - - [16/Sep/2025:10:18:38 +0200] "GET /?author=1 HTTP/1.1" 301 236 "-" "Apache-HttpClient/4.5.2 (Java/1.8.0_161)"
216.244.66.250 - - [16/Sep/2025:10:18:39 +0200] "GET /2024/10/30/playbonds-bingo-acessivel-online/ HTTP/1.1" 200 53968 "-" "Mozilla/5.0 (compatible; DotBot/1.2; +https://opensiteexplorer.org/dotbot; help@moz.com)"
216.244.66.250 - - [16/Sep/2025:10:18:48 +0200] "GET /2024/11/21/security-conclusion/ HTTP/1.1" 200 52395 "-" "Mozilla/5.0 (compatible; DotBot/1.2; +https://opensiteexplorer.org/dotbot; help@moz.com)"
216.244.66.250 - - [16/Sep/2025:10:18:56 +0200] "GET /2022/03/25/the-facts-about-1xbet-com-betting-company-online-sports-betting-revealed-2/ HTTP/1.1" 200 59017 "-" "Mozilla/5.0 (compatible; DotBot/1.2; +https://opensiteexplorer.org/dotbot; help@moz.com)"
216.244.66.250 - - [16/Sep/2025:10:19:34 +0200] "GET /2023/05/08/child-porn-charges-former-uwm-custodian-accused/ HTTP/1.1" 200 54348 "-" "Mozilla/5.0 (compatible; DotBot/1.2; +https://opensiteexplorer.org/dotbot; help@moz.com)"
216.244.66.250 - - [16/Sep/2025:10:20:07 +0200] "GET /2023/09/05/harbors-1-welcome-bonus-casino-site-reels-told-me/ HTTP/1.1" 200 52343 "-" "Mozilla/5.0 (compatible; DotBot/1.2; +https://opensiteexplorer.org/dotbot; help@moz.com)"
113.249.101.163 - - [16/Sep/2025:10:20:21 +0200] "GET /?author=2 HTTP/1.1" 301 236 "-" "Apache-HttpClient/4.5.2 (Java/1.8.0_161)"
113.249.101.163 - - [16/Sep/2025:10:20:23 +0200] "GET /?author=3 HTTP/1.1" 301 236 "-" "Apache-HttpClient/4.5.2 (Java/1.8.0_161)"
113.249.101.163 - - [16/Sep/2025:10:20:27 +0200] "GET /?author=4 HTTP/1.1" 301 236 "-" "Apache-HttpClient/4.5.2 (Java/1.8.0_161)"
113.249.101.163 - - [16/Sep/2025:10:20:29 +0200] "GET /?author=5 HTTP/1.1" 301 236 "-" "Apache-HttpClient/4.5.2 (Java/1.8.0_161)"
113.249.101.163 - - [16/Sep/2025:10:20:33 +0200] "GET /?author=6 HTTP/1.1" 301 236 "-" "Apache-HttpClient/4.5.2 (Java/1.8.0_161)"
113.249.101.163 - - [16/Sep/2025:10:20:35 +0200] "GET /?author=7 HTTP/1.1" 301 236 "-" "Apache-HttpClient/4.5.2 (Java/1.8.0_161)"
113.249.101.163 - - [16/Sep/2025:10:20:36 +0200] "GET /?author=8 HTTP/1.1" 301 236 "-" "Apache-HttpClient/4.5.2 (Java/1.8.0_161)"
113.249.101.163 - - [16/Sep/2025:10:20:38 +0200] "GET /?author=9 HTTP/1.1" 301 236 "-" "Apache-HttpClient/4.5.2 (Java/1.8.0_161)"
216.244.66.250 - - [16/Sep/2025:10:20:38 +0200] "GET /2023/11/20/spielautomaten-angeschlossen-gratis-blos-eintragung-inside-goxbet/ HTTP/1.1" 200 53456 "-" "Mozilla/5.0 (compatible; DotBot/1.2; +https://opensiteexplorer.org/dotbot; help@moz.com)"
113.249.101.163 - - [16/Sep/2025:10:20:40 +0200] "GET /?author=10 HTTP/1.1" 301 237 "-" "Apache-HttpClient/4.5.2 (Java/1.8.0_161)"
113.249.101.163 - - [16/Sep/2025:10:20:42 +0200] "GET /?author=11 HTTP/1.1" 301 237 "-" "Apache-HttpClient/4.5.2 (Java/1.8.0_161)"
113.249.101.163 - - [16/Sep/2025:10:20:43 +0200] "GET /?author=12 HTTP/1.1" 301 237 "-" "Apache-HttpClient/4.5.2 (Java/1.8.0_161)"
113.249.101.163 - - [16/Sep/2025:10:20:45 +0200] "GET /?author=13 HTTP/1.1" 301 237 "-" "Apache-HttpClient/4.5.2 (Java/1.8.0_161)"
113.249.101.163 - - [16/Sep/2025:10:20:47 +0200] "GET /?author=14 HTTP/1.1" 301 237 "-" "Apache-HttpClient/4.5.2 (Java/1.8.0_161)"
113.249.101.163 - - [16/Sep/2025:10:20:48 +0200] "GET /?author=15 HTTP/1.1" 301 237 "-" "Apache-HttpClient/4.5.2 (Java/1.8.0_161)"
113.249.101.163 - - [16/Sep/2025:10:20:50 +0200] "GET /?author=16 HTTP/1.1" 301 237 "-" "Apache-HttpClient/4.5.2 (Java/1.8.0_161)"
113.249.101.163 - - [16/Sep/2025:10:20:52 +0200] "GET /?author=17 HTTP/1.1" 301 237 "-" "Apache-HttpClient/4.5.2 (Java/1.8.0_161)"
113.249.101.163 - - [16/Sep/2025:10:20:53 +0200] "GET /?author=18 HTTP/1.1" 301 237 "-" "Apache-HttpClient/4.5.2 (Java/1.8.0_161)"
113.249.101.163 - - [16/Sep/2025:10:20:55 +0200] "GET /?author=19 HTTP/1.1" 301 237 "-" "Apache-HttpClient/4.5.2 (Java/1.8.0_161)"
113.249.101.163 - - [16/Sep/2025:10:20:57 +0200] "GET /?author=20 HTTP/1.1" 301 237 "-" "Apache-HttpClient/4.5.2 (Java/1.8.0_161)"
113.249.101.163 - - [16/Sep/2025:10:20:59 +0200] "GET /xmlrpc.php HTTP/1.1" 405 42 "-" "Apache-HttpClient/4.5.2 (Java/1.8.0_161)"
113.249.101.163 - - [16/Sep/2025:10:21:00 +0200] "POST /xmlrpc.php HTTP/1.1" 200 403 "-" "Apache-HttpClient/4.5.2 (Java/1.8.0_161)"
113.249.101.163 - - [16/Sep/2025:10:21:01 +0200] "POST /xmlrpc.php HTTP/1.1" 200 403 "-" "Apache-HttpClient/4.5.2 (Java/1.8.0_161)"
113.249.101.163 - - [16/Sep/2025:10:21:02 +0200] "POST /xmlrpc.php HTTP/1.1" 200 403 "-" "Apache-HttpClient/4.5.2 (Java/1.8.0_161)"
113.249.101.163 - - [16/Sep/2025:10:21:04 +0200] "POST /xmlrpc.php HTTP/1.1" 200 403 "-" "Apache-HttpClient/4.5.2 (Java/1.8.0_161)"
113.249.101.163 - - [16/Sep/2025:10:21:05 +0200] "POST /xmlrpc.php HTTP/1.1" 200 403 "-" "Apache-HttpClient/4.5.2 (Java/1.8.0_161)"
113.249.101.163 - - [16/Sep/2025:10:21:06 +0200] "POST /xmlrpc.php HTTP/1.1" 200 403 "-" "Apache-HttpClient/4.5.2 (Java/1.8.0_161)"
113.249.101.163 - - [16/Sep/2025:10:21:08 +0200] "POST /xmlrpc.php HTTP/1.1" 200 403 "-" "Apache-HttpClient/4.5.2 (Java/1.8.0_161)"
113.249.101.163 - - [16/Sep/2025:10:21:09 +0200] "POST /xmlrpc.php HTTP/1.1" 200 403 "-" "Apache-HttpClient/4.5.2 (Java/1.8.0_161)"
216.244.66.250 - - [16/Sep/2025:10:21:09 +0200] "GET /2024/01/30/voce-vai-adorar-os-jogos-valendo-veja-o-site-dinheiro-criancice-realidade-2022/ HTTP/1.1" 200 52741 "-" "Mozilla/5.0 (compatible; DotBot/1.2; +https://opensiteexplorer.org/dotbot; help@moz.com)"
113.249.101.163 - - [16/Sep/2025:10:21:10 +0200] "POST /xmlrpc.php HTTP/1.1" 200 403 "-" "Apache-HttpClient/4.5.2 (Java/1.8.0_161)"
113.249.101.163 - - [16/Sep/2025:10:21:12 +0200] "POST /xmlrpc.php HTTP/1.1" 200 403 "-" "Apache-HttpClient/4.5.2 (Java/1.8.0_161)"
113.249.101.163 - - [16/Sep/2025:10:21:14 +0200] "POST /xmlrpc.php HTTP/1.1" 200 403 "-" "Apache-HttpClient/4.5.2 (Java/1.8.0_161)"
113.249.101.163 - - [16/Sep/2025:10:21:15 +0200] "POST /xmlrpc.php HTTP/1.1" 200 403 "-" "Apache-HttpClient/4.5.2 (Java/1.8.0_161)"
113.249.101.163 - - [16/Sep/2025:10:21:16 +0200] "POST /xmlrpc.php HTTP/1.1" 200 403 "-" "Apache-HttpClient/4.5.2 (Java/1.8.0_161)"
113.249.101.163 - - [16/Sep/2025:10:21:18 +0200] "POST /xmlrpc.php HTTP/1.1" 200 403 "-" "Apache-HttpClient/4.5.2 (Java/1.8.0_161)"
113.249.101.163 - - [16/Sep/2025:10:21:19 +0200] "POST /xmlrpc.php HTTP/1.1" 200 403 "-" "Apache-HttpClient/4.5.2 (Java/1.8.0_161)"
113.249.101.163 - - [16/Sep/2025:10:21:20 +0200] "POST /xmlrpc.php HTTP/1.1" 200 403 "-" "Apache-HttpClient/4.5.2 (Java/1.8.0_161)"
113.249.101.163 - - [16/Sep/2025:10:21:21 +0200] "POST /xmlrpc.php HTTP/1.1" 200 403 "-" "Apache-HttpClient/4.5.2 (Java/1.8.0_161)"
113.249.101.163 - - [16/Sep/2025:10:21:22 +0200] "POST /xmlrpc.php HTTP/1.1" 200 403 "-" "Apache-HttpClient/4.5.2 (Java/1.8.0_161)"
113.249.101.163 - - [16/Sep/2025:10:21:24 +0200] "POST /xmlrpc.php HTTP/1.1" 200 403 "-" "Apache-HttpClient/4.5.2 (Java/1.8.0_161)"
113.249.101.163 - - [16/Sep/2025:10:21:25 +0200] "POST /xmlrpc.php HTTP/1.1" 200 403 "-" "Apache-HttpClient/4.5.2 (Java/1.8.0_161)"
113.249.101.163 - - [16/Sep/2025:10:21:26 +0200] "POST /xmlrpc.php HTTP/1.1" 200 403 "-" "Apache-HttpClient/4.5.2 (Java/1.8.0_161)"
113.249.101.163 - - [16/Sep/2025:10:21:28 +0200] "POST /xmlrpc.php HTTP/1.1" 200 403 "-" "Apache-HttpClient/4.5.2 (Java/1.8.0_161)"
113.249.101.163 - - [16/Sep/2025:10:21:29 +0200] "POST /xmlrpc.php HTTP/1.1" 200 403 "-" "Apache-HttpClient/4.5.2 (Java/1.8.0_161)"
113.249.101.163 - - [16/Sep/2025:10:21:33 +0200] "POST /xmlrpc.php HTTP/1.1" 200 403 "-" "Apache-HttpClient/4.5.2 (Java/1.8.0_161)"
113.249.101.163 - - [16/Sep/2025:10:21:34 +0200] "POST /xmlrpc.php HTTP/1.1" 200 403 "-" "Apache-HttpClient/4.5.2 (Java/1.8.0_161)"
113.249.101.163 - - [16/Sep/2025:10:21:36 +0200] "POST /xmlrpc.php HTTP/1.1" 200 403 "-" "Apache-HttpClient/4.5.2 (Java/1.8.0_161)"
113.249.101.163 - - [16/Sep/2025:10:21:37 +0200] "POST /xmlrpc.php HTTP/1.1" 200 403 "-" "Apache-HttpClient/4.5.2 (Java/1.8.0_161)"
113.249.101.163 - - [16/Sep/2025:10:21:38 +0200] "POST /xmlrpc.php HTTP/1.1" 200 403 "-" "Apache-HttpClient/4.5.2 (Java/1.8.0_161)"
216.244.66.250 - - [16/Sep/2025:10:21:38 +0200] "GET /2024/02/16/80-free-revolves-no-deposit-online-casinos-in-the-us-march/ HTTP/1.1" 200 51754 "-" "Mozilla/5.0 (compatible; DotBot/1.2; +https://opensiteexplorer.org/dotbot; help@moz.com)"
113.249.101.163 - - [16/Sep/2025:10:21:40 +0200] "POST /xmlrpc.php HTTP/1.1" 200 403 "-" "Apache-HttpClient/4.5.2 (Java/1.8.0_161)"
113.249.101.163 - - [16/Sep/2025:10:21:46 +0200] "POST /xmlrpc.php HTTP/1.1" 200 403 "-" "Apache-HttpClient/4.5.2 (Java/1.8.0_161)"
113.249.101.163 - - [16/Sep/2025:10:21:47 +0200] "POST /xmlrpc.php HTTP/1.1" 200 403 "-" "Apache-HttpClient/4.5.2 (Java/1.8.0_161)"
113.249.101.163 - - [16/Sep/2025:10:21:48 +0200] "POST /xmlrpc.php HTTP/1.1" 200 403 "-" "Apache-HttpClient/4.5.2 (Java/1.8.0_161)"
113.249.101.163 - - [16/Sep/2025:10:21:50 +0200] "POST /xmlrpc.php HTTP/1.1" 200 403 "-" "Apache-HttpClient/4.5.2 (Java/1.8.0_161)"
113.249.101.163 - - [16/Sep/2025:10:21:51 +0200] "POST /xmlrpc.php HTTP/1.1" 200 403 "-" "Apache-HttpClient/4.5.2 (Java/1.8.0_161)"
113.249.101.163 - - [16/Sep/2025:10:21:55 +0200] "POST /xmlrpc.php HTTP/1.1" 200 403 "-" "Apache-HttpClient/4.5.2 (Java/1.8.0_161)"
113.249.101.163 - - [16/Sep/2025:10:21:57 +0200] "POST /xmlrpc.php HTTP/1.1" 200 403 "-" "Apache-HttpClient/4.5.2 (Java/1.8.0_161)"
113.249.101.163 - - [16/Sep/2025:10:21:59 +0200] "POST /xmlrpc.php HTTP/1.1" 200 403 "-" "Apache-HttpClient/4.5.2 (Java/1.8.0_161)"
113.249.101.163 - - [16/Sep/2025:10:22:02 +0200] "POST /xmlrpc.php HTTP/1.1" 200 403 "-" "Apache-HttpClient/4.5.2 (Java/1.8.0_161)"
113.249.101.163 - - [16/Sep/2025:10:22:03 +0200] "POST /xmlrpc.php HTTP/1.1" 200 403 "-" "Apache-HttpClient/4.5.2 (Java/1.8.0_161)"
113.249.101.163 - - [16/Sep/2025:10:22:05 +0200] "POST /xmlrpc.php HTTP/1.1" 200 403 "-" "Apache-HttpClient/4.5.2 (Java/1.8.0_161)"
113.249.101.163 - - [16/Sep/2025:10:22:07 +0200] "POST /xmlrpc.php HTTP/1.1" 200 403 "-" "Apache-HttpClient/4.5.2 (Java/1.8.0_161)"
216.244.66.250 - - [16/Sep/2025:10:22:06 +0200] "GET /2024/03/11/10-100-percent-free-no-deposit-gambling-slot-online-more-hearts-establishment-united-kingdom-bonuses-inside-the-march-2024/ HTTP/1.1" 200 51400 "-" "Mozilla/5.0 (compatible; DotBot/1.2; +https://opensiteexplorer.org/dotbot; help@moz.com)"
113.249.101.163 - - [16/Sep/2025:10:22:09 +0200] "POST /xmlrpc.php HTTP/1.1" 200 403 "-" "Apache-HttpClient/4.5.2 (Java/1.8.0_161)"
113.249.101.163 - - [16/Sep/2025:10:22:10 +0200] "POST /xmlrpc.php HTTP/1.1" 200 403 "-" "Apache-HttpClient/4.5.2 (Java/1.8.0_161)"
113.249.101.163 - - [16/Sep/2025:10:22:11 +0200] "POST /xmlrpc.php HTTP/1.1" 200 403 "-" "Apache-HttpClient/4.5.2 (Java/1.8.0_161)"
113.249.101.163 - - [16/Sep/2025:10:22:12 +0200] "POST /xmlrpc.php HTTP/1.1" 200 403 "-" "Apache-HttpClient/4.5.2 (Java/1.8.0_161)"
113.249.101.163 - - [16/Sep/2025:10:22:14 +0200] "POST /xmlrpc.php HTTP/1.1" 200 403 "-" "Apache-HttpClient/4.5.2 (Java/1.8.0_161)"
113.249.101.163 - - [16/Sep/2025:10:22:15 +0200] "POST /xmlrpc.php HTTP/1.1" 200 403 "-" "Apache-HttpClient/4.5.2 (Java/1.8.0_161)"
113.249.101.163 - - [16/Sep/2025:10:22:17 +0200] "POST /xmlrpc.php HTTP/1.1" 200 403 "-" "Apache-HttpClient/4.5.2 (Java/1.8.0_161)"
113.249.101.163 - - [16/Sep/2025:10:22:18 +0200] "POST /xmlrpc.php HTTP/1.1" 200 403 "-" "Apache-HttpClient/4.5.2 (Java/1.8.0_161)"
113.249.101.163 - - [16/Sep/2025:10:22:20 +0200] "POST /xmlrpc.php HTTP/1.1" 200 403 "-" "Apache-HttpClient/4.5.2 (Java/1.8.0_161)"
113.249.101.163 - - [16/Sep/2025:10:22:22 +0200] "POST /xmlrpc.php HTTP/1.1" 200 403 "-" "Apache-HttpClient/4.5.2 (Java/1.8.0_161)"
113.249.101.163 - - [16/Sep/2025:10:22:23 +0200] "POST /xmlrpc.php HTTP/1.1" 200 403 "-" "Apache-HttpClient/4.5.2 (Java/1.8.0_161)"
113.249.101.163 - - [16/Sep/2025:10:22:25 +0200] "POST /xmlrpc.php HTTP/1.1" 200 403 "-" "Apache-HttpClient/4.5.2 (Java/1.8.0_161)"
113.249.101.163 - - [16/Sep/2025:10:22:26 +0200] "POST /xmlrpc.php HTTP/1.1" 200 403 "-" "Apache-HttpClient/4.5.2 (Java/1.8.0_161)"
113.249.101.163 - - [16/Sep/2025:10:22:28 +0200] "POST /xmlrpc.php HTTP/1.1" 200 403 "-" "Apache-HttpClient/4.5.2 (Java/1.8.0_161)"
113.249.101.163 - - [16/Sep/2025:10:22:29 +0200] "POST /xmlrpc.php HTTP/1.1" 200 403 "-" "Apache-HttpClient/4.5.2 (Java/1.8.0_161)"
113.249.101.163 - - [16/Sep/2025:10:22:33 +0200] "POST /xmlrpc.php HTTP/1.1" 200 403 "-" "Apache-HttpClient/4.5.2 (Java/1.8.0_161)"
113.249.101.163 - - [16/Sep/2025:10:22:34 +0200] "POST /xmlrpc.php HTTP/1.1" 200 403 "-" "Apache-HttpClient/4.5.2 (Java/1.8.0_161)"
216.244.66.250 - - [16/Sep/2025:10:22:33 +0200] "GET /2024/03/20/enjoy-totally-free-lucky-casino-777-no-deposit-bonus-lucky-blackjack-video-game/ HTTP/1.1" 200 52045 "-" "Mozilla/5.0 (compatible; DotBot/1.2; +https://opensiteexplorer.org/dotbot; help@moz.com)"
113.249.101.163 - - [16/Sep/2025:10:22:36 +0200] "POST /xmlrpc.php HTTP/1.1" 200 403 "-" "Apache-HttpClient/4.5.2 (Java/1.8.0_161)"
113.249.101.163 - - [16/Sep/2025:10:22:37 +0200] "POST /xmlrpc.php HTTP/1.1" 200 403 "-" "Apache-HttpClient/4.5.2 (Java/1.8.0_161)"
113.249.101.163 - - [16/Sep/2025:10:22:40 +0200] "POST /xmlrpc.php HTTP/1.1" 200 403 "-" "Apache-HttpClient/4.5.2 (Java/1.8.0_161)"
113.249.101.163 - - [16/Sep/2025:10:22:42 +0200] "POST /xmlrpc.php HTTP/1.1" 200 403 "-" "Apache-HttpClient/4.5.2 (Java/1.8.0_161)"
113.249.101.163 - - [16/Sep/2025:10:22:44 +0200] "POST /xmlrpc.php HTTP/1.1" 200 403 "-" "Apache-HttpClient/4.5.2 (Java/1.8.0_161)"
113.249.101.163 - - [16/Sep/2025:10:22:45 +0200] "POST /xmlrpc.php HTTP/1.1" 200 403 "-" "Apache-HttpClient/4.5.2 (Java/1.8.0_161)"
113.249.101.163 - - [16/Sep/2025:10:22:47 +0200] "POST /xmlrpc.php HTTP/1.1" 200 403 "-" "Apache-HttpClient/4.5.2 (Java/1.8.0_161)"
113.249.101.163 - - [16/Sep/2025:10:22:48 +0200] "POST /xmlrpc.php HTTP/1.1" 200 403 "-" "Apache-HttpClient/4.5.2 (Java/1.8.0_161)"
113.249.101.163 - - [16/Sep/2025:10:22:50 +0200] "POST /xmlrpc.php HTTP/1.1" 200 403 "-" "Apache-HttpClient/4.5.2 (Java/1.8.0_161)"
113.249.101.163 - - [16/Sep/2025:10:22:51 +0200] "POST /xmlrpc.php HTTP/1.1" 200 403 "-" "Apache-HttpClient/4.5.2 (Java/1.8.0_161)"
113.249.101.163 - - [16/Sep/2025:10:22:52 +0200] "POST /xmlrpc.php HTTP/1.1" 200 403 "-" "Apache-HttpClient/4.5.2 (Java/1.8.0_161)"
113.249.101.163 - - [16/Sep/2025:10:22:55 +0200] "POST /xmlrpc.php HTTP/1.1" 200 403 "-" "Apache-HttpClient/4.5.2 (Java/1.8.0_161)"
113.249.101.163 - - [16/Sep/2025:10:22:57 +0200] "POST /xmlrpc.php HTTP/1.1" 200 403 "-" "Apache-HttpClient/4.5.2 (Java/1.8.0_161)"
113.249.101.163 - - [16/Sep/2025:10:22:58 +0200] "POST /xmlrpc.php HTTP/1.1" 200 403 "-" "Apache-HttpClient/4.5.2 (Java/1.8.0_161)"
113.249.101.163 - - [16/Sep/2025:10:23:00 +0200] "POST /xmlrpc.php HTTP/1.1" 200 403 "-" "Apache-HttpClient/4.5.2 (Java/1.8.0_161)"
216.244.66.250 - - [16/Sep/2025:10:23:00 +0200] "GET /2024/03/28/erreichbar-casino-uber-handyrechnung-bezahlen-2024-gutes/ HTTP/1.1" 200 55073 "-" "Mozilla/5.0 (compatible; DotBot/1.2; +https://opensiteexplorer.org/dotbot; help@moz.com)"
113.249.101.163 - - [16/Sep/2025:10:23:02 +0200] "POST /xmlrpc.php HTTP/1.1" 200 403 "-" "Apache-HttpClient/4.5.2 (Java/1.8.0_161)"
113.249.101.163 - - [16/Sep/2025:10:23:07 +0200] "POST /xmlrpc.php HTTP/1.1" 200 403 "-" "Apache-HttpClient/4.5.2 (Java/1.8.0_161)"
113.249.101.163 - - [16/Sep/2025:10:23:09 +0200] "POST /xmlrpc.php HTTP/1.1" 200 403 "-" "Apache-HttpClient/4.5.2 (Java/1.8.0_161)"
113.249.101.163 - - [16/Sep/2025:10:23:10 +0200] "POST /xmlrpc.php HTTP/1.1" 200 403 "-" "Apache-HttpClient/4.5.2 (Java/1.8.0_161)"
113.249.101.163 - - [16/Sep/2025:10:23:12 +0200] "POST /xmlrpc.php HTTP/1.1" 200 403 "-" "Apache-HttpClient/4.5.2 (Java/1.8.0_161)"
113.249.101.163 - - [16/Sep/2025:10:23:14 +0200] "POST /xmlrpc.php HTTP/1.1" 200 403 "-" "Apache-HttpClient/4.5.2 (Java/1.8.0_161)"
113.249.101.163 - - [16/Sep/2025:10:23:16 +0200] "POST /xmlrpc.php HTTP/1.1" 200 403 "-" "Apache-HttpClient/4.5.2 (Java/1.8.0_161)"
113.249.101.163 - - [16/Sep/2025:10:23:17 +0200] "POST /xmlrpc.php HTTP/1.1" 200 403 "-" "Apache-HttpClient/4.5.2 (Java/1.8.0_161)"
113.249.101.163 - - [16/Sep/2025:10:23:19 +0200] "POST /xmlrpc.php HTTP/1.1" 200 403 "-" "Apache-HttpClient/4.5.2 (Java/1.8.0_161)"
113.249.101.163 - - [16/Sep/2025:10:23:21 +0200] "POST /xmlrpc.php HTTP/1.1" 200 403 "-" "Apache-HttpClient/4.5.2 (Java/1.8.0_161)"
113.249.101.163 - - [16/Sep/2025:10:23:22 +0200] "POST /xmlrpc.php HTTP/1.1" 200 403 "-" "Apache-HttpClient/4.5.2 (Java/1.8.0_161)"
113.249.101.163 - - [16/Sep/2025:10:23:23 +0200] "POST /xmlrpc.php HTTP/1.1" 200 403 "-" "Apache-HttpClient/4.5.2 (Java/1.8.0_161)"
216.244.66.250 - - [16/Sep/2025:10:23:24 +0200] "GET /2024/04/05/search-more-240-slot-online-genesis-vintage-slots/ HTTP/1.1" 200 51678 "-" "Mozilla/5.0 (compatible; DotBot/1.2; +https://opensiteexplorer.org/dotbot; help@moz.com)"
113.249.101.163 - - [16/Sep/2025:10:23:25 +0200] "POST /xmlrpc.php HTTP/1.1" 200 403 "-" "Apache-HttpClient/4.5.2 (Java/1.8.0_161)"
113.249.101.163 - - [16/Sep/2025:10:23:29 +0200] "POST /xmlrpc.php HTTP/1.1" 200 403 "-" "Apache-HttpClient/4.5.2 (Java/1.8.0_161)"
113.249.101.163 - - [16/Sep/2025:10:23:35 +0200] "POST /xmlrpc.php HTTP/1.1" 200 403 "-" "Apache-HttpClient/4.5.2 (Java/1.8.0_161)"
113.249.101.163 - - [16/Sep/2025:10:23:37 +0200] "POST /xmlrpc.php HTTP/1.1" 200 403 "-" "Apache-HttpClient/4.5.2 (Java/1.8.0_161)"
113.249.101.163 - - [16/Sep/2025:10:23:43 +0200] "POST /xmlrpc.php HTTP/1.1" 200 403 "-" "Apache-HttpClient/4.5.2 (Java/1.8.0_161)"
113.249.101.163 - - [16/Sep/2025:10:23:44 +0200] "POST /xmlrpc.php HTTP/1.1" 200 403 "-" "Apache-HttpClient/4.5.2 (Java/1.8.0_161)"
113.249.101.163 - - [16/Sep/2025:10:23:46 +0200] "POST /xmlrpc.php HTTP/1.1" 200 403 "-" "Apache-HttpClient/4.5.2 (Java/1.8.0_161)"
216.244.66.250 - - [16/Sep/2025:10:23:48 +0200] "GET /2024/04/22/the-brand-new-no-deposit-bonus-codes/ HTTP/1.1" 200 51709 "-" "Mozilla/5.0 (compatible; DotBot/1.2; +https://opensiteexplorer.org/dotbot; help@moz.com)"
113.249.101.163 - - [16/Sep/2025:10:23:49 +0200] "POST /xmlrpc.php HTTP/1.1" 200 403 "-" "Apache-HttpClient/4.5.2 (Java/1.8.0_161)"
113.249.101.163 - - [16/Sep/2025:10:23:50 +0200] "POST /xmlrpc.php HTTP/1.1" 200 403 "-" "Apache-HttpClient/4.5.2 (Java/1.8.0_161)"
113.249.101.163 - - [16/Sep/2025:10:23:53 +0200] "POST /xmlrpc.php HTTP/1.1" 200 403 "-" "Apache-HttpClient/4.5.2 (Java/1.8.0_161)"
113.249.101.163 - - [16/Sep/2025:10:23:55 +0200] "POST /xmlrpc.php HTTP/1.1" 200 403 "-" "Apache-HttpClient/4.5.2 (Java/1.8.0_161)"
113.249.101.163 - - [16/Sep/2025:10:23:57 +0200] "POST /xmlrpc.php HTTP/1.1" 200 403 "-" "Apache-HttpClient/4.5.2 (Java/1.8.0_161)"
