113.249.101.163 - - [16/Sep/2025:11:09:56 +0200] "POST /xmlrpc.php HTTP/1.1" 200 403 "-" "Apache-HttpClient/4.5.2 (Java/1.8.0_161)"
113.249.101.163 - - [16/Sep/2025:11:09:57 +0200] "POST /xmlrpc.php HTTP/1.1" 200 403 "-" "Apache-HttpClient/4.5.2 (Java/1.8.0_161)"
113.249.101.163 - - [16/Sep/2025:11:09:59 +0200] "POST /xmlrpc.php HTTP/1.1" 200 403 "-" "Apache-HttpClient/4.5.2 (Java/1.8.0_161)"
113.249.101.163 - - [16/Sep/2025:11:10:00 +0200] "POST /xmlrpc.php HTTP/1.1" 200 403 "-" "Apache-HttpClient/4.5.2 (Java/1.8.0_161)"
113.249.101.163 - - [16/Sep/2025:11:10:01 +0200] "POST /xmlrpc.php HTTP/1.1" 200 403 "-" "Apache-HttpClient/4.5.2 (Java/1.8.0_161)"
113.249.101.163 - - [16/Sep/2025:11:10:02 +0200] "POST /xmlrpc.php HTTP/1.1" 200 403 "-" "Apache-HttpClient/4.5.2 (Java/1.8.0_161)"
113.249.101.163 - - [16/Sep/2025:11:10:03 +0200] "POST /xmlrpc.php HTTP/1.1" 200 403 "-" "Apache-HttpClient/4.5.2 (Java/1.8.0_161)"
113.249.101.163 - - [16/Sep/2025:11:10:04 +0200] "POST /xmlrpc.php HTTP/1.1" 200 403 "-" "Apache-HttpClient/4.5.2 (Java/1.8.0_161)"
216.244.66.250 - - [16/Sep/2025:11:10:05 +0200] "GET /2024/02/14/who-else-desires-to-find-out-about-argentina-mail-order-bride/ HTTP/1.1" 200 54136 "-" "Mozilla/5.0 (compatible; DotBot/1.2; +https://opensiteexplorer.org/dotbot; help@moz.com)"
113.249.101.163 - - [16/Sep/2025:11:10:05 +0200] "POST /xmlrpc.php HTTP/1.1" 200 403 "-" "Apache-HttpClient/4.5.2 (Java/1.8.0_161)"
197.243.23.5 - - [16/Sep/2025:11:10:06 +0200] "POST /wp-cron.php?doing_wp_cron=1758013806.0526909828186035156250 HTTP/1.1" 200 - "-" "WordPress/6.8.2; https://www.effectiveratecpm.com/cdf10j95?key=9d84a2498fb6af60cb82f0df204577f6"
113.249.101.163 - - [16/Sep/2025:11:10:08 +0200] "POST /xmlrpc.php HTTP/1.1" 200 403 "-" "Apache-HttpClient/4.5.2 (Java/1.8.0_161)"
113.249.101.163 - - [16/Sep/2025:11:10:09 +0200] "POST /xmlrpc.php HTTP/1.1" 200 403 "-" "Apache-HttpClient/4.5.2 (Java/1.8.0_161)"
113.249.101.163 - - [16/Sep/2025:11:10:10 +0200] "POST /xmlrpc.php HTTP/1.1" 200 403 "-" "Apache-HttpClient/4.5.2 (Java/1.8.0_161)"
113.249.101.163 - - [16/Sep/2025:11:10:12 +0200] "POST /xmlrpc.php HTTP/1.1" 200 403 "-" "Apache-HttpClient/4.5.2 (Java/1.8.0_161)"
113.249.101.163 - - [16/Sep/2025:11:10:13 +0200] "POST /xmlrpc.php HTTP/1.1" 200 403 "-" "Apache-HttpClient/4.5.2 (Java/1.8.0_161)"
113.249.101.163 - - [16/Sep/2025:11:10:14 +0200] "POST /xmlrpc.php HTTP/1.1" 200 403 "-" "Apache-HttpClient/4.5.2 (Java/1.8.0_161)"
113.249.101.163 - - [16/Sep/2025:11:10:15 +0200] "POST /xmlrpc.php HTTP/1.1" 200 403 "-" "Apache-HttpClient/4.5.2 (Java/1.8.0_161)"
197.243.23.5 - - [16/Sep/2025:11:10:17 +0200] "POST /wp-cron.php?doing_wp_cron=1758013817.3195979595184326171875 HTTP/1.1" 200 - "-" "WordPress/6.8.2; https://www.effectiveratecpm.com/cdf10j95?key=9d84a2498fb6af60cb82f0df204577f6"
113.249.101.163 - - [16/Sep/2025:11:10:17 +0200] "POST /xmlrpc.php HTTP/1.1" 200 403 "-" "Apache-HttpClient/4.5.2 (Java/1.8.0_161)"
113.249.101.163 - - [16/Sep/2025:11:10:18 +0200] "POST /xmlrpc.php HTTP/1.1" 200 403 "-" "Apache-HttpClient/4.5.2 (Java/1.8.0_161)"
113.249.101.163 - - [16/Sep/2025:11:10:19 +0200] "POST /xmlrpc.php HTTP/1.1" 200 403 "-" "Apache-HttpClient/4.5.2 (Java/1.8.0_161)"
113.249.101.163 - - [16/Sep/2025:11:10:20 +0200] "POST /xmlrpc.php HTTP/1.1" 200 403 "-" "Apache-HttpClient/4.5.2 (Java/1.8.0_161)"
113.249.101.163 - - [16/Sep/2025:11:10:26 +0200] "POST /xmlrpc.php HTTP/1.1" 200 403 "-" "Apache-HttpClient/4.5.2 (Java/1.8.0_161)"
113.249.101.163 - - [16/Sep/2025:11:10:28 +0200] "POST /xmlrpc.php HTTP/1.1" 200 403 "-" "Apache-HttpClient/4.5.2 (Java/1.8.0_161)"
113.249.101.163 - - [16/Sep/2025:11:10:29 +0200] "POST /xmlrpc.php HTTP/1.1" 200 403 "-" "Apache-HttpClient/4.5.2 (Java/1.8.0_161)"
113.249.101.163 - - [16/Sep/2025:11:10:30 +0200] "POST /xmlrpc.php HTTP/1.1" 200 403 "-" "Apache-HttpClient/4.5.2 (Java/1.8.0_161)"
113.249.101.163 - - [16/Sep/2025:11:10:31 +0200] "POST /xmlrpc.php HTTP/1.1" 200 403 "-" "Apache-HttpClient/4.5.2 (Java/1.8.0_161)"
113.249.101.163 - - [16/Sep/2025:11:10:32 +0200] "POST /xmlrpc.php HTTP/1.1" 200 403 "-" "Apache-HttpClient/4.5.2 (Java/1.8.0_161)"
113.249.101.163 - - [16/Sep/2025:11:10:34 +0200] "POST /xmlrpc.php HTTP/1.1" 200 403 "-" "Apache-HttpClient/4.5.2 (Java/1.8.0_161)"
113.249.101.163 - - [16/Sep/2025:11:10:35 +0200] "POST /xmlrpc.php HTTP/1.1" 200 403 "-" "Apache-HttpClient/4.5.2 (Java/1.8.0_161)"
113.249.101.163 - - [16/Sep/2025:11:10:36 +0200] "POST /xmlrpc.php HTTP/1.1" 200 403 "-" "Apache-HttpClient/4.5.2 (Java/1.8.0_161)"
113.249.101.163 - - [16/Sep/2025:11:10:37 +0200] "POST /xmlrpc.php HTTP/1.1" 200 403 "-" "Apache-HttpClient/4.5.2 (Java/1.8.0_161)"
113.249.101.163 - - [16/Sep/2025:11:10:38 +0200] "POST /xmlrpc.php HTTP/1.1" 200 403 "-" "Apache-HttpClient/4.5.2 (Java/1.8.0_161)"
113.249.101.163 - - [16/Sep/2025:11:10:39 +0200] "POST /xmlrpc.php HTTP/1.1" 200 403 "-" "Apache-HttpClient/4.5.2 (Java/1.8.0_161)"
113.249.101.163 - - [16/Sep/2025:11:10:40 +0200] "POST /xmlrpc.php HTTP/1.1" 200 403 "-" "Apache-HttpClient/4.5.2 (Java/1.8.0_161)"
216.244.66.250 - - [16/Sep/2025:11:10:40 +0200] "GET /2024/02/19/totally-free-20-no-deposit-bonus-nz-better-20-ladies-nite-bonus-game-bucks-100-percent-free-local-casino-requirements-2024/ HTTP/1.1" 200 51122 "-" "Mozilla/5.0 (compatible; DotBot/1.2; +https://opensiteexplorer.org/dotbot; help@moz.com)"
113.249.101.163 - - [16/Sep/2025:11:10:41 +0200] "POST /xmlrpc.php HTTP/1.1" 200 403 "-" "Apache-HttpClient/4.5.2 (Java/1.8.0_161)"
113.249.101.163 - - [16/Sep/2025:11:10:42 +0200] "POST /xmlrpc.php HTTP/1.1" 200 403 "-" "Apache-HttpClient/4.5.2 (Java/1.8.0_161)"
113.249.101.163 - - [16/Sep/2025:11:10:44 +0200] "POST /xmlrpc.php HTTP/1.1" 200 403 "-" "Apache-HttpClient/4.5.2 (Java/1.8.0_161)"
113.249.101.163 - - [16/Sep/2025:11:10:45 +0200] "POST /xmlrpc.php HTTP/1.1" 200 403 "-" "Apache-HttpClient/4.5.2 (Java/1.8.0_161)"
113.249.101.163 - - [16/Sep/2025:11:10:46 +0200] "POST /xmlrpc.php HTTP/1.1" 200 403 "-" "Apache-HttpClient/4.5.2 (Java/1.8.0_161)"
113.249.101.163 - - [16/Sep/2025:11:10:47 +0200] "POST /xmlrpc.php HTTP/1.1" 200 403 "-" "Apache-HttpClient/4.5.2 (Java/1.8.0_161)"
113.249.101.163 - - [16/Sep/2025:11:10:48 +0200] "POST /xmlrpc.php HTTP/1.1" 200 403 "-" "Apache-HttpClient/4.5.2 (Java/1.8.0_161)"
113.249.101.163 - - [16/Sep/2025:11:10:49 +0200] "POST /xmlrpc.php HTTP/1.1" 200 403 "-" "Apache-HttpClient/4.5.2 (Java/1.8.0_161)"
113.249.101.163 - - [16/Sep/2025:11:10:50 +0200] "POST /xmlrpc.php HTTP/1.1" 200 403 "-" "Apache-HttpClient/4.5.2 (Java/1.8.0_161)"
113.249.101.163 - - [16/Sep/2025:11:10:51 +0200] "POST /xmlrpc.php HTTP/1.1" 200 403 "-" "Apache-HttpClient/4.5.2 (Java/1.8.0_161)"
113.249.101.163 - - [16/Sep/2025:11:10:52 +0200] "POST /xmlrpc.php HTTP/1.1" 200 403 "-" "Apache-HttpClient/4.5.2 (Java/1.8.0_161)"
113.249.101.163 - - [16/Sep/2025:11:10:53 +0200] "POST /xmlrpc.php HTTP/1.1" 200 403 "-" "Apache-HttpClient/4.5.2 (Java/1.8.0_161)"
113.249.101.163 - - [16/Sep/2025:11:10:55 +0200] "POST /xmlrpc.php HTTP/1.1" 200 403 "-" "Apache-HttpClient/4.5.2 (Java/1.8.0_161)"
113.249.101.163 - - [16/Sep/2025:11:10:57 +0200] "POST /xmlrpc.php HTTP/1.1" 200 403 "-" "Apache-HttpClient/4.5.2 (Java/1.8.0_161)"
113.249.101.163 - - [16/Sep/2025:11:10:58 +0200] "POST /xmlrpc.php HTTP/1.1" 200 403 "-" "Apache-HttpClient/4.5.2 (Java/1.8.0_161)"
113.249.101.163 - - [16/Sep/2025:11:10:59 +0200] "POST /xmlrpc.php HTTP/1.1" 200 403 "-" "Apache-HttpClient/4.5.2 (Java/1.8.0_161)"
113.249.101.163 - - [16/Sep/2025:11:11:00 +0200] "POST /xmlrpc.php HTTP/1.1" 200 403 "-" "Apache-HttpClient/4.5.2 (Java/1.8.0_161)"
113.249.101.163 - - [16/Sep/2025:11:11:01 +0200] "POST /xmlrpc.php HTTP/1.1" 200 403 "-" "Apache-HttpClient/4.5.2 (Java/1.8.0_161)"
113.249.101.163 - - [16/Sep/2025:11:11:03 +0200] "POST /xmlrpc.php HTTP/1.1" 200 403 "-" "Apache-HttpClient/4.5.2 (Java/1.8.0_161)"
113.249.101.163 - - [16/Sep/2025:11:11:04 +0200] "POST /xmlrpc.php HTTP/1.1" 200 403 "-" "Apache-HttpClient/4.5.2 (Java/1.8.0_161)"
113.249.101.163 - - [16/Sep/2025:11:11:07 +0200] "POST /xmlrpc.php HTTP/1.1" 200 403 "-" "Apache-HttpClient/4.5.2 (Java/1.8.0_161)"
113.249.101.163 - - [16/Sep/2025:11:11:08 +0200] "POST /xmlrpc.php HTTP/1.1" 200 403 "-" "Apache-HttpClient/4.5.2 (Java/1.8.0_161)"
113.249.101.163 - - [16/Sep/2025:11:11:09 +0200] "POST /xmlrpc.php HTTP/1.1" 200 403 "-" "Apache-HttpClient/4.5.2 (Java/1.8.0_161)"
113.249.101.163 - - [16/Sep/2025:11:11:11 +0200] "POST /xmlrpc.php HTTP/1.1" 200 403 "-" "Apache-HttpClient/4.5.2 (Java/1.8.0_161)"
216.244.66.250 - - [16/Sep/2025:11:11:11 +0200] "GET /2024/04/22/greatest-online-blackjack-a-real-income-websites-and-you-will-programs-to-play/ HTTP/1.1" 200 51133 "-" "Mozilla/5.0 (compatible; DotBot/1.2; +https://opensiteexplorer.org/dotbot; help@moz.com)"
113.249.101.163 - - [16/Sep/2025:11:11:17 +0200] "POST /xmlrpc.php HTTP/1.1" 200 403 "-" "Apache-HttpClient/4.5.2 (Java/1.8.0_161)"
113.249.101.163 - - [16/Sep/2025:11:11:19 +0200] "POST /xmlrpc.php HTTP/1.1" 200 403 "-" "Apache-HttpClient/4.5.2 (Java/1.8.0_161)"
113.249.101.163 - - [16/Sep/2025:11:11:20 +0200] "POST /xmlrpc.php HTTP/1.1" 200 403 "-" "Apache-HttpClient/4.5.2 (Java/1.8.0_161)"
113.249.101.163 - - [16/Sep/2025:11:11:21 +0200] "POST /xmlrpc.php HTTP/1.1" 200 403 "-" "Apache-HttpClient/4.5.2 (Java/1.8.0_161)"
113.249.101.163 - - [16/Sep/2025:11:11:22 +0200] "POST /xmlrpc.php HTTP/1.1" 200 403 "-" "Apache-HttpClient/4.5.2 (Java/1.8.0_161)"
113.249.101.163 - - [16/Sep/2025:11:11:23 +0200] "POST /xmlrpc.php HTTP/1.1" 200 403 "-" "Apache-HttpClient/4.5.2 (Java/1.8.0_161)"
113.249.101.163 - - [16/Sep/2025:11:11:24 +0200] "POST /xmlrpc.php HTTP/1.1" 200 403 "-" "Apache-HttpClient/4.5.2 (Java/1.8.0_161)"
113.249.101.163 - - [16/Sep/2025:11:11:25 +0200] "POST /xmlrpc.php HTTP/1.1" 200 403 "-" "Apache-HttpClient/4.5.2 (Java/1.8.0_161)"
113.249.101.163 - - [16/Sep/2025:11:11:26 +0200] "POST /xmlrpc.php HTTP/1.1" 200 403 "-" "Apache-HttpClient/4.5.2 (Java/1.8.0_161)"
113.249.101.163 - - [16/Sep/2025:11:11:28 +0200] "POST /xmlrpc.php HTTP/1.1" 200 403 "-" "Apache-HttpClient/4.5.2 (Java/1.8.0_161)"
113.249.101.163 - - [16/Sep/2025:11:11:29 +0200] "POST /xmlrpc.php HTTP/1.1" 200 403 "-" "Apache-HttpClient/4.5.2 (Java/1.8.0_161)"
113.249.101.163 - - [16/Sep/2025:11:11:31 +0200] "POST /xmlrpc.php HTTP/1.1" 200 403 "-" "Apache-HttpClient/4.5.2 (Java/1.8.0_161)"
113.249.101.163 - - [16/Sep/2025:11:11:32 +0200] "POST /xmlrpc.php HTTP/1.1" 200 403 "-" "Apache-HttpClient/4.5.2 (Java/1.8.0_161)"
113.249.101.163 - - [16/Sep/2025:11:11:33 +0200] "POST /xmlrpc.php HTTP/1.1" 200 403 "-" "Apache-HttpClient/4.5.2 (Java/1.8.0_161)"
113.249.101.163 - - [16/Sep/2025:11:11:35 +0200] "POST /xmlrpc.php HTTP/1.1" 200 403 "-" "Apache-HttpClient/4.5.2 (Java/1.8.0_161)"
113.249.101.163 - - [16/Sep/2025:11:11:36 +0200] "POST /xmlrpc.php HTTP/1.1" 200 403 "-" "Apache-HttpClient/4.5.2 (Java/1.8.0_161)"
113.249.101.163 - - [16/Sep/2025:11:11:37 +0200] "POST /xmlrpc.php HTTP/1.1" 200 403 "-" "Apache-HttpClient/4.5.2 (Java/1.8.0_161)"
113.249.101.163 - - [16/Sep/2025:11:11:38 +0200] "POST /xmlrpc.php HTTP/1.1" 200 403 "-" "Apache-HttpClient/4.5.2 (Java/1.8.0_161)"
113.249.101.163 - - [16/Sep/2025:11:11:39 +0200] "POST /xmlrpc.php HTTP/1.1" 200 403 "-" "Apache-HttpClient/4.5.2 (Java/1.8.0_161)"
113.249.101.163 - - [16/Sep/2025:11:11:40 +0200] "POST /xmlrpc.php HTTP/1.1" 200 403 "-" "Apache-HttpClient/4.5.2 (Java/1.8.0_161)"
216.244.66.250 - - [16/Sep/2025:11:11:39 +0200] "GET /2024/04/25/5-finest-on-the-internet-blackjack-gambling-enterprises-to-experience-for-real-currency/ HTTP/1.1" 200 50821 "-" "Mozilla/5.0 (compatible; DotBot/1.2; +https://opensiteexplorer.org/dotbot; help@moz.com)"
113.249.101.163 - - [16/Sep/2025:11:11:41 +0200] "POST /xmlrpc.php HTTP/1.1" 200 403 "-" "Apache-HttpClient/4.5.2 (Java/1.8.0_161)"
113.249.101.163 - - [16/Sep/2025:11:11:42 +0200] "POST /xmlrpc.php HTTP/1.1" 200 403 "-" "Apache-HttpClient/4.5.2 (Java/1.8.0_161)"
113.249.101.163 - - [16/Sep/2025:11:11:44 +0200] "POST /xmlrpc.php HTTP/1.1" 200 403 "-" "Apache-HttpClient/4.5.2 (Java/1.8.0_161)"
113.249.101.163 - - [16/Sep/2025:11:11:45 +0200] "POST /xmlrpc.php HTTP/1.1" 200 403 "-" "Apache-HttpClient/4.5.2 (Java/1.8.0_161)"
113.249.101.163 - - [16/Sep/2025:11:11:46 +0200] "POST /xmlrpc.php HTTP/1.1" 200 403 "-" "Apache-HttpClient/4.5.2 (Java/1.8.0_161)"
113.249.101.163 - - [16/Sep/2025:11:11:47 +0200] "POST /xmlrpc.php HTTP/1.1" 200 403 "-" "Apache-HttpClient/4.5.2 (Java/1.8.0_161)"
113.249.101.163 - - [16/Sep/2025:11:11:48 +0200] "POST /xmlrpc.php HTTP/1.1" 200 403 "-" "Apache-HttpClient/4.5.2 (Java/1.8.0_161)"
113.249.101.163 - - [16/Sep/2025:11:11:49 +0200] "POST /xmlrpc.php HTTP/1.1" 200 403 "-" "Apache-HttpClient/4.5.2 (Java/1.8.0_161)"
113.249.101.163 - - [16/Sep/2025:11:11:50 +0200] "POST /xmlrpc.php HTTP/1.1" 200 403 "-" "Apache-HttpClient/4.5.2 (Java/1.8.0_161)"
113.249.101.163 - - [16/Sep/2025:11:11:51 +0200] "POST /xmlrpc.php HTTP/1.1" 200 403 "-" "Apache-HttpClient/4.5.2 (Java/1.8.0_161)"
113.249.101.163 - - [16/Sep/2025:11:11:52 +0200] "POST /xmlrpc.php HTTP/1.1" 200 403 "-" "Apache-HttpClient/4.5.2 (Java/1.8.0_161)"
113.249.101.163 - - [16/Sep/2025:11:11:54 +0200] "POST /xmlrpc.php HTTP/1.1" 200 403 "-" "Apache-HttpClient/4.5.2 (Java/1.8.0_161)"
113.249.101.163 - - [16/Sep/2025:11:11:56 +0200] "POST /xmlrpc.php HTTP/1.1" 200 403 "-" "Apache-HttpClient/4.5.2 (Java/1.8.0_161)"
113.249.101.163 - - [16/Sep/2025:11:11:57 +0200] "POST /xmlrpc.php HTTP/1.1" 200 403 "-" "Apache-HttpClient/4.5.2 (Java/1.8.0_161)"
113.249.101.163 - - [16/Sep/2025:11:11:58 +0200] "POST /xmlrpc.php HTTP/1.1" 200 403 "-" "Apache-HttpClient/4.5.2 (Java/1.8.0_161)"
113.249.101.163 - - [16/Sep/2025:11:11:59 +0200] "POST /xmlrpc.php HTTP/1.1" 200 403 "-" "Apache-HttpClient/4.5.2 (Java/1.8.0_161)"
113.249.101.163 - - [16/Sep/2025:11:12:00 +0200] "POST /xmlrpc.php HTTP/1.1" 200 403 "-" "Apache-HttpClient/4.5.2 (Java/1.8.0_161)"
113.249.101.163 - - [16/Sep/2025:11:12:01 +0200] "POST /xmlrpc.php HTTP/1.1" 200 403 "-" "Apache-HttpClient/4.5.2 (Java/1.8.0_161)"
113.249.101.163 - - [16/Sep/2025:11:12:02 +0200] "POST /xmlrpc.php HTTP/1.1" 200 403 "-" "Apache-HttpClient/4.5.2 (Java/1.8.0_161)"
113.249.101.163 - - [16/Sep/2025:11:12:04 +0200] "POST /xmlrpc.php HTTP/1.1" 200 403 "-" "Apache-HttpClient/4.5.2 (Java/1.8.0_161)"
113.249.101.163 - - [16/Sep/2025:11:12:05 +0200] "POST /xmlrpc.php HTTP/1.1" 200 403 "-" "Apache-HttpClient/4.5.2 (Java/1.8.0_161)"
113.249.101.163 - - [16/Sep/2025:11:12:06 +0200] "POST /xmlrpc.php HTTP/1.1" 200 403 "-" "Apache-HttpClient/4.5.2 (Java/1.8.0_161)"
216.244.66.250 - - [16/Sep/2025:11:12:07 +0200] "GET /2024/04/27/kroon-plus-oranje-casino-niet-terecht-om-holland/ HTTP/1.1" 200 50571 "-" "Mozilla/5.0 (compatible; DotBot/1.2; +https://opensiteexplorer.org/dotbot; help@moz.com)"
113.249.101.163 - - [16/Sep/2025:11:12:11 +0200] "POST /xmlrpc.php HTTP/1.1" 200 403 "-" "Apache-HttpClient/4.5.2 (Java/1.8.0_161)"
113.249.101.163 - - [16/Sep/2025:11:12:12 +0200] "POST /xmlrpc.php HTTP/1.1" 200 403 "-" "Apache-HttpClient/4.5.2 (Java/1.8.0_161)"
113.249.101.163 - - [16/Sep/2025:11:12:13 +0200] "POST /xmlrpc.php HTTP/1.1" 200 403 "-" "Apache-HttpClient/4.5.2 (Java/1.8.0_161)"
113.249.101.163 - - [16/Sep/2025:11:12:14 +0200] "POST /xmlrpc.php HTTP/1.1" 200 403 "-" "Apache-HttpClient/4.5.2 (Java/1.8.0_161)"
113.249.101.163 - - [16/Sep/2025:11:12:15 +0200] "POST /xmlrpc.php HTTP/1.1" 200 403 "-" "Apache-HttpClient/4.5.2 (Java/1.8.0_161)"
113.249.101.163 - - [16/Sep/2025:11:12:16 +0200] "POST /xmlrpc.php HTTP/1.1" 200 403 "-" "Apache-HttpClient/4.5.2 (Java/1.8.0_161)"
113.249.101.163 - - [16/Sep/2025:11:12:18 +0200] "POST /xmlrpc.php HTTP/1.1" 200 403 "-" "Apache-HttpClient/4.5.2 (Java/1.8.0_161)"
113.249.101.163 - - [16/Sep/2025:11:12:19 +0200] "POST /xmlrpc.php HTTP/1.1" 200 403 "-" "Apache-HttpClient/4.5.2 (Java/1.8.0_161)"
113.249.101.163 - - [16/Sep/2025:11:12:20 +0200] "POST /xmlrpc.php HTTP/1.1" 200 403 "-" "Apache-HttpClient/4.5.2 (Java/1.8.0_161)"
113.249.101.163 - - [16/Sep/2025:11:12:25 +0200] "POST /xmlrpc.php HTTP/1.1" 200 403 "-" "Apache-HttpClient/4.5.2 (Java/1.8.0_161)"
113.249.101.163 - - [16/Sep/2025:11:12:26 +0200] "POST /xmlrpc.php HTTP/1.1" 200 403 "-" "Apache-HttpClient/4.5.2 (Java/1.8.0_161)"
113.249.101.163 - - [16/Sep/2025:11:12:27 +0200] "POST /xmlrpc.php HTTP/1.1" 200 403 "-" "Apache-HttpClient/4.5.2 (Java/1.8.0_161)"
113.249.101.163 - - [16/Sep/2025:11:12:28 +0200] "POST /xmlrpc.php HTTP/1.1" 200 403 "-" "Apache-HttpClient/4.5.2 (Java/1.8.0_161)"
113.249.101.163 - - [16/Sep/2025:11:12:29 +0200] "POST /xmlrpc.php HTTP/1.1" 200 403 "-" "Apache-HttpClient/4.5.2 (Java/1.8.0_161)"
113.249.101.163 - - [16/Sep/2025:11:12:30 +0200] "POST /xmlrpc.php HTTP/1.1" 200 403 "-" "Apache-HttpClient/4.5.2 (Java/1.8.0_161)"
113.249.101.163 - - [16/Sep/2025:11:12:32 +0200] "POST /xmlrpc.php HTTP/1.1" 200 403 "-" "Apache-HttpClient/4.5.2 (Java/1.8.0_161)"
113.249.101.163 - - [16/Sep/2025:11:12:33 +0200] "POST /xmlrpc.php HTTP/1.1" 200 403 "-" "Apache-HttpClient/4.5.2 (Java/1.8.0_161)"
113.249.101.163 - - [16/Sep/2025:11:12:34 +0200] "POST /xmlrpc.php HTTP/1.1" 200 403 "-" "Apache-HttpClient/4.5.2 (Java/1.8.0_161)"
113.249.101.163 - - [16/Sep/2025:11:12:35 +0200] "POST /xmlrpc.php HTTP/1.1" 200 403 "-" "Apache-HttpClient/4.5.2 (Java/1.8.0_161)"
113.249.101.163 - - [16/Sep/2025:11:12:36 +0200] "POST /xmlrpc.php HTTP/1.1" 200 403 "-" "Apache-HttpClient/4.5.2 (Java/1.8.0_161)"
113.249.101.163 - - [16/Sep/2025:11:12:37 +0200] "POST /xmlrpc.php HTTP/1.1" 200 403 "-" "Apache-HttpClient/4.5.2 (Java/1.8.0_161)"
216.244.66.250 - - [16/Sep/2025:11:12:37 +0200] "GET /2024/04/30/deseo-conseguir-en-las-maquinas-tragamonedas/ HTTP/1.1" 200 52495 "-" "Mozilla/5.0 (compatible; DotBot/1.2; +https://opensiteexplorer.org/dotbot; help@moz.com)"
113.249.101.163 - - [16/Sep/2025:11:12:38 +0200] "POST /xmlrpc.php HTTP/1.1" 200 403 "-" "Apache-HttpClient/4.5.2 (Java/1.8.0_161)"
113.249.101.163 - - [16/Sep/2025:11:12:39 +0200] "POST /xmlrpc.php HTTP/1.1" 200 403 "-" "Apache-HttpClient/4.5.2 (Java/1.8.0_161)"
113.249.101.163 - - [16/Sep/2025:11:12:40 +0200] "POST /xmlrpc.php HTTP/1.1" 200 403 "-" "Apache-HttpClient/4.5.2 (Java/1.8.0_161)"
113.249.101.163 - - [16/Sep/2025:11:12:42 +0200] "POST /xmlrpc.php HTTP/1.1" 200 403 "-" "Apache-HttpClient/4.5.2 (Java/1.8.0_161)"
113.249.101.163 - - [16/Sep/2025:11:12:43 +0200] "POST /xmlrpc.php HTTP/1.1" 200 403 "-" "Apache-HttpClient/4.5.2 (Java/1.8.0_161)"
113.249.101.163 - - [16/Sep/2025:11:12:49 +0200] "POST /xmlrpc.php HTTP/1.1" 200 403 "-" "Apache-HttpClient/4.5.2 (Java/1.8.0_161)"
113.249.101.163 - - [16/Sep/2025:11:12:50 +0200] "POST /xmlrpc.php HTTP/1.1" 200 403 "-" "Apache-HttpClient/4.5.2 (Java/1.8.0_161)"
113.249.101.163 - - [16/Sep/2025:11:12:51 +0200] "POST /xmlrpc.php HTTP/1.1" 200 403 "-" "Apache-HttpClient/4.5.2 (Java/1.8.0_161)"
113.249.101.163 - - [16/Sep/2025:11:12:52 +0200] "POST /xmlrpc.php HTTP/1.1" 200 403 "-" "Apache-HttpClient/4.5.2 (Java/1.8.0_161)"
113.249.101.163 - - [16/Sep/2025:11:12:53 +0200] "POST /xmlrpc.php HTTP/1.1" 200 403 "-" "Apache-HttpClient/4.5.2 (Java/1.8.0_161)"
113.249.101.163 - - [16/Sep/2025:11:12:54 +0200] "POST /xmlrpc.php HTTP/1.1" 200 403 "-" "Apache-HttpClient/4.5.2 (Java/1.8.0_161)"
113.249.101.163 - - [16/Sep/2025:11:12:57 +0200] "POST /xmlrpc.php HTTP/1.1" 200 403 "-" "Apache-HttpClient/4.5.2 (Java/1.8.0_161)"
113.249.101.163 - - [16/Sep/2025:11:12:58 +0200] "POST /xmlrpc.php HTTP/1.1" 200 403 "-" "Apache-HttpClient/4.5.2 (Java/1.8.0_161)"
113.249.101.163 - - [16/Sep/2025:11:12:59 +0200] "POST /xmlrpc.php HTTP/1.1" 200 403 "-" "Apache-HttpClient/4.5.2 (Java/1.8.0_161)"
113.249.101.163 - - [16/Sep/2025:11:13:00 +0200] "POST /xmlrpc.php HTTP/1.1" 200 403 "-" "Apache-HttpClient/4.5.2 (Java/1.8.0_161)"
113.249.101.163 - - [16/Sep/2025:11:13:01 +0200] "POST /xmlrpc.php HTTP/1.1" 200 403 "-" "Apache-HttpClient/4.5.2 (Java/1.8.0_161)"
113.249.101.163 - - [16/Sep/2025:11:13:02 +0200] "POST /xmlrpc.php HTTP/1.1" 200 403 "-" "Apache-HttpClient/4.5.2 (Java/1.8.0_161)"
113.249.101.163 - - [16/Sep/2025:11:13:03 +0200] "POST /xmlrpc.php HTTP/1.1" 200 403 "-" "Apache-HttpClient/4.5.2 (Java/1.8.0_161)"
113.249.101.163 - - [16/Sep/2025:11:13:04 +0200] "POST /xmlrpc.php HTTP/1.1" 200 403 "-" "Apache-HttpClient/4.5.2 (Java/1.8.0_161)"
113.249.101.163 - - [16/Sep/2025:11:13:05 +0200] "POST /xmlrpc.php HTTP/1.1" 200 403 "-" "Apache-HttpClient/4.5.2 (Java/1.8.0_161)"
113.249.101.163 - - [16/Sep/2025:11:13:06 +0200] "POST /xmlrpc.php HTTP/1.1" 200 403 "-" "Apache-HttpClient/4.5.2 (Java/1.8.0_161)"
113.249.101.163 - - [16/Sep/2025:11:13:08 +0200] "POST /xmlrpc.php HTTP/1.1" 200 403 "-" "Apache-HttpClient/4.5.2 (Java/1.8.0_161)"
113.249.101.163 - - [16/Sep/2025:11:13:09 +0200] "POST /xmlrpc.php HTTP/1.1" 200 403 "-" "Apache-HttpClient/4.5.2 (Java/1.8.0_161)"
113.249.101.163 - - [16/Sep/2025:11:13:10 +0200] "POST /xmlrpc.php HTTP/1.1" 200 403 "-" "Apache-HttpClient/4.5.2 (Java/1.8.0_161)"
113.249.101.163 - - [16/Sep/2025:11:13:11 +0200] "POST /xmlrpc.php HTTP/1.1" 200 403 "-" "Apache-HttpClient/4.5.2 (Java/1.8.0_161)"
113.249.101.163 - - [16/Sep/2025:11:13:12 +0200] "POST /xmlrpc.php HTTP/1.1" 200 403 "-" "Apache-HttpClient/4.5.2 (Java/1.8.0_161)"
113.249.101.163 - - [16/Sep/2025:11:13:14 +0200] "POST /xmlrpc.php HTTP/1.1" 200 403 "-" "Apache-HttpClient/4.5.2 (Java/1.8.0_161)"
113.249.101.163 - - [16/Sep/2025:11:13:15 +0200] "POST /xmlrpc.php HTTP/1.1" 200 403 "-" "Apache-HttpClient/4.5.2 (Java/1.8.0_161)"
113.249.101.163 - - [16/Sep/2025:11:13:16 +0200] "POST /xmlrpc.php HTTP/1.1" 200 403 "-" "Apache-HttpClient/4.5.2 (Java/1.8.0_161)"
113.249.101.163 - - [16/Sep/2025:11:13:17 +0200] "POST /xmlrpc.php HTTP/1.1" 200 403 "-" "Apache-HttpClient/4.5.2 (Java/1.8.0_161)"
113.249.101.163 - - [16/Sep/2025:11:13:18 +0200] "POST /xmlrpc.php HTTP/1.1" 200 403 "-" "Apache-HttpClient/4.5.2 (Java/1.8.0_161)"
113.249.101.163 - - [16/Sep/2025:11:13:19 +0200] "POST /xmlrpc.php HTTP/1.1" 200 403 "-" "Apache-HttpClient/4.5.2 (Java/1.8.0_161)"
216.244.66.250 - - [16/Sep/2025:11:13:20 +0200] "GET /2024/05/01/spielbank-freispiele-blos-einzahlung-2024-innovativ-fix/ HTTP/1.1" 200 50921 "-" "Mozilla/5.0 (compatible; DotBot/1.2; +https://opensiteexplorer.org/dotbot; help@moz.com)"
113.249.101.163 - - [16/Sep/2025:11:13:20 +0200] "POST /xmlrpc.php HTTP/1.1" 200 403 "-" "Apache-HttpClient/4.5.2 (Java/1.8.0_161)"
113.249.101.163 - - [16/Sep/2025:11:13:21 +0200] "POST /xmlrpc.php HTTP/1.1" 200 403 "-" "Apache-HttpClient/4.5.2 (Java/1.8.0_161)"
113.249.101.163 - - [16/Sep/2025:11:13:22 +0200] "POST /xmlrpc.php HTTP/1.1" 200 403 "-" "Apache-HttpClient/4.5.2 (Java/1.8.0_161)"
113.249.101.163 - - [16/Sep/2025:11:13:24 +0200] "POST /xmlrpc.php HTTP/1.1" 200 403 "-" "Apache-HttpClient/4.5.2 (Java/1.8.0_161)"
113.249.101.163 - - [16/Sep/2025:11:13:25 +0200] "POST /xmlrpc.php HTTP/1.1" 200 403 "-" "Apache-HttpClient/4.5.2 (Java/1.8.0_161)"
113.249.101.163 - - [16/Sep/2025:11:13:27 +0200] "POST /xmlrpc.php HTTP/1.1" 200 403 "-" "Apache-HttpClient/4.5.2 (Java/1.8.0_161)"
113.249.101.163 - - [16/Sep/2025:11:13:28 +0200] "POST /xmlrpc.php HTTP/1.1" 200 403 "-" "Apache-HttpClient/4.5.2 (Java/1.8.0_161)"
113.249.101.163 - - [16/Sep/2025:11:13:29 +0200] "POST /xmlrpc.php HTTP/1.1" 200 403 "-" "Apache-HttpClient/4.5.2 (Java/1.8.0_161)"
113.249.101.163 - - [16/Sep/2025:11:13:30 +0200] "POST /xmlrpc.php HTTP/1.1" 200 403 "-" "Apache-HttpClient/4.5.2 (Java/1.8.0_161)"
113.249.101.163 - - [16/Sep/2025:11:13:32 +0200] "POST /xmlrpc.php HTTP/1.1" 200 403 "-" "Apache-HttpClient/4.5.2 (Java/1.8.0_161)"
113.249.101.163 - - [16/Sep/2025:11:13:33 +0200] "POST /xmlrpc.php HTTP/1.1" 200 403 "-" "Apache-HttpClient/4.5.2 (Java/1.8.0_161)"
113.249.101.163 - - [16/Sep/2025:11:13:34 +0200] "POST /xmlrpc.php HTTP/1.1" 200 403 "-" "Apache-HttpClient/4.5.2 (Java/1.8.0_161)"
113.249.101.163 - - [16/Sep/2025:11:13:35 +0200] "POST /xmlrpc.php HTTP/1.1" 200 720 "-" "Apache-HttpClient/4.5.2 (Java/1.8.0_161)"
216.244.66.250 - - [16/Sep/2025:11:13:55 +0200] "GET /2024/05/06/pay-by-cell-phone-statement-local-casino-british/ HTTP/1.1" 200 51543 "-" "Mozilla/5.0 (compatible; DotBot/1.2; +https://opensiteexplorer.org/dotbot; help@moz.com)"
4.227.36.52 - - [16/Sep/2025:11:14:13 +0200] "GET /robots.txt HTTP/1.1" 404 35651 "-" "Mozilla/5.0 AppleWebKit/537.36 (KHTML, like Gecko; compatible; GPTBot/1.2; +https://openai.com/gptbot)"
20.171.207.179 - - [16/Sep/2025:11:14:27 +0200] "GET /?p=379367 HTTP/1.1" 301 236 "-" "Mozilla/5.0 AppleWebKit/537.36 (KHTML, like Gecko; compatible; GPTBot/1.2; +https://openai.com/gptbot)"
216.244.66.250 - - [16/Sep/2025:11:14:27 +0200] "GET /2024/07/14/best-mobile-casinos-uk-in-2024/ HTTP/1.1" 200 50035 "-" "Mozilla/5.0 (compatible; DotBot/1.2; +https://opensiteexplorer.org/dotbot; help@moz.com)"
216.244.66.250 - - [16/Sep/2025:11:15:02 +0200] "GET /2024/10/09/casino-tillsamman-trustly-smidiga-uttag/ HTTP/1.1" 200 51506 "-" "Mozilla/5.0 (compatible; DotBot/1.2; +https://opensiteexplorer.org/dotbot; help@moz.com)"
20.171.207.179 - - [16/Sep/2025:11:15:17 +0200] "GET /?p=383279 HTTP/1.1" 301 236 "-" "Mozilla/5.0 AppleWebKit/537.36 (KHTML, like Gecko; compatible; GPTBot/1.2; +https://openai.com/gptbot)"
216.244.66.250 - - [16/Sep/2025:11:15:31 +0200] "GET /2024/10/11/happy-larrys-lobstermania-2-slot-machine-enjoy-slot-games-free-of-charge/ HTTP/1.1" 200 53430 "-" "Mozilla/5.0 (compatible; DotBot/1.2; +https://opensiteexplorer.org/dotbot; help@moz.com)"
216.244.66.250 - - [16/Sep/2025:11:16:02 +0200] "GET /2024/10/11/titanic-slot-100-percent-free-gamble-trial-position-online-game-no-obtain/ HTTP/1.1" 200 53047 "-" "Mozilla/5.0 (compatible; DotBot/1.2; +https://opensiteexplorer.org/dotbot; help@moz.com)"
216.244.66.250 - - [16/Sep/2025:11:16:40 +0200] "GET /2024/10/14/bekij-gij-casinos-betreffende-100-kosteloos-spins-zonder-aanbetaling-wegens-nederlands/ HTTP/1.1" 200 51851 "-" "Mozilla/5.0 (compatible; DotBot/1.2; +https://opensiteexplorer.org/dotbot; help@moz.com)"
20.171.207.179 - - [16/Sep/2025:11:17:03 +0200] "GET /?p=361348 HTTP/1.1" 301 236 "-" "Mozilla/5.0 AppleWebKit/537.36 (KHTML, like Gecko; compatible; GPTBot/1.2; +https://openai.com/gptbot)"
216.244.66.250 - - [16/Sep/2025:11:17:14 +0200] "GET /2024/10/14/best-peters-universe-slot-machine-10-online-gambling-apps-the-real-deal-profit-2024/ HTTP/1.1" 200 55147 "-" "Mozilla/5.0 (compatible; DotBot/1.2; +https://opensiteexplorer.org/dotbot; help@moz.com)"
216.244.66.250 - - [16/Sep/2025:11:17:52 +0200] "GET /2024/10/14/chief-chefs-gambling-enterprise-comment-is-it-casino-bonus-paysafecard-legitimate/ HTTP/1.1" 200 56213 "-" "Mozilla/5.0 (compatible; DotBot/1.2; +https://opensiteexplorer.org/dotbot; help@moz.com)"
216.244.66.250 - - [16/Sep/2025:11:18:25 +0200] "GET /2024/10/16/best-paypal-gambling-establishment-websites-all-of-us-2024-web-based-casinos-one-take-on-paypal/ HTTP/1.1" 200 53181 "-" "Mozilla/5.0 (compatible; DotBot/1.2; +https://opensiteexplorer.org/dotbot; help@moz.com)"
216.244.66.250 - - [16/Sep/2025:11:19:49 +0200] "GET /2024/10/28/enjoy-on-line-casino-slots-and-you-may-desk-online-game-dunder-daily-free-spins-during-the-duckyluck/ HTTP/1.1" 200 52544 "-" "Mozilla/5.0 (compatible; DotBot/1.2; +https://opensiteexplorer.org/dotbot; help@moz.com)"
216.244.66.250 - - [16/Sep/2025:11:18:58 +0200] "GET /2024/10/20/book-of-ra-slot-beste-verbunden-casinos-as-part-of-brd-2024/ HTTP/1.1" 200 40482 "-" "Mozilla/5.0 (compatible; DotBot/1.2; +https://opensiteexplorer.org/dotbot; help@moz.com)"
216.244.66.250 - - [16/Sep/2025:11:20:34 +0200] "GET /2024/10/30/freispiele-exklusive-einzahlung-2024-beste-free-spins-angebote-2/ HTTP/1.1" 200 52084 "-" "Mozilla/5.0 (compatible; DotBot/1.2; +https://opensiteexplorer.org/dotbot; help@moz.com)"
216.244.66.250 - - [16/Sep/2025:11:21:12 +0200] "GET /2024/11/04/im-online-spielbank-uber-mobilfunktelefon-and-telefonrechnung-retournieren-irgendwo-gehts/ HTTP/1.1" 200 52664 "-" "Mozilla/5.0 (compatible; DotBot/1.2; +https://opensiteexplorer.org/dotbot; help@moz.com)"
216.244.66.250 - - [16/Sep/2025:11:21:46 +0200] "GET /2024/11/08/como-juguetear-baccarat-normas-asi-como-estrategias-de-baccarat-online/ HTTP/1.1" 200 53811 "-" "Mozilla/5.0 (compatible; DotBot/1.2; +https://opensiteexplorer.org/dotbot; help@moz.com)"
216.244.66.250 - - [16/Sep/2025:11:22:20 +0200] "GET /2024/11/10/alchemists-bjornela-spilleautoma-pa-idraet-gratis-moment/ HTTP/1.1" 200 55480 "-" "Mozilla/5.0 (compatible; DotBot/1.2; +https://opensiteexplorer.org/dotbot; help@moz.com)"
216.244.66.250 - - [16/Sep/2025:11:23:04 +0200] "GET /2024/11/13/pixies-of-your-forest-casino-slot-games-free-slot-no-install-because-of-the-igt/ HTTP/1.1" 200 51785 "-" "Mozilla/5.0 (compatible; DotBot/1.2; +https://opensiteexplorer.org/dotbot; help@moz.com)"
216.244.66.250 - - [16/Sep/2025:11:23:43 +0200] "GET /2024/11/14/intercity-express-age-slot-nachprufung-an-irgendeinem-ort-eltern-sera-vortragen-vermogen-asr-realty-brokerage-company/ HTTP/1.1" 200 55729 "-" "Mozilla/5.0 (compatible; DotBot/1.2; +https://opensiteexplorer.org/dotbot; help@moz.com)"
104.210.140.139 - - [16/Sep/2025:11:24:17 +0200] "GET /robots.txt HTTP/1.1" 404 35651 "-" "Mozilla/5.0 (Macintosh; Intel Mac OS X 10_15_7) AppleWebKit/537.36 (KHTML, like Gecko) Chrome/131.0.0.0 Safari/537.36; compatible; OAI-SearchBot/1.0; +https://openai.com/searchbot"
216.244.66.250 - - [16/Sep/2025:11:24:21 +0200] "GET /2024/11/15/lightning-linkraging-bull-pokies-play-free-genuine-on-line-slot-publication/ HTTP/1.1" 200 51799 "-" "Mozilla/5.0 (compatible; DotBot/1.2; +https://opensiteexplorer.org/dotbot; help@moz.com)"
216.244.66.250 - - [16/Sep/2025:11:25:06 +0200] "GET /2024/11/21/greatest-a-real-income-online-casinos-within-the-west-virginia-2024-cc/ HTTP/1.1" 200 54469 "-" "Mozilla/5.0 (compatible; DotBot/1.2; +https://opensiteexplorer.org/dotbot; help@moz.com)"
216.244.66.250 - - [16/Sep/2025:11:25:44 +0200] "GET /2024/11/24/entsprechend-man-craps-spielt-prinzip-pro-laie/ HTTP/1.1" 200 55339 "-" "Mozilla/5.0 (compatible; DotBot/1.2; +https://opensiteexplorer.org/dotbot; help@moz.com)"
216.244.66.250 - - [16/Sep/2025:11:26:19 +0200] "GET /2024/11/24/tipico-sportwetten-erreichbar-online-tippen-involviert-unter-anderem-obsiegen/ HTTP/1.1" 200 57319 "-" "Mozilla/5.0 (compatible; DotBot/1.2; +https://opensiteexplorer.org/dotbot; help@moz.com)"
216.244.66.250 - - [16/Sep/2025:11:26:53 +0200] "GET /2024/11/26/lokalne-sloty-przez-internet-zagraj-po-darmowe-automaty-do-odwiedzenia-gierek/ HTTP/1.1" 200 53828 "-" "Mozilla/5.0 (compatible; DotBot/1.2; +https://opensiteexplorer.org/dotbot; help@moz.com)"
216.244.66.250 - - [16/Sep/2025:11:27:30 +0200] "GET /2024/11/27/solar-nova-slot-because-of-the-whats-the-best-slot-machine-app-metal-dog-facility-free-to-play-demo-rtp/ HTTP/1.1" 200 56534 "-" "Mozilla/5.0 (compatible; DotBot/1.2; +https://opensiteexplorer.org/dotbot; help@moz.com)"
216.244.66.250 - - [16/Sep/2025:11:28:19 +0200] "GET /2024/12/02/casino-freispiele-blos-einzahlung-2024-beste-angebote/ HTTP/1.1" 200 58106 "-" "Mozilla/5.0 (compatible; DotBot/1.2; +https://opensiteexplorer.org/dotbot; help@moz.com)"
216.244.66.250 - - [16/Sep/2025:11:28:55 +0200] "GET /2024/12/02/personal-significant-link-incentives-updated-each-day/ HTTP/1.1" 200 54125 "-" "Mozilla/5.0 (compatible; DotBot/1.2; +https://opensiteexplorer.org/dotbot; help@moz.com)"
216.244.66.250 - - [16/Sep/2025:11:29:33 +0200] "GET /2024/12/03/better-neteller-gambling-enterprises-2024-casinos-pop-over-to-this-site-on-the-internet-accepting-neteller/ HTTP/1.1" 200 53394 "-" "Mozilla/5.0 (compatible; DotBot/1.2; +https://opensiteexplorer.org/dotbot; help@moz.com)"
85.208.98.23 - - [16/Sep/2025:11:29:49 +0200] "GET /robots.txt HTTP/1.1" 404 41191 "-" "Mozilla/5.0 (compatible; SemrushBot-BA; +http://www.semrush.com/bot.html)"
216.244.66.250 - - [16/Sep/2025:11:30:10 +0200] "GET /2024/12/06/betway-cellular-software-official-mobile-application-mythical-treasure-casino-for-android-apples-ios/ HTTP/1.1" 200 55989 "-" "Mozilla/5.0 (compatible; DotBot/1.2; +https://opensiteexplorer.org/dotbot; help@moz.com)"
216.244.66.250 - - [16/Sep/2025:11:30:45 +0200] "GET /2024/12/06/greatest-a-real-income-betting-programs-2024-play-on-ho-ho-ho-symbols-the-fresh-go/ HTTP/1.1" 200 56685 "-" "Mozilla/5.0 (compatible; DotBot/1.2; +https://opensiteexplorer.org/dotbot; help@moz.com)"
216.244.66.250 - - [16/Sep/2025:11:31:18 +0200] "GET /2024/12/09/de-nieuwe-oranje-casino-onafhankelijke-review-en-verwittiging-2/ HTTP/1.1" 200 51680 "-" "Mozilla/5.0 (compatible; DotBot/1.2; +https://opensiteexplorer.org/dotbot; help@moz.com)"
216.244.66.250 - - [16/Sep/2025:11:31:50 +0200] "GET /2024/12/09/erreichbar-spielbank-echtes-bimbes-nachfolgende-besten-ein-schweiz-2024/ HTTP/1.1" 200 52465 "-" "Mozilla/5.0 (compatible; DotBot/1.2; +https://opensiteexplorer.org/dotbot; help@moz.com)"
216.244.66.250 - - [16/Sep/2025:11:32:24 +0200] "GET /2024/12/09/finest-online-casino-bonuses-sign-upwards-also-offers-november-2024/ HTTP/1.1" 200 55507 "-" "Mozilla/5.0 (compatible; DotBot/1.2; +https://opensiteexplorer.org/dotbot; help@moz.com)"
216.244.66.250 - - [16/Sep/2025:11:33:02 +0200] "GET /2024/12/09/vanilla-prepaid-service-remark-2024-step-diner-of-fortune-play-for-fun-1-web-based-casinos-undertake-vanilla-prepaid/ HTTP/1.1" 200 55507 "-" "Mozilla/5.0 (compatible; DotBot/1.2; +https://opensiteexplorer.org/dotbot; help@moz.com)"
216.244.66.250 - - [16/Sep/2025:11:33:37 +0200] "GET /2024/12/09/wonclub-casino-review-sincere-comment-by-the-gambling-enterprise-master/ HTTP/1.1" 200 53425 "-" "Mozilla/5.0 (compatible; DotBot/1.2; +https://opensiteexplorer.org/dotbot; help@moz.com)"
216.244.66.250 - - [16/Sep/2025:11:34:11 +0200] "GET /2024/12/12/melhores-bonus-de-cassino-sobre-2024-online-casino-bonus-no-brasil/ HTTP/1.1" 200 51406 "-" "Mozilla/5.0 (compatible; DotBot/1.2; +https://opensiteexplorer.org/dotbot; help@moz.com)"
216.244.66.250 - - [16/Sep/2025:11:34:42 +0200] "GET /2024/12/17/better-online-blackjack-local-casino-websites-play-black-jack-the-real-deal-players-paradise-1-deposit-currency/ HTTP/1.1" 200 55978 "-" "Mozilla/5.0 (compatible; DotBot/1.2; +https://opensiteexplorer.org/dotbot; help@moz.com)"
216.244.66.250 - - [16/Sep/2025:11:35:13 +0200] "GET /2024/12/17/jackpot-wheel-spielo-games-online-gambling-enterprise-2024-incentives-review/ HTTP/1.1" 200 52872 "-" "Mozilla/5.0 (compatible; DotBot/1.2; +https://opensiteexplorer.org/dotbot; help@moz.com)"
85.208.98.23 - - [16/Sep/2025:11:35:18 +0200] "GET /robots.txt HTTP/1.1" 404 41191 "-" "Mozilla/5.0 (compatible; SemrushBot-BA; +http://www.semrush.com/bot.html)"
216.244.66.250 - - [16/Sep/2025:11:35:42 +0200] "GET /2024/12/17/ten-greatest-alive-casinos-to-try-out-for-real-money-online-inside-the-2024/ HTTP/1.1" 200 54124 "-" "Mozilla/5.0 (compatible; DotBot/1.2; +https://opensiteexplorer.org/dotbot; help@moz.com)"
151.240.205.151 - - [16/Sep/2025:11:42:17 +0200] "POST /xmlrpc.php HTTP/1.1" 200 403 "-" "Mozilla/5.0 (Windows NT 10.0; WOW64; rv:45.0) Gecko/20100101 Firefox/45.0"
151.240.205.151 - - [16/Sep/2025:11:42:18 +0200] "POST /xmlrpc.php HTTP/1.1" 200 403 "-" "Mozilla/5.0 (Windows NT 10.0; WOW64; rv:45.0) Gecko/20100101 Firefox/45.0"
216.244.66.250 - - [16/Sep/2025:11:45:21 +0200] "GET /robots.txt HTTP/1.1" 404 41191 "-" "Mozilla/5.0 (compatible; DotBot/1.2; +https://opensiteexplorer.org/dotbot; help@moz.com)"
4.227.36.52 - - [16/Sep/2025:11:45:50 +0200] "GET /robots.txt HTTP/1.1" 404 35651 "-" "Mozilla/5.0 AppleWebKit/537.36 (KHTML, like Gecko; compatible; GPTBot/1.2; +https://openai.com/gptbot)"
85.208.98.23 - - [16/Sep/2025:11:48:49 +0200] "GET /robots.txt HTTP/1.1" 404 41191 "-" "Mozilla/5.0 (compatible; SemrushBot-BA; +http://www.semrush.com/bot.html)"
216.244.66.250 - - [16/Sep/2025:11:51:16 +0200] "GET /2024/01/07/pouch-option-minimum-deposit-2024/ HTTP/1.1" 200 52648 "-" "Mozilla/5.0 (compatible; DotBot/1.2; +https://opensiteexplorer.org/dotbot; help@moz.com)"
216.244.66.250 - - [16/Sep/2025:11:51:53 +0200] "GET /2024/05/08/modify-direct-put/ HTTP/1.1" 200 51399 "-" "Mozilla/5.0 (compatible; DotBot/1.2; +https://opensiteexplorer.org/dotbot; help@moz.com)"
216.244.66.250 - - [16/Sep/2025:11:52:27 +0200] "GET /2024/05/11/100-percent-free-ports-on-line/ HTTP/1.1" 200 50493 "-" "Mozilla/5.0 (compatible; DotBot/1.2; +https://opensiteexplorer.org/dotbot; help@moz.com)"
216.244.66.250 - - [16/Sep/2025:11:53:09 +0200] "GET /2024/07/06/hur-lirar-du-ett-bingo/ HTTP/1.1" 200 50494 "-" "Mozilla/5.0 (compatible; DotBot/1.2; +https://opensiteexplorer.org/dotbot; help@moz.com)"
216.244.66.250 - - [16/Sep/2025:11:53:49 +0200] "GET /2024/10/09/casino-bonus-2023/ HTTP/1.1" 200 51812 "-" "Mozilla/5.0 (compatible; DotBot/1.2; +https://opensiteexplorer.org/dotbot; help@moz.com)"
89.110.116.127 - - [16/Sep/2025:11:54:01 +0200] "GET /2024/09/21/exploring-abacus-market-links-a-guide-to-exploring-18-3/ HTTP/1.0" 200 362447 "http://kin.ami.rw/2024/09/21/exploring-abacus-market-links-a-guide-to-exploring-18-3/" "Mozilla/5.0 (Windows NT 10.0; Win64; x64) AppleWebKit/537.36 (KHTML, like Gecko) Chrome/131.0.0.0 Safari/537.36 Avast/131.0.0.0"
89.110.116.127 - - [16/Sep/2025:11:54:02 +0200] "POST /wp-comments-post.php HTTP/1.0" 302 - "http://kin.ami.rw/2024/09/21/exploring-abacus-market-links-a-guide-to-exploring-18-3/" "Mozilla/5.0 (Windows NT 10.0; Win64; x64) AppleWebKit/537.36 (KHTML, like Gecko) Chrome/131.0.0.0 Safari/537.36 Avast/131.0.0.0"
216.244.66.250 - - [16/Sep/2025:11:54:23 +0200] "GET /2023/07/07/firstmet-relationship-software-meet-new-people/ HTTP/1.1" 200 53606 "-" "Mozilla/5.0 (compatible; DotBot/1.2; +https://opensiteexplorer.org/dotbot; help@moz.com)"
216.244.66.250 - - [16/Sep/2025:11:54:57 +0200] "GET /2023/12/26/newest-totally-free-revolves-no-100-free-spins-no-deposit-monopoly-deposit-united-kingdom-bonuses/ HTTP/1.1" 200 52920 "-" "Mozilla/5.0 (compatible; DotBot/1.2; +https://opensiteexplorer.org/dotbot; help@moz.com)"
216.244.66.250 - - [16/Sep/2025:11:55:35 +0200] "GET /2024/01/15/15-100-percent-free-no-deposit-local-casino-enchanted-7s-real-money-bonuses-up-to-date-within-the-january-2024/ HTTP/1.1" 200 52782 "-" "Mozilla/5.0 (compatible; DotBot/1.2; +https://opensiteexplorer.org/dotbot; help@moz.com)"
216.244.66.250 - - [16/Sep/2025:11:56:12 +0200] "GET /2024/03/10/finest-no-deposit-bonuses-and-you-may-fruits-on-ice-online-slot-rules-2024-all-of-us-web-based-casinos/ HTTP/1.1" 200 50927 "-" "Mozilla/5.0 (compatible; DotBot/1.2; +https://opensiteexplorer.org/dotbot; help@moz.com)"
216.244.66.250 - - [16/Sep/2025:11:56:46 +0200] "GET /2024/03/13/mr-bet-disagio-10-euroletten-400-prozent-bonus-casino-willkommensbonus-spielsaal-freispiele-unsre-2023-erziehung/ HTTP/1.1" 200 53409 "-" "Mozilla/5.0 (compatible; DotBot/1.2; +https://opensiteexplorer.org/dotbot; help@moz.com)"
216.244.66.250 - - [16/Sep/2025:11:57:17 +0200] "GET /2024/03/17/najpozytywniejsze-zagraj-w-golden-ticket-online-kasyna-sieciowy-w-polsce/ HTTP/1.1" 200 52752 "-" "Mozilla/5.0 (compatible; DotBot/1.2; +https://opensiteexplorer.org/dotbot; help@moz.com)"
216.244.66.250 - - [16/Sep/2025:11:57:55 +0200] "GET /2024/05/01/betsson-casino-maklercourtage-kode-and-sicherheitsstandards-inoffizieller-mitarbeiter-probe/ HTTP/1.1" 200 54195 "-" "Mozilla/5.0 (compatible; DotBot/1.2; +https://opensiteexplorer.org/dotbot; help@moz.com)"
216.244.66.250 - - [16/Sep/2025:11:58:28 +0200] "GET /2024/05/01/vorm-onze-uitgebreide-review-over-koningsgezin-gokhuis-momenteel/ HTTP/1.1" 200 50509 "-" "Mozilla/5.0 (compatible; DotBot/1.2; +https://opensiteexplorer.org/dotbot; help@moz.com)"
216.244.66.250 - - [16/Sep/2025:11:58:59 +0200] "GET /2024/05/02/die-besten-online-casinos-unter-einsatz-von-freispielen-blos-einzahlung-2024/ HTTP/1.1" 200 50884 "-" "Mozilla/5.0 (compatible; DotBot/1.2; +https://opensiteexplorer.org/dotbot; help@moz.com)"
216.244.66.250 - - [16/Sep/2025:11:59:30 +0200] "GET /2024/05/05/earn-twenty-four-hours-cellular-local-casino/ HTTP/1.1" 200 52626 "-" "Mozilla/5.0 (compatible; DotBot/1.2; +https://opensiteexplorer.org/dotbot; help@moz.com)"
216.244.66.250 - - [16/Sep/2025:12:00:01 +0200] "GET /2024/05/11/fishin-reels-position-demonstration-online-game-remark/ HTTP/1.1" 200 51710 "-" "Mozilla/5.0 (compatible; DotBot/1.2; +https://opensiteexplorer.org/dotbot; help@moz.com)"
216.244.66.250 - - [16/Sep/2025:12:00:31 +0200] "GET /2024/05/15/most-recent-step-one-put-gambling-enterprise-bonuses/ HTTP/1.1" 200 51424 "-" "Mozilla/5.0 (compatible; DotBot/1.2; +https://opensiteexplorer.org/dotbot; help@moz.com)"
216.244.66.250 - - [16/Sep/2025:12:00:58 +0200] "GET /2024/09/13/doctor-just-who-all-of-the-twelve-clues-one-casino-karamba-review-flower-perform-become-crappy-wolf/ HTTP/1.1" 200 55169 "-" "Mozilla/5.0 (compatible; DotBot/1.2; +https://opensiteexplorer.org/dotbot; help@moz.com)"
216.244.66.250 - - [16/Sep/2025:12:01:26 +0200] "GET /2024/09/19/slotman-casino-bonus-25-freispiele-ohne-einzahlung/ HTTP/1.1" 200 56960 "-" "Mozilla/5.0 (compatible; DotBot/1.2; +https://opensiteexplorer.org/dotbot; help@moz.com)"
216.244.66.250 - - [16/Sep/2025:12:01:51 +0200] "GET /2024/10/01/kasino-worterverzeichnis-wette-ferner-roulette-begriffe-abgesprochen/ HTTP/1.1" 200 52817 "-" "Mozilla/5.0 (compatible; DotBot/1.2; +https://opensiteexplorer.org/dotbot; help@moz.com)"
216.244.66.250 - - [16/Sep/2025:12:02:16 +0200] "GET /2024/10/08/davinci-diamonds-dual-gamble-casino-online-paypal-gambling-enterprise-position-online-game-atlantic-lottery/ HTTP/1.1" 200 53649 "-" "Mozilla/5.0 (compatible; DotBot/1.2; +https://opensiteexplorer.org/dotbot; help@moz.com)"
216.244.66.250 - - [16/Sep/2025:12:02:51 +0200] "GET /2024/10/11/casino-maklercourtage-abzuglich-einzahlung-samtliche-no-vorleistung-boni-2024/ HTTP/1.1" 200 51999 "-" "Mozilla/5.0 (compatible; DotBot/1.2; +https://opensiteexplorer.org/dotbot; help@moz.com)"
216.244.66.250 - - [16/Sep/2025:12:03:24 +0200] "GET /2024/10/14/golden-tiger-canada-no-deposit-casino-incentive/ HTTP/1.1" 200 51916 "-" "Mozilla/5.0 (compatible; DotBot/1.2; +https://opensiteexplorer.org/dotbot; help@moz.com)"
216.244.66.250 - - [16/Sep/2025:12:03:56 +0200] "GET /2024/10/22/caca-niquel-online-busca-niquel-aquele-honorario-algum-atual/ HTTP/1.1" 200 53371 "-" "Mozilla/5.0 (compatible; DotBot/1.2; +https://opensiteexplorer.org/dotbot; help@moz.com)"
216.244.66.250 - - [16/Sep/2025:12:04:43 +0200] "GET /2024/10/25/larger-bikini-island-casino-feet-slot-review-incentives-free-gamble/ HTTP/1.1" 200 50812 "-" "Mozilla/5.0 (compatible; DotBot/1.2; +https://opensiteexplorer.org/dotbot; help@moz.com)"
216.244.66.250 - - [16/Sep/2025:12:05:17 +0200] "GET /2024/10/27/daselbst-vinci-diamonds-slot-machine/ HTTP/1.1" 200 52738 "-" "Mozilla/5.0 (compatible; DotBot/1.2; +https://opensiteexplorer.org/dotbot; help@moz.com)"
216.244.66.250 - - [16/Sep/2025:12:05:48 +0200] "GET /2024/10/28/casilando-gambling-establishment-fifty-free-revolves-no-slot-million-cents-hd-online-deposit-on-the-publication-from-dead/ HTTP/1.1" 200 52688 "-" "Mozilla/5.0 (compatible; DotBot/1.2; +https://opensiteexplorer.org/dotbot; help@moz.com)"
216.244.66.250 - - [16/Sep/2025:12:07:00 +0200] "GET /2024/11/12/best-united-states-online-casino-bonuses-up-lucky-88-pay-table-to-dosfive-hundred/ HTTP/1.1" 200 55034 "-" "Mozilla/5.0 (compatible; DotBot/1.2; +https://opensiteexplorer.org/dotbot; help@moz.com)"
216.244.66.250 - - [16/Sep/2025:12:07:36 +0200] "GET /2024/11/13/ultra-hot-deluxe-slot-uciecha-za-darmo-internetowego-w-kasynopl/ HTTP/1.1" 200 52368 "-" "Mozilla/5.0 (compatible; DotBot/1.2; +https://opensiteexplorer.org/dotbot; help@moz.com)"
216.244.66.250 - - [16/Sep/2025:12:08:13 +0200] "GET /2024/11/18/better-local-casino-5-deposit-casino-monster-mash-cash-applications-2024-greatest-a-real-income-gambling-programs-on-the-web/ HTTP/1.1" 200 54347 "-" "Mozilla/5.0 (compatible; DotBot/1.2; +https://opensiteexplorer.org/dotbot; help@moz.com)"
216.244.66.250 - - [16/Sep/2025:12:08:48 +0200] "GET /2024/11/25/ice-casino-relajate-con-bonos-sin-deposito-por-asignacion-cincuenta-giros-de-balde/ HTTP/1.1" 200 65355 "-" "Mozilla/5.0 (compatible; DotBot/1.2; +https://opensiteexplorer.org/dotbot; help@moz.com)"
216.244.66.250 - - [16/Sep/2025:12:09:37 +0200] "GET /2024/12/01/stinkin-rich-skunks-went-nuts-slot-comment-and-jokers-jewels-slot-machine-demonstration-rtp96-14/ HTTP/1.1" 200 53844 "-" "Mozilla/5.0 (compatible; DotBot/1.2; +https://opensiteexplorer.org/dotbot; help@moz.com)"
216.244.66.250 - - [16/Sep/2025:12:10:13 +0200] "GET /2024/12/29/10-better-online-roulette-the-real-jackpot-capital-welcome-offer-casino-deal-money-casinos-to-play-inside-2024/ HTTP/1.1" 200 51096 "-" "Mozilla/5.0 (compatible; DotBot/1.2; +https://opensiteexplorer.org/dotbot; help@moz.com)"
216.244.66.250 - - [16/Sep/2025:12:10:52 +0200] "GET /2024/12/29/best-baccarat-3-minimum-deposit-casino-websites-2024-gamble-baccarat-online-for-real-currency/ HTTP/1.1" 200 53393 "-" "Mozilla/5.0 (compatible; DotBot/1.2; +https://opensiteexplorer.org/dotbot; help@moz.com)"
216.244.66.250 - - [16/Sep/2025:12:11:27 +0200] "GET /2024/12/30/microgaming-the-new-rat-package-casino-slot-games-video-game-information-and-you-may-online-mahjong-88-casinos-full-review/ HTTP/1.1" 200 56810 "-" "Mozilla/5.0 (compatible; DotBot/1.2; +https://opensiteexplorer.org/dotbot; help@moz.com)"
216.244.66.250 - - [16/Sep/2025:12:12:11 +0200] "GET /2024/12/31/best-instant-lucky-numbers-150-free-spins-reviews-detachment-bitcoin-crypto-casinos/ HTTP/1.1" 200 54776 "-" "Mozilla/5.0 (compatible; DotBot/1.2; +https://opensiteexplorer.org/dotbot; help@moz.com)"
216.244.66.250 - - [16/Sep/2025:12:12:44 +0200] "GET /2024/12/31/eye-of-horus-fur-nusse-spielen-exklusive-registrierung-2/ HTTP/1.1" 200 52746 "-" "Mozilla/5.0 (compatible; DotBot/1.2; +https://opensiteexplorer.org/dotbot; help@moz.com)"
216.244.66.250 - - [16/Sep/2025:12:13:18 +0200] "GET /2025/01/02/eftersyn-det-bedste-danske-blues-spil-kasino-pr-2024-tilslutte-vores-beskaffenhed/ HTTP/1.1" 200 52142 "-" "Mozilla/5.0 (compatible; DotBot/1.2; +https://opensiteexplorer.org/dotbot; help@moz.com)"
216.244.66.250 - - [16/Sep/2025:12:13:54 +0200] "GET /2025/01/10/rotiri-gratuite-ci-plata-2024-fila-bonusuri-care-5-000-rotiri/ HTTP/1.1" 200 51538 "-" "Mozilla/5.0 (compatible; DotBot/1.2; +https://opensiteexplorer.org/dotbot; help@moz.com)"
216.244.66.250 - - [16/Sep/2025:12:14:30 +0200] "GET /2022/04/06/mostbet-brasil-e-confiavel-cadastro-e-bonus-de-r1700-8/ HTTP/1.1" 200 62426 "-" "Mozilla/5.0 (compatible; DotBot/1.2; +https://opensiteexplorer.org/dotbot; help@moz.com)"
216.244.66.250 - - [16/Sep/2025:12:15:05 +0200] "GET /2023/12/18/prometrium-200-mg-online-senza-prescrizione-medica-farmacia-a-buon-mercato/ HTTP/1.1" 200 58497 "-" "Mozilla/5.0 (compatible; DotBot/1.2; +https://opensiteexplorer.org/dotbot; help@moz.com)"
216.244.66.250 - - [16/Sep/2025:12:15:38 +0200] "GET /2024/03/11/400percent-casino-paypal-einzahlung-deutschland-spielbank-bonus/ HTTP/1.1" 200 51438 "-" "Mozilla/5.0 (compatible; DotBot/1.2; +https://opensiteexplorer.org/dotbot; help@moz.com)"
216.244.66.250 - - [16/Sep/2025:12:16:13 +0200] "GET /2024/05/03/angeschlossen-spielsaal-qua-mobilfunktelefon-begleichen-kurznachricht-beste-casinos-unter-einsatz-von-telefonrechnung-teutonia-2024/ HTTP/1.1" 200 52677 "-" "Mozilla/5.0 (compatible; DotBot/1.2; +https://opensiteexplorer.org/dotbot; help@moz.com)"
216.244.66.250 - - [16/Sep/2025:12:16:42 +0200] "GET /2024/05/08/benefits-and-drawbacks-from-mobile-take-a-look-at-put/ HTTP/1.1" 200 51779 "-" "Mozilla/5.0 (compatible; DotBot/1.2; +https://opensiteexplorer.org/dotbot; help@moz.com)"
216.244.66.250 - - [16/Sep/2025:12:17:12 +0200] "GET /2024/06/14/multiple-diamond-slot-machine-game-gamble-totally-free-igt-ports/ HTTP/1.1" 200 54058 "-" "Mozilla/5.0 (compatible; DotBot/1.2; +https://opensiteexplorer.org/dotbot; help@moz.com)"
216.244.66.250 - - [16/Sep/2025:12:17:44 +0200] "GET /2024/10/11/10-ecu-bonus-exklusive-einzahlung-2024-kostenfrei-startgeld-10/ HTTP/1.1" 200 53242 "-" "Mozilla/5.0 (compatible; DotBot/1.2; +https://opensiteexplorer.org/dotbot; help@moz.com)"
216.244.66.250 - - [16/Sep/2025:12:18:13 +0200] "GET /2024/10/25/5-bingo-online-game-one-to-supe-it-up-1-deposit-shell-out-real-cash-instantaneously/ HTTP/1.1" 200 50570 "-" "Mozilla/5.0 (compatible; DotBot/1.2; +https://opensiteexplorer.org/dotbot; help@moz.com)"
216.244.66.250 - - [16/Sep/2025:12:18:44 +0200] "GET /2024/11/08/vacature-senior-expert-surrogaat-plus-renovatieprojecten-rijkswaterstaat/ HTTP/1.1" 200 51284 "-" "Mozilla/5.0 (compatible; DotBot/1.2; +https://opensiteexplorer.org/dotbot; help@moz.com)"
216.244.66.250 - - [16/Sep/2025:12:19:11 +0200] "GET /2024/11/10/cherrycasino-rezension-meine-erfahrungen-testbericht-2024/ HTTP/1.1" 200 56635 "-" "Mozilla/5.0 (compatible; DotBot/1.2; +https://opensiteexplorer.org/dotbot; help@moz.com)"
216.244.66.250 - - [16/Sep/2025:12:19:40 +0200] "GET /2024/11/12/gratisspinn-uten-gave-der-begrenset-paslat-registrering/ HTTP/1.1" 200 53512 "-" "Mozilla/5.0 (compatible; DotBot/1.2; +https://opensiteexplorer.org/dotbot; help@moz.com)"
216.244.66.250 - - [16/Sep/2025:12:20:05 +0200] "GET /2024/11/20/absolute-rare-metal-position-comment-you-to-definitely-clasic-slot-machine-game-by-microgaming/ HTTP/1.1" 200 52315 "-" "Mozilla/5.0 (compatible; DotBot/1.2; +https://opensiteexplorer.org/dotbot; help@moz.com)"
216.244.66.250 - - [16/Sep/2025:12:20:30 +0200] "GET /2024/11/24/gamble-casino-big-buffalo-online-sweeps-fish-games/ HTTP/1.1" 200 51890 "-" "Mozilla/5.0 (compatible; DotBot/1.2; +https://opensiteexplorer.org/dotbot; help@moz.com)"
216.244.66.250 - - [16/Sep/2025:12:20:53 +0200] "GET /2024/11/25/10-verbunden-casino-bonus-exklusive-einzahlung/ HTTP/1.1" 200 51748 "-" "Mozilla/5.0 (compatible; DotBot/1.2; +https://opensiteexplorer.org/dotbot; help@moz.com)"
