113.249.101.163 - - [16/Sep/2025:10:24:05 +0200] "POST /xmlrpc.php HTTP/1.1" 200 403 "-" "Apache-HttpClient/4.5.2 (Java/1.8.0_161)"
113.249.101.163 - - [16/Sep/2025:10:24:07 +0200] "POST /xmlrpc.php HTTP/1.1" 200 403 "-" "Apache-HttpClient/4.5.2 (Java/1.8.0_161)"
113.249.101.163 - - [16/Sep/2025:10:24:08 +0200] "POST /xmlrpc.php HTTP/1.1" 200 403 "-" "Apache-HttpClient/4.5.2 (Java/1.8.0_161)"
113.249.101.163 - - [16/Sep/2025:10:24:10 +0200] "POST /xmlrpc.php HTTP/1.1" 200 403 "-" "Apache-HttpClient/4.5.2 (Java/1.8.0_161)"
113.249.101.163 - - [16/Sep/2025:10:24:11 +0200] "POST /xmlrpc.php HTTP/1.1" 200 403 "-" "Apache-HttpClient/4.5.2 (Java/1.8.0_161)"
216.244.66.250 - - [16/Sep/2025:10:24:11 +0200] "GET /2024/05/06/ekstra-hot-fruits-megaways-robot-sieciowy/ HTTP/1.1" 200 52025 "-" "Mozilla/5.0 (compatible; DotBot/1.2; +https://opensiteexplorer.org/dotbot; help@moz.com)"
113.249.101.163 - - [16/Sep/2025:10:24:13 +0200] "POST /xmlrpc.php HTTP/1.1" 200 403 "-" "Apache-HttpClient/4.5.2 (Java/1.8.0_161)"
113.249.101.163 - - [16/Sep/2025:10:24:16 +0200] "POST /xmlrpc.php HTTP/1.1" 200 403 "-" "Apache-HttpClient/4.5.2 (Java/1.8.0_161)"
113.249.101.163 - - [16/Sep/2025:10:24:17 +0200] "POST /xmlrpc.php HTTP/1.1" 200 403 "-" "Apache-HttpClient/4.5.2 (Java/1.8.0_161)"
113.249.101.163 - - [16/Sep/2025:10:24:20 +0200] "POST /xmlrpc.php HTTP/1.1" 200 403 "-" "Apache-HttpClient/4.5.2 (Java/1.8.0_161)"
197.243.23.5 - - [16/Sep/2025:10:24:23 +0200] "POST /wp-cron.php?doing_wp_cron=1758011063.2086100578308105468750 HTTP/1.1" 200 - "-" "WordPress/6.8.2; https://www.effectiveratecpm.com/cdf10j95?key=9d84a2498fb6af60cb82f0df204577f6"
113.249.101.163 - - [16/Sep/2025:10:24:23 +0200] "POST /xmlrpc.php HTTP/1.1" 200 403 "-" "Apache-HttpClient/4.5.2 (Java/1.8.0_161)"
113.249.101.163 - - [16/Sep/2025:10:24:25 +0200] "POST /xmlrpc.php HTTP/1.1" 200 403 "-" "Apache-HttpClient/4.5.2 (Java/1.8.0_161)"
113.249.101.163 - - [16/Sep/2025:10:24:27 +0200] "POST /xmlrpc.php HTTP/1.1" 200 403 "-" "Apache-HttpClient/4.5.2 (Java/1.8.0_161)"
113.249.101.163 - - [16/Sep/2025:10:24:29 +0200] "POST /xmlrpc.php HTTP/1.1" 200 403 "-" "Apache-HttpClient/4.5.2 (Java/1.8.0_161)"
113.249.101.163 - - [16/Sep/2025:10:24:30 +0200] "POST /xmlrpc.php HTTP/1.1" 200 403 "-" "Apache-HttpClient/4.5.2 (Java/1.8.0_161)"
113.249.101.163 - - [16/Sep/2025:10:24:33 +0200] "POST /xmlrpc.php HTTP/1.1" 200 403 "-" "Apache-HttpClient/4.5.2 (Java/1.8.0_161)"
216.244.66.250 - - [16/Sep/2025:10:24:33 +0200] "GET /2024/05/11/large-wheel-harbors/ HTTP/1.1" 200 50852 "-" "Mozilla/5.0 (compatible; DotBot/1.2; +https://opensiteexplorer.org/dotbot; help@moz.com)"
197.243.23.5 - - [16/Sep/2025:10:24:38 +0200] "POST /wp-cron.php?doing_wp_cron=1758011078.3242669105529785156250 HTTP/1.1" 200 - "-" "WordPress/6.8.2; https://www.effectiveratecpm.com/cdf10j95?key=9d84a2498fb6af60cb82f0df204577f6"
113.249.101.163 - - [16/Sep/2025:10:24:38 +0200] "POST /xmlrpc.php HTTP/1.1" 200 403 "-" "Apache-HttpClient/4.5.2 (Java/1.8.0_161)"
113.249.101.163 - - [16/Sep/2025:10:24:44 +0200] "POST /xmlrpc.php HTTP/1.1" 200 403 "-" "Apache-HttpClient/4.5.2 (Java/1.8.0_161)"
113.249.101.163 - - [16/Sep/2025:10:24:45 +0200] "POST /xmlrpc.php HTTP/1.1" 200 403 "-" "Apache-HttpClient/4.5.2 (Java/1.8.0_161)"
113.249.101.163 - - [16/Sep/2025:10:24:47 +0200] "POST /xmlrpc.php HTTP/1.1" 200 403 "-" "Apache-HttpClient/4.5.2 (Java/1.8.0_161)"
113.249.101.163 - - [16/Sep/2025:10:24:49 +0200] "POST /xmlrpc.php HTTP/1.1" 200 403 "-" "Apache-HttpClient/4.5.2 (Java/1.8.0_161)"
216.244.66.250 - - [16/Sep/2025:10:24:54 +0200] "GET /2024/05/13/casino-3/ HTTP/1.1" 200 51941 "-" "Mozilla/5.0 (compatible; DotBot/1.2; +https://opensiteexplorer.org/dotbot; help@moz.com)"
113.249.101.163 - - [16/Sep/2025:10:24:56 +0200] "POST /xmlrpc.php HTTP/1.1" 200 403 "-" "Apache-HttpClient/4.5.2 (Java/1.8.0_161)"
113.249.101.163 - - [16/Sep/2025:10:24:57 +0200] "POST /xmlrpc.php HTTP/1.1" 200 403 "-" "Apache-HttpClient/4.5.2 (Java/1.8.0_161)"
113.249.101.163 - - [16/Sep/2025:10:24:59 +0200] "POST /xmlrpc.php HTTP/1.1" 200 403 "-" "Apache-HttpClient/4.5.2 (Java/1.8.0_161)"
113.249.101.163 - - [16/Sep/2025:10:25:00 +0200] "POST /xmlrpc.php HTTP/1.1" 200 403 "-" "Apache-HttpClient/4.5.2 (Java/1.8.0_161)"
113.249.101.163 - - [16/Sep/2025:10:25:01 +0200] "POST /xmlrpc.php HTTP/1.1" 200 403 "-" "Apache-HttpClient/4.5.2 (Java/1.8.0_161)"
113.249.101.163 - - [16/Sep/2025:10:25:03 +0200] "POST /xmlrpc.php HTTP/1.1" 200 403 "-" "Apache-HttpClient/4.5.2 (Java/1.8.0_161)"
113.249.101.163 - - [16/Sep/2025:10:25:06 +0200] "POST /xmlrpc.php HTTP/1.1" 200 403 "-" "Apache-HttpClient/4.5.2 (Java/1.8.0_161)"
113.249.101.163 - - [16/Sep/2025:10:25:07 +0200] "POST /xmlrpc.php HTTP/1.1" 200 403 "-" "Apache-HttpClient/4.5.2 (Java/1.8.0_161)"
113.249.101.163 - - [16/Sep/2025:10:25:09 +0200] "POST /xmlrpc.php HTTP/1.1" 200 403 "-" "Apache-HttpClient/4.5.2 (Java/1.8.0_161)"
216.244.66.250 - - [16/Sep/2025:10:25:14 +0200] "GET /2024/05/20/jeux-par-rapport-aux-salle-de-jeu-quelque-peu-avec-ses-paiements-les-plus-agiles/ HTTP/1.1" 200 54450 "-" "Mozilla/5.0 (compatible; DotBot/1.2; +https://opensiteexplorer.org/dotbot; help@moz.com)"
113.249.101.163 - - [16/Sep/2025:10:25:14 +0200] "POST /xmlrpc.php HTTP/1.1" 200 403 "-" "Apache-HttpClient/4.5.2 (Java/1.8.0_161)"
113.249.101.163 - - [16/Sep/2025:10:25:15 +0200] "POST /xmlrpc.php HTTP/1.1" 200 403 "-" "Apache-HttpClient/4.5.2 (Java/1.8.0_161)"
113.249.101.163 - - [16/Sep/2025:10:25:17 +0200] "POST /xmlrpc.php HTTP/1.1" 200 403 "-" "Apache-HttpClient/4.5.2 (Java/1.8.0_161)"
113.249.101.163 - - [16/Sep/2025:10:25:18 +0200] "POST /xmlrpc.php HTTP/1.1" 200 403 "-" "Apache-HttpClient/4.5.2 (Java/1.8.0_161)"
113.249.101.163 - - [16/Sep/2025:10:25:19 +0200] "POST /xmlrpc.php HTTP/1.1" 200 403 "-" "Apache-HttpClient/4.5.2 (Java/1.8.0_161)"
113.249.101.163 - - [16/Sep/2025:10:25:20 +0200] "POST /xmlrpc.php HTTP/1.1" 200 403 "-" "Apache-HttpClient/4.5.2 (Java/1.8.0_161)"
113.249.101.163 - - [16/Sep/2025:10:25:21 +0200] "POST /xmlrpc.php HTTP/1.1" 200 403 "-" "Apache-HttpClient/4.5.2 (Java/1.8.0_161)"
113.249.101.163 - - [16/Sep/2025:10:25:22 +0200] "POST /xmlrpc.php HTTP/1.1" 200 403 "-" "Apache-HttpClient/4.5.2 (Java/1.8.0_161)"
113.249.101.163 - - [16/Sep/2025:10:25:27 +0200] "POST /xmlrpc.php HTTP/1.1" 200 403 "-" "Apache-HttpClient/4.5.2 (Java/1.8.0_161)"
113.249.101.163 - - [16/Sep/2025:10:25:28 +0200] "POST /xmlrpc.php HTTP/1.1" 200 403 "-" "Apache-HttpClient/4.5.2 (Java/1.8.0_161)"
113.249.101.163 - - [16/Sep/2025:10:25:30 +0200] "POST /xmlrpc.php HTTP/1.1" 200 403 "-" "Apache-HttpClient/4.5.2 (Java/1.8.0_161)"
113.249.101.163 - - [16/Sep/2025:10:25:31 +0200] "POST /xmlrpc.php HTTP/1.1" 200 403 "-" "Apache-HttpClient/4.5.2 (Java/1.8.0_161)"
113.249.101.163 - - [16/Sep/2025:10:25:33 +0200] "POST /xmlrpc.php HTTP/1.1" 200 403 "-" "Apache-HttpClient/4.5.2 (Java/1.8.0_161)"
216.244.66.250 - - [16/Sep/2025:10:25:32 +0200] "GET /2024/06/20/kosarkarske-valute-sledi-stave-receno/ HTTP/1.1" 200 49906 "-" "Mozilla/5.0 (compatible; DotBot/1.2; +https://opensiteexplorer.org/dotbot; help@moz.com)"
113.249.101.163 - - [16/Sep/2025:10:25:34 +0200] "POST /xmlrpc.php HTTP/1.1" 200 403 "-" "Apache-HttpClient/4.5.2 (Java/1.8.0_161)"
113.249.101.163 - - [16/Sep/2025:10:25:35 +0200] "POST /xmlrpc.php HTTP/1.1" 200 403 "-" "Apache-HttpClient/4.5.2 (Java/1.8.0_161)"
113.249.101.163 - - [16/Sep/2025:10:25:36 +0200] "POST /xmlrpc.php HTTP/1.1" 200 403 "-" "Apache-HttpClient/4.5.2 (Java/1.8.0_161)"
113.249.101.163 - - [16/Sep/2025:10:25:37 +0200] "POST /xmlrpc.php HTTP/1.1" 200 403 "-" "Apache-HttpClient/4.5.2 (Java/1.8.0_161)"
113.249.101.163 - - [16/Sep/2025:10:25:38 +0200] "POST /xmlrpc.php HTTP/1.1" 200 403 "-" "Apache-HttpClient/4.5.2 (Java/1.8.0_161)"
113.249.101.163 - - [16/Sep/2025:10:25:40 +0200] "POST /xmlrpc.php HTTP/1.1" 200 403 "-" "Apache-HttpClient/4.5.2 (Java/1.8.0_161)"
113.249.101.163 - - [16/Sep/2025:10:25:41 +0200] "POST /xmlrpc.php HTTP/1.1" 200 403 "-" "Apache-HttpClient/4.5.2 (Java/1.8.0_161)"
113.249.101.163 - - [16/Sep/2025:10:25:43 +0200] "POST /xmlrpc.php HTTP/1.1" 200 403 "-" "Apache-HttpClient/4.5.2 (Java/1.8.0_161)"
113.249.101.163 - - [16/Sep/2025:10:25:44 +0200] "POST /xmlrpc.php HTTP/1.1" 200 403 "-" "Apache-HttpClient/4.5.2 (Java/1.8.0_161)"
113.249.101.163 - - [16/Sep/2025:10:25:45 +0200] "POST /xmlrpc.php HTTP/1.1" 200 403 "-" "Apache-HttpClient/4.5.2 (Java/1.8.0_161)"
216.244.66.250 - - [16/Sep/2025:10:25:50 +0200] "GET /2024/07/06/greatest-real-cash-web-based-casinos-in-the-usa-2023/ HTTP/1.1" 200 53421 "-" "Mozilla/5.0 (compatible; DotBot/1.2; +https://opensiteexplorer.org/dotbot; help@moz.com)"
113.249.101.163 - - [16/Sep/2025:10:25:52 +0200] "POST /xmlrpc.php HTTP/1.1" 200 403 "-" "Apache-HttpClient/4.5.2 (Java/1.8.0_161)"
113.249.101.163 - - [16/Sep/2025:10:25:53 +0200] "POST /xmlrpc.php HTTP/1.1" 200 403 "-" "Apache-HttpClient/4.5.2 (Java/1.8.0_161)"
113.249.101.163 - - [16/Sep/2025:10:25:54 +0200] "POST /xmlrpc.php HTTP/1.1" 200 403 "-" "Apache-HttpClient/4.5.2 (Java/1.8.0_161)"
113.249.101.163 - - [16/Sep/2025:10:25:55 +0200] "POST /xmlrpc.php HTTP/1.1" 200 403 "-" "Apache-HttpClient/4.5.2 (Java/1.8.0_161)"
113.249.101.163 - - [16/Sep/2025:10:25:58 +0200] "POST /xmlrpc.php HTTP/1.1" 200 403 "-" "Apache-HttpClient/4.5.2 (Java/1.8.0_161)"
113.249.101.163 - - [16/Sep/2025:10:26:04 +0200] "POST /xmlrpc.php HTTP/1.1" 200 403 "-" "Apache-HttpClient/4.5.2 (Java/1.8.0_161)"
113.249.101.163 - - [16/Sep/2025:10:26:06 +0200] "POST /xmlrpc.php HTTP/1.1" 200 403 "-" "Apache-HttpClient/4.5.2 (Java/1.8.0_161)"
216.244.66.250 - - [16/Sep/2025:10:26:06 +0200] "GET /2024/07/19/100-percent-free-slot-machine-games-with-totally-free-spins/ HTTP/1.1" 200 50955 "-" "Mozilla/5.0 (compatible; DotBot/1.2; +https://opensiteexplorer.org/dotbot; help@moz.com)"
113.249.101.163 - - [16/Sep/2025:10:26:08 +0200] "POST /xmlrpc.php HTTP/1.1" 200 403 "-" "Apache-HttpClient/4.5.2 (Java/1.8.0_161)"
113.249.101.163 - - [16/Sep/2025:10:26:09 +0200] "POST /xmlrpc.php HTTP/1.1" 200 403 "-" "Apache-HttpClient/4.5.2 (Java/1.8.0_161)"
113.249.101.163 - - [16/Sep/2025:10:26:11 +0200] "POST /xmlrpc.php HTTP/1.1" 200 403 "-" "Apache-HttpClient/4.5.2 (Java/1.8.0_161)"
113.249.101.163 - - [16/Sep/2025:10:26:13 +0200] "POST /xmlrpc.php HTTP/1.1" 200 403 "-" "Apache-HttpClient/4.5.2 (Java/1.8.0_161)"
113.249.101.163 - - [16/Sep/2025:10:26:15 +0200] "POST /xmlrpc.php HTTP/1.1" 200 403 "-" "Apache-HttpClient/4.5.2 (Java/1.8.0_161)"
113.249.101.163 - - [16/Sep/2025:10:26:16 +0200] "POST /xmlrpc.php HTTP/1.1" 200 403 "-" "Apache-HttpClient/4.5.2 (Java/1.8.0_161)"
113.249.101.163 - - [16/Sep/2025:10:26:17 +0200] "POST /xmlrpc.php HTTP/1.1" 200 403 "-" "Apache-HttpClient/4.5.2 (Java/1.8.0_161)"
113.249.101.163 - - [16/Sep/2025:10:26:19 +0200] "POST /xmlrpc.php HTTP/1.1" 200 403 "-" "Apache-HttpClient/4.5.2 (Java/1.8.0_161)"
113.249.101.163 - - [16/Sep/2025:10:26:21 +0200] "POST /xmlrpc.php HTTP/1.1" 200 403 "-" "Apache-HttpClient/4.5.2 (Java/1.8.0_161)"
113.249.101.163 - - [16/Sep/2025:10:26:22 +0200] "POST /xmlrpc.php HTTP/1.1" 200 403 "-" "Apache-HttpClient/4.5.2 (Java/1.8.0_161)"
216.244.66.250 - - [16/Sep/2025:10:26:21 +0200] "GET /2024/10/08/beste-online-kasino-unter-einsatz-von-mobilfunktelefon-bezahlen-as-part-of-ihr-helvetische-republik-2024/ HTTP/1.1" 200 54013 "-" "Mozilla/5.0 (compatible; DotBot/1.2; +https://opensiteexplorer.org/dotbot; help@moz.com)"
113.249.101.163 - - [16/Sep/2025:10:26:24 +0200] "POST /xmlrpc.php HTTP/1.1" 200 403 "-" "Apache-HttpClient/4.5.2 (Java/1.8.0_161)"
113.249.101.163 - - [16/Sep/2025:10:26:27 +0200] "POST /xmlrpc.php HTTP/1.1" 200 403 "-" "Apache-HttpClient/4.5.2 (Java/1.8.0_161)"
113.249.101.163 - - [16/Sep/2025:10:26:29 +0200] "POST /xmlrpc.php HTTP/1.1" 200 403 "-" "Apache-HttpClient/4.5.2 (Java/1.8.0_161)"
113.249.101.163 - - [16/Sep/2025:10:26:33 +0200] "POST /xmlrpc.php HTTP/1.1" 200 403 "-" "Apache-HttpClient/4.5.2 (Java/1.8.0_161)"
113.249.101.163 - - [16/Sep/2025:10:26:35 +0200] "POST /xmlrpc.php HTTP/1.1" 200 403 "-" "Apache-HttpClient/4.5.2 (Java/1.8.0_161)"
113.249.101.163 - - [16/Sep/2025:10:26:36 +0200] "POST /xmlrpc.php HTTP/1.1" 200 403 "-" "Apache-HttpClient/4.5.2 (Java/1.8.0_161)"
216.244.66.250 - - [16/Sep/2025:10:26:36 +0200] "GET /2024/10/11/irelands-better-smartphone-sale-sim-texas-tea-1-deposit-simply-iphones/ HTTP/1.1" 200 51423 "-" "Mozilla/5.0 (compatible; DotBot/1.2; +https://opensiteexplorer.org/dotbot; help@moz.com)"
113.249.101.163 - - [16/Sep/2025:10:26:38 +0200] "POST /xmlrpc.php HTTP/1.1" 200 403 "-" "Apache-HttpClient/4.5.2 (Java/1.8.0_161)"
113.249.101.163 - - [16/Sep/2025:10:26:39 +0200] "POST /xmlrpc.php HTTP/1.1" 200 403 "-" "Apache-HttpClient/4.5.2 (Java/1.8.0_161)"
113.249.101.163 - - [16/Sep/2025:10:26:42 +0200] "POST /xmlrpc.php HTTP/1.1" 200 403 "-" "Apache-HttpClient/4.5.2 (Java/1.8.0_161)"
113.249.101.163 - - [16/Sep/2025:10:26:49 +0200] "POST /xmlrpc.php HTTP/1.1" 200 403 "-" "Apache-HttpClient/4.5.2 (Java/1.8.0_161)"
216.244.66.250 - - [16/Sep/2025:10:26:49 +0200] "GET /2024/10/12/200-pramie-in-consorsbank-beschutzen-letter-existireren-dies-die-provision/ HTTP/1.1" 200 54566 "-" "Mozilla/5.0 (compatible; DotBot/1.2; +https://opensiteexplorer.org/dotbot; help@moz.com)"
113.249.101.163 - - [16/Sep/2025:10:26:55 +0200] "POST /xmlrpc.php HTTP/1.1" 200 403 "-" "Apache-HttpClient/4.5.2 (Java/1.8.0_161)"
113.249.101.163 - - [16/Sep/2025:10:26:58 +0200] "POST /xmlrpc.php HTTP/1.1" 200 403 "-" "Apache-HttpClient/4.5.2 (Java/1.8.0_161)"
113.249.101.163 - - [16/Sep/2025:10:26:59 +0200] "POST /xmlrpc.php HTTP/1.1" 200 403 "-" "Apache-HttpClient/4.5.2 (Java/1.8.0_161)"
113.249.101.163 - - [16/Sep/2025:10:27:02 +0200] "POST /xmlrpc.php HTTP/1.1" 200 403 "-" "Apache-HttpClient/4.5.2 (Java/1.8.0_161)"
216.244.66.250 - - [16/Sep/2025:10:27:02 +0200] "GET /2024/10/14/25-totally-free-spins-to-the-membership-no-deposit-in-britain-up-to-date-inside-the-2024/ HTTP/1.1" 200 54164 "-" "Mozilla/5.0 (compatible; DotBot/1.2; +https://opensiteexplorer.org/dotbot; help@moz.com)"
113.249.101.163 - - [16/Sep/2025:10:27:03 +0200] "POST /xmlrpc.php HTTP/1.1" 200 403 "-" "Apache-HttpClient/4.5.2 (Java/1.8.0_161)"
113.249.101.163 - - [16/Sep/2025:10:27:05 +0200] "POST /xmlrpc.php HTTP/1.1" 200 403 "-" "Apache-HttpClient/4.5.2 (Java/1.8.0_161)"
113.249.101.163 - - [16/Sep/2025:10:27:07 +0200] "POST /xmlrpc.php HTTP/1.1" 200 403 "-" "Apache-HttpClient/4.5.2 (Java/1.8.0_161)"
113.249.101.163 - - [16/Sep/2025:10:27:11 +0200] "POST /xmlrpc.php HTTP/1.1" 200 403 "-" "Apache-HttpClient/4.5.2 (Java/1.8.0_161)"
113.249.101.163 - - [16/Sep/2025:10:27:13 +0200] "POST /xmlrpc.php HTTP/1.1" 200 403 "-" "Apache-HttpClient/4.5.2 (Java/1.8.0_161)"
216.244.66.250 - - [16/Sep/2025:10:27:13 +0200] "GET /2024/10/14/a-hundredone-hundred-thousand-spooky-spin-from-slot-competition-yaamava-resorts-and-local-casino-2/ HTTP/1.1" 200 52294 "-" "Mozilla/5.0 (compatible; DotBot/1.2; +https://opensiteexplorer.org/dotbot; help@moz.com)"
113.249.101.163 - - [16/Sep/2025:10:27:14 +0200] "POST /xmlrpc.php HTTP/1.1" 200 403 "-" "Apache-HttpClient/4.5.2 (Java/1.8.0_161)"
113.249.101.163 - - [16/Sep/2025:10:27:16 +0200] "POST /xmlrpc.php HTTP/1.1" 200 403 "-" "Apache-HttpClient/4.5.2 (Java/1.8.0_161)"
113.249.101.163 - - [16/Sep/2025:10:27:19 +0200] "POST /xmlrpc.php HTTP/1.1" 200 403 "-" "Apache-HttpClient/4.5.2 (Java/1.8.0_161)"
216.244.66.250 - - [16/Sep/2025:10:27:24 +0200] "GET /2024/10/14/investment-you-to-venture-how-to-get-an-excellent-critical-hyperlink-75k-otherwise-100k-sign-upwards-give/ HTTP/1.1" 200 54821 "-" "Mozilla/5.0 (compatible; DotBot/1.2; +https://opensiteexplorer.org/dotbot; help@moz.com)"
113.249.101.163 - - [16/Sep/2025:10:27:26 +0200] "POST /xmlrpc.php HTTP/1.1" 200 403 "-" "Apache-HttpClient/4.5.2 (Java/1.8.0_161)"
113.249.101.163 - - [16/Sep/2025:10:27:28 +0200] "POST /xmlrpc.php HTTP/1.1" 200 403 "-" "Apache-HttpClient/4.5.2 (Java/1.8.0_161)"
216.244.66.250 - - [16/Sep/2025:10:27:33 +0200] "GET /2024/10/14/itbfx-fifty-visit-homepage-no-deposit-welcome-extra-for-fx-expo-dubai-2024/ HTTP/1.1" 200 54504 "-" "Mozilla/5.0 (compatible; DotBot/1.2; +https://opensiteexplorer.org/dotbot; help@moz.com)"
113.249.101.163 - - [16/Sep/2025:10:27:38 +0200] "POST /xmlrpc.php HTTP/1.1" 200 403 "-" "Apache-HttpClient/4.5.2 (Java/1.8.0_161)"
113.249.101.163 - - [16/Sep/2025:10:27:39 +0200] "POST /xmlrpc.php HTTP/1.1" 200 403 "-" "Apache-HttpClient/4.5.2 (Java/1.8.0_161)"
113.249.101.163 - - [16/Sep/2025:10:27:41 +0200] "POST /xmlrpc.php HTTP/1.1" 200 403 "-" "Apache-HttpClient/4.5.2 (Java/1.8.0_161)"
113.249.101.163 - - [16/Sep/2025:10:27:42 +0200] "POST /xmlrpc.php HTTP/1.1" 200 403 "-" "Apache-HttpClient/4.5.2 (Java/1.8.0_161)"
216.244.66.250 - - [16/Sep/2025:10:27:42 +0200] "GET /2024/10/28/extremely-ports-no-deposit-extra-allege-50-100-percent-free-slot-game-bonanza-revolves/ HTTP/1.1" 200 50665 "-" "Mozilla/5.0 (compatible; DotBot/1.2; +https://opensiteexplorer.org/dotbot; help@moz.com)"
113.249.101.163 - - [16/Sep/2025:10:27:44 +0200] "POST /xmlrpc.php HTTP/1.1" 200 403 "-" "Apache-HttpClient/4.5.2 (Java/1.8.0_161)"
113.249.101.163 - - [16/Sep/2025:10:27:45 +0200] "POST /xmlrpc.php HTTP/1.1" 200 403 "-" "Apache-HttpClient/4.5.2 (Java/1.8.0_161)"
113.249.101.163 - - [16/Sep/2025:10:27:48 +0200] "POST /xmlrpc.php HTTP/1.1" 200 403 "-" "Apache-HttpClient/4.5.2 (Java/1.8.0_161)"
216.244.66.250 - - [16/Sep/2025:10:27:49 +0200] "GET /2024/10/28/lowest-dollars-5-deposit-local-casino-uk/ HTTP/1.1" 200 52715 "-" "Mozilla/5.0 (compatible; DotBot/1.2; +https://opensiteexplorer.org/dotbot; help@moz.com)"
113.249.101.163 - - [16/Sep/2025:10:27:51 +0200] "POST /xmlrpc.php HTTP/1.1" 200 403 "-" "Apache-HttpClient/4.5.2 (Java/1.8.0_161)"
113.249.101.163 - - [16/Sep/2025:10:27:53 +0200] "POST /xmlrpc.php HTTP/1.1" 200 403 "-" "Apache-HttpClient/4.5.2 (Java/1.8.0_161)"
113.249.101.163 - - [16/Sep/2025:10:27:55 +0200] "POST /xmlrpc.php HTTP/1.1" 200 403 "-" "Apache-HttpClient/4.5.2 (Java/1.8.0_161)"
216.244.66.250 - - [16/Sep/2025:10:27:56 +0200] "GET /2024/10/30/machine-vers-avec-trois-rouleaux-abusives-distraire-a-lexclusion-de-dissuasion/ HTTP/1.1" 200 54624 "-" "Mozilla/5.0 (compatible; DotBot/1.2; +https://opensiteexplorer.org/dotbot; help@moz.com)"
113.249.101.163 - - [16/Sep/2025:10:27:59 +0200] "POST /xmlrpc.php HTTP/1.1" 200 403 "-" "Apache-HttpClient/4.5.2 (Java/1.8.0_161)"
113.249.101.163 - - [16/Sep/2025:10:28:01 +0200] "POST /xmlrpc.php HTTP/1.1" 200 403 "-" "Apache-HttpClient/4.5.2 (Java/1.8.0_161)"
113.249.101.163 - - [16/Sep/2025:10:28:04 +0200] "POST /xmlrpc.php HTTP/1.1" 200 403 "-" "Apache-HttpClient/4.5.2 (Java/1.8.0_161)"
216.244.66.250 - - [16/Sep/2025:10:28:05 +0200] "GET /2024/11/01/paysafecard-via-handyrechnung-besorgen-alpenrepublik-2024-schnell-via-sms-2/ HTTP/1.1" 200 58459 "-" "Mozilla/5.0 (compatible; DotBot/1.2; +https://opensiteexplorer.org/dotbot; help@moz.com)"
113.249.101.163 - - [16/Sep/2025:10:28:11 +0200] "POST /xmlrpc.php HTTP/1.1" 200 403 "-" "Apache-HttpClient/4.5.2 (Java/1.8.0_161)"
216.244.66.250 - - [16/Sep/2025:10:28:12 +0200] "GET /2024/11/03/brise-pa-alle-spillemaskiner-plu-tilslutte-slots-tilslutte-kongeli-casino/ HTTP/1.1" 200 52447 "-" "Mozilla/5.0 (compatible; DotBot/1.2; +https://opensiteexplorer.org/dotbot; help@moz.com)"
113.249.101.163 - - [16/Sep/2025:10:28:16 +0200] "POST /xmlrpc.php HTTP/1.1" 200 403 "-" "Apache-HttpClient/4.5.2 (Java/1.8.0_161)"
113.249.101.163 - - [16/Sep/2025:10:28:19 +0200] "POST /xmlrpc.php HTTP/1.1" 200 403 "-" "Apache-HttpClient/4.5.2 (Java/1.8.0_161)"
216.244.66.250 - - [16/Sep/2025:10:28:19 +0200] "GET /2024/11/07/joc-jocuri-sa-sansa-free-spre-casinohex-2024/ HTTP/1.1" 200 54355 "-" "Mozilla/5.0 (compatible; DotBot/1.2; +https://opensiteexplorer.org/dotbot; help@moz.com)"
113.249.101.163 - - [16/Sep/2025:10:28:21 +0200] "POST /xmlrpc.php HTTP/1.1" 200 403 "-" "Apache-HttpClient/4.5.2 (Java/1.8.0_161)"
113.249.101.163 - - [16/Sep/2025:10:28:23 +0200] "POST /xmlrpc.php HTTP/1.1" 200 403 "-" "Apache-HttpClient/4.5.2 (Java/1.8.0_161)"
113.249.101.163 - - [16/Sep/2025:10:28:24 +0200] "POST /xmlrpc.php HTTP/1.1" 200 403 "-" "Apache-HttpClient/4.5.2 (Java/1.8.0_161)"
113.249.101.163 - - [16/Sep/2025:10:28:26 +0200] "POST /xmlrpc.php HTTP/1.1" 200 403 "-" "Apache-HttpClient/4.5.2 (Java/1.8.0_161)"
216.244.66.250 - - [16/Sep/2025:10:28:26 +0200] "GET /2024/11/07/norsk-casino-norges-beste-online-casinoer-2024-7/ HTTP/1.1" 200 54073 "-" "Mozilla/5.0 (compatible; DotBot/1.2; +https://opensiteexplorer.org/dotbot; help@moz.com)"
113.249.101.163 - - [16/Sep/2025:10:28:28 +0200] "POST /xmlrpc.php HTTP/1.1" 200 403 "-" "Apache-HttpClient/4.5.2 (Java/1.8.0_161)"
113.249.101.163 - - [16/Sep/2025:10:28:31 +0200] "POST /xmlrpc.php HTTP/1.1" 200 403 "-" "Apache-HttpClient/4.5.2 (Java/1.8.0_161)"
216.244.66.250 - - [16/Sep/2025:10:28:32 +0200] "GET /2024/11/08/sizzling-hot-deluxe-slot-review-bonus-book-of-ra-play-com/ HTTP/1.1" 200 58485 "-" "Mozilla/5.0 (compatible; DotBot/1.2; +https://opensiteexplorer.org/dotbot; help@moz.com)"
113.249.101.163 - - [16/Sep/2025:10:28:37 +0200] "POST /xmlrpc.php HTTP/1.1" 200 403 "-" "Apache-HttpClient/4.5.2 (Java/1.8.0_161)"
113.249.101.163 - - [16/Sep/2025:10:28:39 +0200] "POST /xmlrpc.php HTTP/1.1" 200 403 "-" "Apache-HttpClient/4.5.2 (Java/1.8.0_161)"
113.249.101.163 - - [16/Sep/2025:10:28:42 +0200] "POST /xmlrpc.php HTTP/1.1" 200 403 "-" "Apache-HttpClient/4.5.2 (Java/1.8.0_161)"
216.244.66.250 - - [16/Sep/2025:10:28:40 +0200] "GET /2024/11/12/casino-arv-freespins2024/ HTTP/1.1" 200 53680 "-" "Mozilla/5.0 (compatible; DotBot/1.2; +https://opensiteexplorer.org/dotbot; help@moz.com)"
113.249.101.163 - - [16/Sep/2025:10:28:44 +0200] "POST /xmlrpc.php HTTP/1.1" 200 403 "-" "Apache-HttpClient/4.5.2 (Java/1.8.0_161)"
113.249.101.163 - - [16/Sep/2025:10:28:46 +0200] "POST /xmlrpc.php HTTP/1.1" 200 403 "-" "Apache-HttpClient/4.5.2 (Java/1.8.0_161)"
113.249.101.163 - - [16/Sep/2025:10:28:48 +0200] "POST /xmlrpc.php HTTP/1.1" 200 403 "-" "Apache-HttpClient/4.5.2 (Java/1.8.0_161)"
113.249.101.163 - - [16/Sep/2025:10:28:50 +0200] "POST /xmlrpc.php HTTP/1.1" 200 403 "-" "Apache-HttpClient/4.5.2 (Java/1.8.0_161)"
113.249.101.163 - - [16/Sep/2025:10:28:52 +0200] "POST /xmlrpc.php HTTP/1.1" 200 403 "-" "Apache-HttpClient/4.5.2 (Java/1.8.0_161)"
216.244.66.250 - - [16/Sep/2025:10:28:54 +0200] "GET /2024/11/16/caracteres-gratification-domesticite-du-casino-betonred-salle-de-jeu-produits-octobre-2024/ HTTP/1.1" 200 54343 "-" "Mozilla/5.0 (compatible; DotBot/1.2; +https://opensiteexplorer.org/dotbot; help@moz.com)"
113.249.101.163 - - [16/Sep/2025:10:28:58 +0200] "POST /xmlrpc.php HTTP/1.1" 200 403 "-" "Apache-HttpClient/4.5.2 (Java/1.8.0_161)"
113.249.101.163 - - [16/Sep/2025:10:28:59 +0200] "POST /xmlrpc.php HTTP/1.1" 200 403 "-" "Apache-HttpClient/4.5.2 (Java/1.8.0_161)"
113.249.101.163 - - [16/Sep/2025:10:29:01 +0200] "POST /xmlrpc.php HTTP/1.1" 200 403 "-" "Apache-HttpClient/4.5.2 (Java/1.8.0_161)"
113.249.101.163 - - [16/Sep/2025:10:29:04 +0200] "POST /xmlrpc.php HTTP/1.1" 200 403 "-" "Apache-HttpClient/4.5.2 (Java/1.8.0_161)"
113.249.101.163 - - [16/Sep/2025:10:29:05 +0200] "POST /xmlrpc.php HTTP/1.1" 200 403 "-" "Apache-HttpClient/4.5.2 (Java/1.8.0_161)"
113.249.101.163 - - [16/Sep/2025:10:29:06 +0200] "POST /xmlrpc.php HTTP/1.1" 200 403 "-" "Apache-HttpClient/4.5.2 (Java/1.8.0_161)"
216.244.66.250 - - [16/Sep/2025:10:29:06 +0200] "GET /2024/11/22/buy-prelone-generic-online-your-ultimate-guide-2/ HTTP/1.1" 200 54541 "-" "Mozilla/5.0 (compatible; DotBot/1.2; +https://opensiteexplorer.org/dotbot; help@moz.com)"
113.249.101.163 - - [16/Sep/2025:10:29:09 +0200] "POST /xmlrpc.php HTTP/1.1" 200 403 "-" "Apache-HttpClient/4.5.2 (Java/1.8.0_161)"
113.249.101.163 - - [16/Sep/2025:10:29:12 +0200] "POST /xmlrpc.php HTTP/1.1" 200 403 "-" "Apache-HttpClient/4.5.2 (Java/1.8.0_161)"
113.249.101.163 - - [16/Sep/2025:10:29:14 +0200] "POST /xmlrpc.php HTTP/1.1" 200 403 "-" "Apache-HttpClient/4.5.2 (Java/1.8.0_161)"
113.249.101.163 - - [16/Sep/2025:10:29:17 +0200] "POST /xmlrpc.php HTTP/1.1" 200 403 "-" "Apache-HttpClient/4.5.2 (Java/1.8.0_161)"
216.244.66.250 - - [16/Sep/2025:10:29:17 +0200] "GET /2024/11/22/swiadek-przy-naszym-niemalze-swiadek-typowy-swiadek-anonimowy-swiadek-kluczowy/ HTTP/1.1" 200 54218 "-" "Mozilla/5.0 (compatible; DotBot/1.2; +https://opensiteexplorer.org/dotbot; help@moz.com)"
113.249.101.163 - - [16/Sep/2025:10:29:18 +0200] "POST /xmlrpc.php HTTP/1.1" 200 403 "-" "Apache-HttpClient/4.5.2 (Java/1.8.0_161)"
113.249.101.163 - - [16/Sep/2025:10:29:19 +0200] "POST /xmlrpc.php HTTP/1.1" 200 403 "-" "Apache-HttpClient/4.5.2 (Java/1.8.0_161)"
113.249.101.163 - - [16/Sep/2025:10:29:20 +0200] "POST /xmlrpc.php HTTP/1.1" 200 403 "-" "Apache-HttpClient/4.5.2 (Java/1.8.0_161)"
113.249.101.163 - - [16/Sep/2025:10:29:22 +0200] "POST /xmlrpc.php HTTP/1.1" 200 403 "-" "Apache-HttpClient/4.5.2 (Java/1.8.0_161)"
113.249.101.163 - - [16/Sep/2025:10:29:23 +0200] "POST /xmlrpc.php HTTP/1.1" 200 403 "-" "Apache-HttpClient/4.5.2 (Java/1.8.0_161)"
113.249.101.163 - - [16/Sep/2025:10:29:25 +0200] "POST /xmlrpc.php HTTP/1.1" 200 403 "-" "Apache-HttpClient/4.5.2 (Java/1.8.0_161)"
113.249.101.163 - - [16/Sep/2025:10:29:26 +0200] "POST /xmlrpc.php HTTP/1.1" 200 403 "-" "Apache-HttpClient/4.5.2 (Java/1.8.0_161)"
113.249.101.163 - - [16/Sep/2025:10:29:27 +0200] "POST /xmlrpc.php HTTP/1.1" 200 403 "-" "Apache-HttpClient/4.5.2 (Java/1.8.0_161)"
113.249.101.163 - - [16/Sep/2025:10:29:29 +0200] "POST /xmlrpc.php HTTP/1.1" 200 403 "-" "Apache-HttpClient/4.5.2 (Java/1.8.0_161)"
113.249.101.163 - - [16/Sep/2025:10:29:33 +0200] "POST /xmlrpc.php HTTP/1.1" 200 403 "-" "Apache-HttpClient/4.5.2 (Java/1.8.0_161)"
113.249.101.163 - - [16/Sep/2025:10:29:34 +0200] "POST /xmlrpc.php HTTP/1.1" 200 403 "-" "Apache-HttpClient/4.5.2 (Java/1.8.0_161)"
113.249.101.163 - - [16/Sep/2025:10:29:36 +0200] "POST /xmlrpc.php HTTP/1.1" 200 403 "-" "Apache-HttpClient/4.5.2 (Java/1.8.0_161)"
113.249.101.163 - - [16/Sep/2025:10:29:37 +0200] "POST /xmlrpc.php HTTP/1.1" 200 403 "-" "Apache-HttpClient/4.5.2 (Java/1.8.0_161)"
113.249.101.163 - - [16/Sep/2025:10:29:39 +0200] "POST /xmlrpc.php HTTP/1.1" 200 403 "-" "Apache-HttpClient/4.5.2 (Java/1.8.0_161)"
113.249.101.163 - - [16/Sep/2025:10:29:40 +0200] "POST /xmlrpc.php HTTP/1.1" 200 403 "-" "Apache-HttpClient/4.5.2 (Java/1.8.0_161)"
197.243.23.5 - - [16/Sep/2025:10:29:42 +0200] "POST /wp-cron.php?doing_wp_cron=1758011382.3302190303802490234375 HTTP/1.1" 200 - "-" "WordPress/6.8.2; https://www.effectiveratecpm.com/cdf10j95?key=9d84a2498fb6af60cb82f0df204577f6"
113.249.101.163 - - [16/Sep/2025:10:29:42 +0200] "POST /xmlrpc.php HTTP/1.1" 200 403 "-" "Apache-HttpClient/4.5.2 (Java/1.8.0_161)"
113.249.101.163 - - [16/Sep/2025:10:29:43 +0200] "POST /xmlrpc.php HTTP/1.1" 200 403 "-" "Apache-HttpClient/4.5.2 (Java/1.8.0_161)"
113.249.101.163 - - [16/Sep/2025:10:29:44 +0200] "POST /xmlrpc.php HTTP/1.1" 200 403 "-" "Apache-HttpClient/4.5.2 (Java/1.8.0_161)"
113.249.101.163 - - [16/Sep/2025:10:29:45 +0200] "POST /xmlrpc.php HTTP/1.1" 200 403 "-" "Apache-HttpClient/4.5.2 (Java/1.8.0_161)"
113.249.101.163 - - [16/Sep/2025:10:29:47 +0200] "POST /xmlrpc.php HTTP/1.1" 200 403 "-" "Apache-HttpClient/4.5.2 (Java/1.8.0_161)"
113.249.101.163 - - [16/Sep/2025:10:29:51 +0200] "POST /xmlrpc.php HTTP/1.1" 200 403 "-" "Apache-HttpClient/4.5.2 (Java/1.8.0_161)"
113.249.101.163 - - [16/Sep/2025:10:29:53 +0200] "POST /xmlrpc.php HTTP/1.1" 200 403 "-" "Apache-HttpClient/4.5.2 (Java/1.8.0_161)"
113.249.101.163 - - [16/Sep/2025:10:29:54 +0200] "POST /xmlrpc.php HTTP/1.1" 200 403 "-" "Apache-HttpClient/4.5.2 (Java/1.8.0_161)"
113.249.101.163 - - [16/Sep/2025:10:29:55 +0200] "POST /xmlrpc.php HTTP/1.1" 200 403 "-" "Apache-HttpClient/4.5.2 (Java/1.8.0_161)"
113.249.101.163 - - [16/Sep/2025:10:29:57 +0200] "POST /xmlrpc.php HTTP/1.1" 200 403 "-" "Apache-HttpClient/4.5.2 (Java/1.8.0_161)"
113.249.101.163 - - [16/Sep/2025:10:29:58 +0200] "POST /xmlrpc.php HTTP/1.1" 200 403 "-" "Apache-HttpClient/4.5.2 (Java/1.8.0_161)"
113.249.101.163 - - [16/Sep/2025:10:29:59 +0200] "POST /xmlrpc.php HTTP/1.1" 200 403 "-" "Apache-HttpClient/4.5.2 (Java/1.8.0_161)"
113.249.101.163 - - [16/Sep/2025:10:30:00 +0200] "POST /xmlrpc.php HTTP/1.1" 200 403 "-" "Apache-HttpClient/4.5.2 (Java/1.8.0_161)"
113.249.101.163 - - [16/Sep/2025:10:30:01 +0200] "POST /xmlrpc.php HTTP/1.1" 200 403 "-" "Apache-HttpClient/4.5.2 (Java/1.8.0_161)"
113.249.101.163 - - [16/Sep/2025:10:30:03 +0200] "POST /xmlrpc.php HTTP/1.1" 200 403 "-" "Apache-HttpClient/4.5.2 (Java/1.8.0_161)"
113.249.101.163 - - [16/Sep/2025:10:30:04 +0200] "POST /xmlrpc.php HTTP/1.1" 200 403 "-" "Apache-HttpClient/4.5.2 (Java/1.8.0_161)"
113.249.101.163 - - [16/Sep/2025:10:30:05 +0200] "POST /xmlrpc.php HTTP/1.1" 200 403 "-" "Apache-HttpClient/4.5.2 (Java/1.8.0_161)"
113.249.101.163 - - [16/Sep/2025:10:30:06 +0200] "POST /xmlrpc.php HTTP/1.1" 200 403 "-" "Apache-HttpClient/4.5.2 (Java/1.8.0_161)"
113.249.101.163 - - [16/Sep/2025:10:30:07 +0200] "POST /xmlrpc.php HTTP/1.1" 200 403 "-" "Apache-HttpClient/4.5.2 (Java/1.8.0_161)"
113.249.101.163 - - [16/Sep/2025:10:30:13 +0200] "POST /xmlrpc.php HTTP/1.1" 200 403 "-" "Apache-HttpClient/4.5.2 (Java/1.8.0_161)"
113.249.101.163 - - [16/Sep/2025:10:30:14 +0200] "POST /xmlrpc.php HTTP/1.1" 200 403 "-" "Apache-HttpClient/4.5.2 (Java/1.8.0_161)"
113.249.101.163 - - [16/Sep/2025:10:30:15 +0200] "POST /xmlrpc.php HTTP/1.1" 200 403 "-" "Apache-HttpClient/4.5.2 (Java/1.8.0_161)"
113.249.101.163 - - [16/Sep/2025:10:30:17 +0200] "POST /xmlrpc.php HTTP/1.1" 200 403 "-" "Apache-HttpClient/4.5.2 (Java/1.8.0_161)"
113.249.101.163 - - [16/Sep/2025:10:30:19 +0200] "POST /xmlrpc.php HTTP/1.1" 200 403 "-" "Apache-HttpClient/4.5.2 (Java/1.8.0_161)"
113.249.101.163 - - [16/Sep/2025:10:30:21 +0200] "POST /xmlrpc.php HTTP/1.1" 200 403 "-" "Apache-HttpClient/4.5.2 (Java/1.8.0_161)"
113.249.101.163 - - [16/Sep/2025:10:30:22 +0200] "POST /xmlrpc.php HTTP/1.1" 200 403 "-" "Apache-HttpClient/4.5.2 (Java/1.8.0_161)"
113.249.101.163 - - [16/Sep/2025:10:30:23 +0200] "POST /xmlrpc.php HTTP/1.1" 200 403 "-" "Apache-HttpClient/4.5.2 (Java/1.8.0_161)"
113.249.101.163 - - [16/Sep/2025:10:30:25 +0200] "POST /xmlrpc.php HTTP/1.1" 200 403 "-" "Apache-HttpClient/4.5.2 (Java/1.8.0_161)"
113.249.101.163 - - [16/Sep/2025:10:30:26 +0200] "POST /xmlrpc.php HTTP/1.1" 200 403 "-" "Apache-HttpClient/4.5.2 (Java/1.8.0_161)"
113.249.101.163 - - [16/Sep/2025:10:30:27 +0200] "POST /xmlrpc.php HTTP/1.1" 200 403 "-" "Apache-HttpClient/4.5.2 (Java/1.8.0_161)"
113.249.101.163 - - [16/Sep/2025:10:30:29 +0200] "POST /xmlrpc.php HTTP/1.1" 200 403 "-" "Apache-HttpClient/4.5.2 (Java/1.8.0_161)"
113.249.101.163 - - [16/Sep/2025:10:30:30 +0200] "POST /xmlrpc.php HTTP/1.1" 200 403 "-" "Apache-HttpClient/4.5.2 (Java/1.8.0_161)"
113.249.101.163 - - [16/Sep/2025:10:30:33 +0200] "POST /xmlrpc.php HTTP/1.1" 200 403 "-" "Apache-HttpClient/4.5.2 (Java/1.8.0_161)"
113.249.101.163 - - [16/Sep/2025:10:30:34 +0200] "POST /xmlrpc.php HTTP/1.1" 200 403 "-" "Apache-HttpClient/4.5.2 (Java/1.8.0_161)"
113.249.101.163 - - [16/Sep/2025:10:30:35 +0200] "POST /xmlrpc.php HTTP/1.1" 200 403 "-" "Apache-HttpClient/4.5.2 (Java/1.8.0_161)"
113.249.101.163 - - [16/Sep/2025:10:30:36 +0200] "POST /xmlrpc.php HTTP/1.1" 200 403 "-" "Apache-HttpClient/4.5.2 (Java/1.8.0_161)"
216.244.66.250 - - [16/Sep/2025:10:30:36 +0200] "GET /2024/12/03/the-5-best-5-atlantis-1-deposit-minimal-deposit-casinos-in-the-usa-lower-gamble/ HTTP/1.1" 200 54435 "-" "Mozilla/5.0 (compatible; DotBot/1.2; +https://opensiteexplorer.org/dotbot; help@moz.com)"
113.249.101.163 - - [16/Sep/2025:10:30:38 +0200] "POST /xmlrpc.php HTTP/1.1" 200 403 "-" "Apache-HttpClient/4.5.2 (Java/1.8.0_161)"
113.249.101.163 - - [16/Sep/2025:10:30:40 +0200] "POST /xmlrpc.php HTTP/1.1" 200 403 "-" "Apache-HttpClient/4.5.2 (Java/1.8.0_161)"
113.249.101.163 - - [16/Sep/2025:10:30:41 +0200] "POST /xmlrpc.php HTTP/1.1" 200 403 "-" "Apache-HttpClient/4.5.2 (Java/1.8.0_161)"
113.249.101.163 - - [16/Sep/2025:10:30:43 +0200] "POST /xmlrpc.php HTTP/1.1" 200 403 "-" "Apache-HttpClient/4.5.2 (Java/1.8.0_161)"
113.249.101.163 - - [16/Sep/2025:10:30:45 +0200] "POST /xmlrpc.php HTTP/1.1" 200 403 "-" "Apache-HttpClient/4.5.2 (Java/1.8.0_161)"
113.249.101.163 - - [16/Sep/2025:10:30:46 +0200] "POST /xmlrpc.php HTTP/1.1" 200 403 "-" "Apache-HttpClient/4.5.2 (Java/1.8.0_161)"
113.249.101.163 - - [16/Sep/2025:10:30:47 +0200] "POST /xmlrpc.php HTTP/1.1" 200 403 "-" "Apache-HttpClient/4.5.2 (Java/1.8.0_161)"
113.249.101.163 - - [16/Sep/2025:10:30:48 +0200] "POST /xmlrpc.php HTTP/1.1" 200 403 "-" "Apache-HttpClient/4.5.2 (Java/1.8.0_161)"
113.249.101.163 - - [16/Sep/2025:10:30:50 +0200] "POST /xmlrpc.php HTTP/1.1" 200 403 "-" "Apache-HttpClient/4.5.2 (Java/1.8.0_161)"
113.249.101.163 - - [16/Sep/2025:10:30:52 +0200] "POST /xmlrpc.php HTTP/1.1" 200 403 "-" "Apache-HttpClient/4.5.2 (Java/1.8.0_161)"
113.249.101.163 - - [16/Sep/2025:10:30:54 +0200] "POST /xmlrpc.php HTTP/1.1" 200 403 "-" "Apache-HttpClient/4.5.2 (Java/1.8.0_161)"
113.249.101.163 - - [16/Sep/2025:10:30:56 +0200] "POST /xmlrpc.php HTTP/1.1" 200 403 "-" "Apache-HttpClient/4.5.2 (Java/1.8.0_161)"
113.249.101.163 - - [16/Sep/2025:10:30:58 +0200] "POST /xmlrpc.php HTTP/1.1" 200 403 "-" "Apache-HttpClient/4.5.2 (Java/1.8.0_161)"
113.249.101.163 - - [16/Sep/2025:10:30:59 +0200] "POST /xmlrpc.php HTTP/1.1" 200 403 "-" "Apache-HttpClient/4.5.2 (Java/1.8.0_161)"
113.249.101.163 - - [16/Sep/2025:10:31:01 +0200] "POST /xmlrpc.php HTTP/1.1" 200 403 "-" "Apache-HttpClient/4.5.2 (Java/1.8.0_161)"
113.249.101.163 - - [16/Sep/2025:10:31:03 +0200] "POST /xmlrpc.php HTTP/1.1" 200 403 "-" "Apache-HttpClient/4.5.2 (Java/1.8.0_161)"
113.249.101.163 - - [16/Sep/2025:10:31:04 +0200] "POST /xmlrpc.php HTTP/1.1" 200 403 "-" "Apache-HttpClient/4.5.2 (Java/1.8.0_161)"
113.249.101.163 - - [16/Sep/2025:10:31:06 +0200] "POST /xmlrpc.php HTTP/1.1" 200 403 "-" "Apache-HttpClient/4.5.2 (Java/1.8.0_161)"
113.249.101.163 - - [16/Sep/2025:10:31:07 +0200] "POST /xmlrpc.php HTTP/1.1" 200 403 "-" "Apache-HttpClient/4.5.2 (Java/1.8.0_161)"
113.249.101.163 - - [16/Sep/2025:10:31:08 +0200] "POST /xmlrpc.php HTTP/1.1" 200 403 "-" "Apache-HttpClient/4.5.2 (Java/1.8.0_161)"
113.249.101.163 - - [16/Sep/2025:10:31:10 +0200] "POST /xmlrpc.php HTTP/1.1" 200 403 "-" "Apache-HttpClient/4.5.2 (Java/1.8.0_161)"
113.249.101.163 - - [16/Sep/2025:10:31:11 +0200] "POST /xmlrpc.php HTTP/1.1" 200 403 "-" "Apache-HttpClient/4.5.2 (Java/1.8.0_161)"
113.249.101.163 - - [16/Sep/2025:10:31:13 +0200] "POST /xmlrpc.php HTTP/1.1" 200 403 "-" "Apache-HttpClient/4.5.2 (Java/1.8.0_161)"
216.244.66.250 - - [16/Sep/2025:10:31:13 +0200] "GET /2024/12/04/santa-surprise-gratis-auffuhren-free-kundgebung-ohne-anmeldung/ HTTP/1.1" 200 53233 "-" "Mozilla/5.0 (compatible; DotBot/1.2; +https://opensiteexplorer.org/dotbot; help@moz.com)"
113.249.101.163 - - [16/Sep/2025:10:31:14 +0200] "POST /xmlrpc.php HTTP/1.1" 200 403 "-" "Apache-HttpClient/4.5.2 (Java/1.8.0_161)"
113.249.101.163 - - [16/Sep/2025:10:31:15 +0200] "POST /xmlrpc.php HTTP/1.1" 200 403 "-" "Apache-HttpClient/4.5.2 (Java/1.8.0_161)"
113.249.101.163 - - [16/Sep/2025:10:31:17 +0200] "POST /xmlrpc.php HTTP/1.1" 200 403 "-" "Apache-HttpClient/4.5.2 (Java/1.8.0_161)"
113.249.101.163 - - [16/Sep/2025:10:31:18 +0200] "POST /xmlrpc.php HTTP/1.1" 200 403 "-" "Apache-HttpClient/4.5.2 (Java/1.8.0_161)"
113.249.101.163 - - [16/Sep/2025:10:31:19 +0200] "POST /xmlrpc.php HTTP/1.1" 200 403 "-" "Apache-HttpClient/4.5.2 (Java/1.8.0_161)"
113.249.101.163 - - [16/Sep/2025:10:31:20 +0200] "POST /xmlrpc.php HTTP/1.1" 200 403 "-" "Apache-HttpClient/4.5.2 (Java/1.8.0_161)"
113.249.101.163 - - [16/Sep/2025:10:31:22 +0200] "POST /xmlrpc.php HTTP/1.1" 200 403 "-" "Apache-HttpClient/4.5.2 (Java/1.8.0_161)"
113.249.101.163 - - [16/Sep/2025:10:31:23 +0200] "POST /xmlrpc.php HTTP/1.1" 200 403 "-" "Apache-HttpClient/4.5.2 (Java/1.8.0_161)"
113.249.101.163 - - [16/Sep/2025:10:31:25 +0200] "POST /xmlrpc.php HTTP/1.1" 200 403 "-" "Apache-HttpClient/4.5.2 (Java/1.8.0_161)"
113.249.101.163 - - [16/Sep/2025:10:31:26 +0200] "POST /xmlrpc.php HTTP/1.1" 200 403 "-" "Apache-HttpClient/4.5.2 (Java/1.8.0_161)"
113.249.101.163 - - [16/Sep/2025:10:31:28 +0200] "POST /xmlrpc.php HTTP/1.1" 200 403 "-" "Apache-HttpClient/4.5.2 (Java/1.8.0_161)"
113.249.101.163 - - [16/Sep/2025:10:31:29 +0200] "POST /xmlrpc.php HTTP/1.1" 200 403 "-" "Apache-HttpClient/4.5.2 (Java/1.8.0_161)"
113.249.101.163 - - [16/Sep/2025:10:31:32 +0200] "POST /xmlrpc.php HTTP/1.1" 200 403 "-" "Apache-HttpClient/4.5.2 (Java/1.8.0_161)"
113.249.101.163 - - [16/Sep/2025:10:31:34 +0200] "POST /xmlrpc.php HTTP/1.1" 200 403 "-" "Apache-HttpClient/4.5.2 (Java/1.8.0_161)"
113.249.101.163 - - [16/Sep/2025:10:31:36 +0200] "POST /xmlrpc.php HTTP/1.1" 200 403 "-" "Apache-HttpClient/4.5.2 (Java/1.8.0_161)"
113.249.101.163 - - [16/Sep/2025:10:31:38 +0200] "POST /xmlrpc.php HTTP/1.1" 200 403 "-" "Apache-HttpClient/4.5.2 (Java/1.8.0_161)"
113.249.101.163 - - [16/Sep/2025:10:31:40 +0200] "POST /xmlrpc.php HTTP/1.1" 200 403 "-" "Apache-HttpClient/4.5.2 (Java/1.8.0_161)"
113.249.101.163 - - [16/Sep/2025:10:31:41 +0200] "POST /xmlrpc.php HTTP/1.1" 200 403 "-" "Apache-HttpClient/4.5.2 (Java/1.8.0_161)"
113.249.101.163 - - [16/Sep/2025:10:31:43 +0200] "POST /xmlrpc.php HTTP/1.1" 200 403 "-" "Apache-HttpClient/4.5.2 (Java/1.8.0_161)"
216.244.66.250 - - [16/Sep/2025:10:31:46 +0200] "GET /2024/12/06/better-microgaming-step-1-deposit-gambling-enterprises-in-the-pokerstars-casino-login-2024/ HTTP/1.1" 200 53992 "-" "Mozilla/5.0 (compatible; DotBot/1.2; +https://opensiteexplorer.org/dotbot; help@moz.com)"
113.249.101.163 - - [16/Sep/2025:10:31:49 +0200] "POST /xmlrpc.php HTTP/1.1" 200 403 "-" "Apache-HttpClient/4.5.2 (Java/1.8.0_161)"
113.249.101.163 - - [16/Sep/2025:10:31:50 +0200] "POST /xmlrpc.php HTTP/1.1" 200 403 "-" "Apache-HttpClient/4.5.2 (Java/1.8.0_161)"
113.249.101.163 - - [16/Sep/2025:10:31:53 +0200] "POST /xmlrpc.php HTTP/1.1" 200 403 "-" "Apache-HttpClient/4.5.2 (Java/1.8.0_161)"
113.249.101.163 - - [16/Sep/2025:10:31:54 +0200] "POST /xmlrpc.php HTTP/1.1" 200 403 "-" "Apache-HttpClient/4.5.2 (Java/1.8.0_161)"
113.249.101.163 - - [16/Sep/2025:10:31:55 +0200] "POST /xmlrpc.php HTTP/1.1" 200 403 "-" "Apache-HttpClient/4.5.2 (Java/1.8.0_161)"
113.249.101.163 - - [16/Sep/2025:10:32:02 +0200] "POST /xmlrpc.php HTTP/1.1" 200 403 "-" "Apache-HttpClient/4.5.2 (Java/1.8.0_161)"
113.249.101.163 - - [16/Sep/2025:10:32:04 +0200] "POST /xmlrpc.php HTTP/1.1" 200 403 "-" "Apache-HttpClient/4.5.2 (Java/1.8.0_161)"
113.249.101.163 - - [16/Sep/2025:10:32:05 +0200] "POST /xmlrpc.php HTTP/1.1" 200 403 "-" "Apache-HttpClient/4.5.2 (Java/1.8.0_161)"
113.249.101.163 - - [16/Sep/2025:10:32:06 +0200] "POST /xmlrpc.php HTTP/1.1" 200 403 "-" "Apache-HttpClient/4.5.2 (Java/1.8.0_161)"
113.249.101.163 - - [16/Sep/2025:10:32:07 +0200] "POST /xmlrpc.php HTTP/1.1" 200 403 "-" "Apache-HttpClient/4.5.2 (Java/1.8.0_161)"
113.249.101.163 - - [16/Sep/2025:10:32:09 +0200] "POST /xmlrpc.php HTTP/1.1" 200 403 "-" "Apache-HttpClient/4.5.2 (Java/1.8.0_161)"
113.249.101.163 - - [16/Sep/2025:10:32:11 +0200] "POST /xmlrpc.php HTTP/1.1" 200 403 "-" "Apache-HttpClient/4.5.2 (Java/1.8.0_161)"
113.249.101.163 - - [16/Sep/2025:10:32:12 +0200] "POST /xmlrpc.php HTTP/1.1" 200 403 "-" "Apache-HttpClient/4.5.2 (Java/1.8.0_161)"
113.249.101.163 - - [16/Sep/2025:10:32:14 +0200] "POST /xmlrpc.php HTTP/1.1" 200 403 "-" "Apache-HttpClient/4.5.2 (Java/1.8.0_161)"
113.249.101.163 - - [16/Sep/2025:10:32:15 +0200] "POST /xmlrpc.php HTTP/1.1" 200 403 "-" "Apache-HttpClient/4.5.2 (Java/1.8.0_161)"
113.249.101.163 - - [16/Sep/2025:10:32:17 +0200] "POST /xmlrpc.php HTTP/1.1" 200 403 "-" "Apache-HttpClient/4.5.2 (Java/1.8.0_161)"
216.244.66.250 - - [16/Sep/2025:10:32:18 +0200] "GET /2024/12/07/greatest-web-based-casinos-nz-ten-better-real-money-web-sites/ HTTP/1.1" 200 54454 "-" "Mozilla/5.0 (compatible; DotBot/1.2; +https://opensiteexplorer.org/dotbot; help@moz.com)"
113.249.101.163 - - [16/Sep/2025:10:32:19 +0200] "POST /xmlrpc.php HTTP/1.1" 200 403 "-" "Apache-HttpClient/4.5.2 (Java/1.8.0_161)"
113.249.101.163 - - [16/Sep/2025:10:32:21 +0200] "POST /xmlrpc.php HTTP/1.1" 200 403 "-" "Apache-HttpClient/4.5.2 (Java/1.8.0_161)"
113.249.101.163 - - [16/Sep/2025:10:32:23 +0200] "POST /xmlrpc.php HTTP/1.1" 200 403 "-" "Apache-HttpClient/4.5.2 (Java/1.8.0_161)"
113.249.101.163 - - [16/Sep/2025:10:32:24 +0200] "POST /xmlrpc.php HTTP/1.1" 200 403 "-" "Apache-HttpClient/4.5.2 (Java/1.8.0_161)"
113.249.101.163 - - [16/Sep/2025:10:32:25 +0200] "POST /xmlrpc.php HTTP/1.1" 200 403 "-" "Apache-HttpClient/4.5.2 (Java/1.8.0_161)"
113.249.101.163 - - [16/Sep/2025:10:32:26 +0200] "POST /xmlrpc.php HTTP/1.1" 200 403 "-" "Apache-HttpClient/4.5.2 (Java/1.8.0_161)"
113.249.101.163 - - [16/Sep/2025:10:32:28 +0200] "POST /xmlrpc.php HTTP/1.1" 200 403 "-" "Apache-HttpClient/4.5.2 (Java/1.8.0_161)"
113.249.101.163 - - [16/Sep/2025:10:32:30 +0200] "POST /xmlrpc.php HTTP/1.1" 200 403 "-" "Apache-HttpClient/4.5.2 (Java/1.8.0_161)"
113.249.101.163 - - [16/Sep/2025:10:32:33 +0200] "POST /xmlrpc.php HTTP/1.1" 200 403 "-" "Apache-HttpClient/4.5.2 (Java/1.8.0_161)"
113.249.101.163 - - [16/Sep/2025:10:32:34 +0200] "POST /xmlrpc.php HTTP/1.1" 200 403 "-" "Apache-HttpClient/4.5.2 (Java/1.8.0_161)"
113.249.101.163 - - [16/Sep/2025:10:32:36 +0200] "POST /xmlrpc.php HTTP/1.1" 200 403 "-" "Apache-HttpClient/4.5.2 (Java/1.8.0_161)"
113.249.101.163 - - [16/Sep/2025:10:32:38 +0200] "POST /xmlrpc.php HTTP/1.1" 200 403 "-" "Apache-HttpClient/4.5.2 (Java/1.8.0_161)"
113.249.101.163 - - [16/Sep/2025:10:32:40 +0200] "POST /xmlrpc.php HTTP/1.1" 200 403 "-" "Apache-HttpClient/4.5.2 (Java/1.8.0_161)"
113.249.101.163 - - [16/Sep/2025:10:32:41 +0200] "POST /xmlrpc.php HTTP/1.1" 200 403 "-" "Apache-HttpClient/4.5.2 (Java/1.8.0_161)"
113.249.101.163 - - [16/Sep/2025:10:32:42 +0200] "POST /xmlrpc.php HTTP/1.1" 200 403 "-" "Apache-HttpClient/4.5.2 (Java/1.8.0_161)"
113.249.101.163 - - [16/Sep/2025:10:32:45 +0200] "POST /xmlrpc.php HTTP/1.1" 200 403 "-" "Apache-HttpClient/4.5.2 (Java/1.8.0_161)"
113.249.101.163 - - [16/Sep/2025:10:32:46 +0200] "POST /xmlrpc.php HTTP/1.1" 200 403 "-" "Apache-HttpClient/4.5.2 (Java/1.8.0_161)"
113.249.101.163 - - [16/Sep/2025:10:32:48 +0200] "POST /xmlrpc.php HTTP/1.1" 200 403 "-" "Apache-HttpClient/4.5.2 (Java/1.8.0_161)"
113.249.101.163 - - [16/Sep/2025:10:32:49 +0200] "POST /xmlrpc.php HTTP/1.1" 200 403 "-" "Apache-HttpClient/4.5.2 (Java/1.8.0_161)"
216.244.66.250 - - [16/Sep/2025:10:32:49 +0200] "GET /2024/12/20/amex-gambling-ice-ice-yeti-slot-enterprises-2024-casinos-on-the-internet-taking-amex/ HTTP/1.1" 200 54467 "-" "Mozilla/5.0 (compatible; DotBot/1.2; +https://opensiteexplorer.org/dotbot; help@moz.com)"
113.249.101.163 - - [16/Sep/2025:10:32:52 +0200] "POST /xmlrpc.php HTTP/1.1" 200 403 "-" "Apache-HttpClient/4.5.2 (Java/1.8.0_161)"
113.249.101.163 - - [16/Sep/2025:10:32:53 +0200] "POST /xmlrpc.php HTTP/1.1" 200 403 "-" "Apache-HttpClient/4.5.2 (Java/1.8.0_161)"
113.249.101.163 - - [16/Sep/2025:10:32:55 +0200] "POST /xmlrpc.php HTTP/1.1" 200 403 "-" "Apache-HttpClient/4.5.2 (Java/1.8.0_161)"
113.249.101.163 - - [16/Sep/2025:10:32:56 +0200] "POST /xmlrpc.php HTTP/1.1" 200 403 "-" "Apache-HttpClient/4.5.2 (Java/1.8.0_161)"
113.249.101.163 - - [16/Sep/2025:10:32:57 +0200] "POST /xmlrpc.php HTTP/1.1" 200 403 "-" "Apache-HttpClient/4.5.2 (Java/1.8.0_161)"
113.249.101.163 - - [16/Sep/2025:10:32:59 +0200] "POST /xmlrpc.php HTTP/1.1" 200 403 "-" "Apache-HttpClient/4.5.2 (Java/1.8.0_161)"
113.249.101.163 - - [16/Sep/2025:10:33:00 +0200] "POST /xmlrpc.php HTTP/1.1" 200 403 "-" "Apache-HttpClient/4.5.2 (Java/1.8.0_161)"
113.249.101.163 - - [16/Sep/2025:10:33:01 +0200] "POST /xmlrpc.php HTTP/1.1" 200 403 "-" "Apache-HttpClient/4.5.2 (Java/1.8.0_161)"
113.249.101.163 - - [16/Sep/2025:10:33:03 +0200] "POST /xmlrpc.php HTTP/1.1" 200 403 "-" "Apache-HttpClient/4.5.2 (Java/1.8.0_161)"
113.249.101.163 - - [16/Sep/2025:10:33:05 +0200] "POST /xmlrpc.php HTTP/1.1" 200 403 "-" "Apache-HttpClient/4.5.2 (Java/1.8.0_161)"
113.249.101.163 - - [16/Sep/2025:10:33:06 +0200] "POST /xmlrpc.php HTTP/1.1" 200 403 "-" "Apache-HttpClient/4.5.2 (Java/1.8.0_161)"
113.249.101.163 - - [16/Sep/2025:10:33:07 +0200] "POST /xmlrpc.php HTTP/1.1" 200 403 "-" "Apache-HttpClient/4.5.2 (Java/1.8.0_161)"
113.249.101.163 - - [16/Sep/2025:10:33:10 +0200] "POST /xmlrpc.php HTTP/1.1" 200 403 "-" "Apache-HttpClient/4.5.2 (Java/1.8.0_161)"
113.249.101.163 - - [16/Sep/2025:10:33:13 +0200] "POST /xmlrpc.php HTTP/1.1" 200 403 "-" "Apache-HttpClient/4.5.2 (Java/1.8.0_161)"
113.249.101.163 - - [16/Sep/2025:10:33:15 +0200] "POST /xmlrpc.php HTTP/1.1" 200 403 "-" "Apache-HttpClient/4.5.2 (Java/1.8.0_161)"
113.249.101.163 - - [16/Sep/2025:10:33:17 +0200] "POST /xmlrpc.php HTTP/1.1" 200 403 "-" "Apache-HttpClient/4.5.2 (Java/1.8.0_161)"
113.249.101.163 - - [16/Sep/2025:10:33:18 +0200] "POST /xmlrpc.php HTTP/1.1" 200 403 "-" "Apache-HttpClient/4.5.2 (Java/1.8.0_161)"
113.249.101.163 - - [16/Sep/2025:10:33:19 +0200] "POST /xmlrpc.php HTTP/1.1" 200 403 "-" "Apache-HttpClient/4.5.2 (Java/1.8.0_161)"
113.249.101.163 - - [16/Sep/2025:10:33:21 +0200] "POST /xmlrpc.php HTTP/1.1" 200 403 "-" "Apache-HttpClient/4.5.2 (Java/1.8.0_161)"
113.249.101.163 - - [16/Sep/2025:10:33:22 +0200] "POST /xmlrpc.php HTTP/1.1" 200 403 "-" "Apache-HttpClient/4.5.2 (Java/1.8.0_161)"
216.244.66.250 - - [16/Sep/2025:10:33:22 +0200] "GET /2024/12/26/zeker-complete-gids-voor-crypto-gokhuis-wegens-nederland-2024/ HTTP/1.1" 200 54235 "-" "Mozilla/5.0 (compatible; DotBot/1.2; +https://opensiteexplorer.org/dotbot; help@moz.com)"
113.249.101.163 - - [16/Sep/2025:10:33:24 +0200] "POST /xmlrpc.php HTTP/1.1" 200 403 "-" "Apache-HttpClient/4.5.2 (Java/1.8.0_161)"
113.249.101.163 - - [16/Sep/2025:10:33:25 +0200] "POST /xmlrpc.php HTTP/1.1" 200 403 "-" "Apache-HttpClient/4.5.2 (Java/1.8.0_161)"
113.249.101.163 - - [16/Sep/2025:10:33:27 +0200] "POST /xmlrpc.php HTTP/1.1" 200 403 "-" "Apache-HttpClient/4.5.2 (Java/1.8.0_161)"
113.249.101.163 - - [16/Sep/2025:10:33:28 +0200] "POST /xmlrpc.php HTTP/1.1" 200 403 "-" "Apache-HttpClient/4.5.2 (Java/1.8.0_161)"
113.249.101.163 - - [16/Sep/2025:10:33:32 +0200] "POST /xmlrpc.php HTTP/1.1" 200 403 "-" "Apache-HttpClient/4.5.2 (Java/1.8.0_161)"
113.249.101.163 - - [16/Sep/2025:10:33:34 +0200] "POST /xmlrpc.php HTTP/1.1" 200 403 "-" "Apache-HttpClient/4.5.2 (Java/1.8.0_161)"
113.249.101.163 - - [16/Sep/2025:10:33:37 +0200] "POST /xmlrpc.php HTTP/1.1" 200 403 "-" "Apache-HttpClient/4.5.2 (Java/1.8.0_161)"
113.249.101.163 - - [16/Sep/2025:10:33:39 +0200] "POST /xmlrpc.php HTTP/1.1" 200 403 "-" "Apache-HttpClient/4.5.2 (Java/1.8.0_161)"
113.249.101.163 - - [16/Sep/2025:10:33:41 +0200] "POST /xmlrpc.php HTTP/1.1" 200 403 "-" "Apache-HttpClient/4.5.2 (Java/1.8.0_161)"
113.249.101.163 - - [16/Sep/2025:10:33:42 +0200] "POST /xmlrpc.php HTTP/1.1" 200 403 "-" "Apache-HttpClient/4.5.2 (Java/1.8.0_161)"
113.249.101.163 - - [16/Sep/2025:10:33:44 +0200] "POST /xmlrpc.php HTTP/1.1" 200 403 "-" "Apache-HttpClient/4.5.2 (Java/1.8.0_161)"
113.249.101.163 - - [16/Sep/2025:10:33:45 +0200] "POST /xmlrpc.php HTTP/1.1" 200 403 "-" "Apache-HttpClient/4.5.2 (Java/1.8.0_161)"
113.249.101.163 - - [16/Sep/2025:10:33:46 +0200] "POST /xmlrpc.php HTTP/1.1" 200 403 "-" "Apache-HttpClient/4.5.2 (Java/1.8.0_161)"
113.249.101.163 - - [16/Sep/2025:10:33:47 +0200] "POST /xmlrpc.php HTTP/1.1" 200 403 "-" "Apache-HttpClient/4.5.2 (Java/1.8.0_161)"
113.249.101.163 - - [16/Sep/2025:10:33:50 +0200] "POST /xmlrpc.php HTTP/1.1" 200 403 "-" "Apache-HttpClient/4.5.2 (Java/1.8.0_161)"
113.249.101.163 - - [16/Sep/2025:10:33:52 +0200] "POST /xmlrpc.php HTTP/1.1" 200 403 "-" "Apache-HttpClient/4.5.2 (Java/1.8.0_161)"
113.249.101.163 - - [16/Sep/2025:10:33:54 +0200] "POST /xmlrpc.php HTTP/1.1" 200 403 "-" "Apache-HttpClient/4.5.2 (Java/1.8.0_161)"
113.249.101.163 - - [16/Sep/2025:10:33:56 +0200] "POST /xmlrpc.php HTTP/1.1" 200 403 "-" "Apache-HttpClient/4.5.2 (Java/1.8.0_161)"
113.249.101.163 - - [16/Sep/2025:10:33:57 +0200] "POST /xmlrpc.php HTTP/1.1" 200 403 "-" "Apache-HttpClient/4.5.2 (Java/1.8.0_161)"
113.249.101.163 - - [16/Sep/2025:10:33:58 +0200] "POST /xmlrpc.php HTTP/1.1" 200 403 "-" "Apache-HttpClient/4.5.2 (Java/1.8.0_161)"
113.249.101.163 - - [16/Sep/2025:10:33:59 +0200] "POST /xmlrpc.php HTTP/1.1" 200 403 "-" "Apache-HttpClient/4.5.2 (Java/1.8.0_161)"
113.249.101.163 - - [16/Sep/2025:10:34:01 +0200] "POST /xmlrpc.php HTTP/1.1" 200 403 "-" "Apache-HttpClient/4.5.2 (Java/1.8.0_161)"
113.249.101.163 - - [16/Sep/2025:10:34:03 +0200] "POST /xmlrpc.php HTTP/1.1" 200 403 "-" "Apache-HttpClient/4.5.2 (Java/1.8.0_161)"
113.249.101.163 - - [16/Sep/2025:10:34:04 +0200] "POST /xmlrpc.php HTTP/1.1" 200 403 "-" "Apache-HttpClient/4.5.2 (Java/1.8.0_161)"
113.249.101.163 - - [16/Sep/2025:10:34:05 +0200] "POST /xmlrpc.php HTTP/1.1" 200 403 "-" "Apache-HttpClient/4.5.2 (Java/1.8.0_161)"
216.244.66.250 - - [16/Sep/2025:10:34:06 +0200] "GET /2024/12/27/top-uk-online-casinos-2025-safe-secure-gambling-sites/ HTTP/1.1" 200 55432 "-" "Mozilla/5.0 (compatible; DotBot/1.2; +https://opensiteexplorer.org/dotbot; help@moz.com)"
113.249.101.163 - - [16/Sep/2025:10:34:11 +0200] "POST /xmlrpc.php HTTP/1.1" 200 403 "-" "Apache-HttpClient/4.5.2 (Java/1.8.0_161)"
113.249.101.163 - - [16/Sep/2025:10:34:12 +0200] "POST /xmlrpc.php HTTP/1.1" 200 403 "-" "Apache-HttpClient/4.5.2 (Java/1.8.0_161)"
113.249.101.163 - - [16/Sep/2025:10:34:14 +0200] "POST /xmlrpc.php HTTP/1.1" 200 403 "-" "Apache-HttpClient/4.5.2 (Java/1.8.0_161)"
113.249.101.163 - - [16/Sep/2025:10:34:16 +0200] "POST /xmlrpc.php HTTP/1.1" 200 403 "-" "Apache-HttpClient/4.5.2 (Java/1.8.0_161)"
113.249.101.163 - - [16/Sep/2025:10:34:17 +0200] "POST /xmlrpc.php HTTP/1.1" 200 403 "-" "Apache-HttpClient/4.5.2 (Java/1.8.0_161)"
