34.174.16.82 - - [16/Sep/2025:01:27:20 +0200] "GET /kin/photo.php HTTP/1.1" 200 41044 "-" "Mozilla/5.0 (Macintosh; Intel Mac OS X 10.15; rv:139.0) Gecko/20100101 Firefox/139.0"
34.174.16.82 - - [16/Sep/2025:01:27:20 +0200] "GET /kin/blog-detail.php?title=nyaruguru:-abivuriza-ku-bitaro-bya-munini-barishimira-ko-ikarita-nsuzumamikorere-yakozwe-na-ami-yabafashije-kubona-serivisi-nziza HTTP/1.1" 200 20709 "-" "Mozilla/5.0 (Macintosh; Intel Mac OS X 10.15; rv:139.0) Gecko/20100101 Firefox/139.0"
34.174.16.82 - - [16/Sep/2025:01:27:20 +0200] "GET /kin/blog-detail.php?title=nyaruguru:-bahawe-ikiganiro-kuri-gahunda-ya-ndi-umunyarwanda-kibomora-ibikomere-byumutima HTTP/1.1" 200 19734 "-" "Mozilla/5.0 (Macintosh; Intel Mac OS X 10.15; rv:139.0) Gecko/20100101 Firefox/139.0"
34.174.16.82 - - [16/Sep/2025:01:27:20 +0200] "GET /en/team.php HTTP/1.1" 200 33056 "-" "Mozilla/5.0 (Macintosh; Intel Mac OS X 10.15; rv:139.0) Gecko/20100101 Firefox/139.0"
34.174.16.82 - - [16/Sep/2025:01:27:20 +0200] "GET /en/publications.php HTTP/1.1" 200 17440 "-" "Mozilla/5.0 (Macintosh; Intel Mac OS X 10.15; rv:139.0) Gecko/20100101 Firefox/139.0"
34.174.16.82 - - [16/Sep/2025:01:27:20 +0200] "GET /en/blog-detail.php?title=nyaruguru/nyagisozi:-history-teachers-in-secondary-schools-in-the-belgium-kingdom,-appreciated-amataba-group-activities HTTP/1.1" 200 19042 "-" "Mozilla/5.0 (Macintosh; Intel Mac OS X 10.15; rv:139.0) Gecko/20100101 Firefox/139.0"
34.174.16.82 - - [16/Sep/2025:01:27:20 +0200] "GET /kin/vision.php HTTP/1.1" 200 15140 "-" "Mozilla/5.0 (Macintosh; Intel Mac OS X 10.15; rv:139.0) Gecko/20100101 Firefox/139.0"
34.174.16.82 - - [16/Sep/2025:01:27:20 +0200] "GET /kin/historique.php HTTP/1.1" 200 16479 "-" "Mozilla/5.0 (Macintosh; Intel Mac OS X 10.15; rv:139.0) Gecko/20100101 Firefox/139.0"
34.174.16.82 - - [16/Sep/2025:01:27:20 +0200] "GET /en/psycho_socio-economic_framework.php HTTP/1.1" 200 15751 "-" "Mozilla/5.0 (Macintosh; Intel Mac OS X 10.15; rv:139.0) Gecko/20100101 Firefox/139.0"
34.174.16.82 - - [16/Sep/2025:01:27:20 +0200] "GET /kin/blog-detail.php?title=kigali:-ami-yitabiriye-imurikabikorwa-ryimiryango-itari-iya-leta- HTTP/1.1" 200 18552 "-" "Mozilla/5.0 (Macintosh; Intel Mac OS X 10.15; rv:139.0) Gecko/20100101 Firefox/139.0"
34.174.16.82 - - [16/Sep/2025:01:27:20 +0200] "GET /en/groupes_cibles.php HTTP/1.1" 200 18274 "-" "Mozilla/5.0 (Macintosh; Intel Mac OS X 10.15; rv:139.0) Gecko/20100101 Firefox/139.0"
34.174.16.82 - - [16/Sep/2025:01:27:21 +0200] "GET /en/index.html HTTP/1.1" 404 - "-" "Mozilla/5.0 (Macintosh; Intel Mac OS X 10.15; rv:139.0) Gecko/20100101 Firefox/139.0"
34.174.16.82 - - [16/Sep/2025:01:27:21 +0200] "GET /kin/blog-detail.php?title=abo-mu-mataba-ya-kayonza-basangijwe-amateka-nabi-nyanza-bashima-intambwe-bagezeho-bimakaza-ubumwe-nubudaheranwa HTTP/1.1" 200 20168 "-" "Mozilla/5.0 (Macintosh; Intel Mac OS X 10.15; rv:139.0) Gecko/20100101 Firefox/139.0"
34.174.16.82 - - [16/Sep/2025:01:27:21 +0200] "GET /kin/blog-detail.php?title=karongi-abagize-uruhare-muri-jenoside-yakorewe-abatutsi-barashima-ibiganiro-bibategura-kubana-neza-n%E2%80%99abarokotse-jenoside- HTTP/1.1" 200 18646 "-" "Mozilla/5.0 (Macintosh; Intel Mac OS X 10.15; rv:139.0) Gecko/20100101 Firefox/139.0"
34.174.16.82 - - [16/Sep/2025:01:27:21 +0200] "GET /kin/ubuntu.php HTTP/1.1" 200 23145 "-" "Mozilla/5.0 (Macintosh; Intel Mac OS X 10.15; rv:139.0) Gecko/20100101 Firefox/139.0"
34.174.16.82 - - [16/Sep/2025:01:27:21 +0200] "GET /en/blog-detail.php?title=xd HTTP/1.1" 200 16358 "-" "Mozilla/5.0 (Macintosh; Intel Mac OS X 10.15; rv:139.0) Gecko/20100101 Firefox/139.0"
34.174.16.82 - - [16/Sep/2025:01:27:21 +0200] "GET /en/blog-detail.php?title=kigali:-ami-participated-in-an-exhibition-of-civil-society-organizations-in-rwanda-2024 HTTP/1.1" 200 18038 "-" "Mozilla/5.0 (Macintosh; Intel Mac OS X 10.15; rv:139.0) Gecko/20100101 Firefox/139.0"
34.174.16.82 - - [16/Sep/2025:01:27:21 +0200] "GET /en/blog-detail.php?title=ami-and-st-mary%27s-high-school-kiruhura-celebrated-the-international-day-of-peace-2024 HTTP/1.1" 200 23 "-" "Mozilla/5.0 (Macintosh; Intel Mac OS X 10.15; rv:139.0) Gecko/20100101 Firefox/139.0"
34.174.16.82 - - [16/Sep/2025:01:27:21 +0200] "GET /en/quelques_realization.php HTTP/1.1" 200 18816 "-" "Mozilla/5.0 (Macintosh; Intel Mac OS X 10.15; rv:139.0) Gecko/20100101 Firefox/139.0"
34.174.16.82 - - [16/Sep/2025:01:27:21 +0200] "GET /kin/blog-detail.php?title=nyaruguru/nyagisozi:-abarimu-b%E2%80%99isomo-ry%E2%80%99amateka-mu-gihugu-cy%E2%80%99ububiligi-bashimye-ibikowa-by%E2%80%99amataba-byimakaza-ubumwe-n%E2%80%99ubudaheranwa HTTP/1.1" 200 18227 "-" "Mozilla/5.0 (Macintosh; Intel Mac OS X 10.15; rv:139.0) Gecko/20100101 Firefox/139.0"
34.174.16.82 - - [16/Sep/2025:01:27:21 +0200] "GET /en/mode_de_travail.php HTTP/1.1" 200 16587 "-" "Mozilla/5.0 (Macintosh; Intel Mac OS X 10.15; rv:139.0) Gecko/20100101 Firefox/139.0"
34.174.16.82 - - [16/Sep/2025:01:27:21 +0200] "GET /en/blog-detail.php?title=kigali:-ami-in-collaboration-with-cejp-rwanda-organized-a-brainstorming-workshop-on-gbv- HTTP/1.1" 200 20592 "-" "Mozilla/5.0 (Macintosh; Intel Mac OS X 10.15; rv:139.0) Gecko/20100101 Firefox/139.0"
34.174.16.82 - - [16/Sep/2025:01:27:21 +0200] "GET /en/strengthening_citizen_participation_in_the_life_of_the_city.php HTTP/1.1" 200 15946 "-" "Mozilla/5.0 (Macintosh; Intel Mac OS X 10.15; rv:139.0) Gecko/20100101 Firefox/139.0"
34.174.16.82 - - [16/Sep/2025:01:27:21 +0200] "GET /kin/index.html HTTP/1.1" 404 - "-" "Mozilla/5.0 (Macintosh; Intel Mac OS X 10.15; rv:139.0) Gecko/20100101 Firefox/139.0"
34.174.16.82 - - [16/Sep/2025:01:27:21 +0200] "GET /kin/blog-detail.php?title=huye:-abari-mu-kiruhuko-cyizabukuru-barishimira-intambwe-bagezeho-mu-mishinga-batewemo-inkunga-na-ami HTTP/1.1" 200 18056 "-" "Mozilla/5.0 (Macintosh; Intel Mac OS X 10.15; rv:139.0) Gecko/20100101 Firefox/139.0"
34.174.16.82 - - [16/Sep/2025:01:27:21 +0200] "GET /kin/blog-detail.php?title=nyaruguru:-abayobozi-bo-mu-nzego-zibanze-barishimira-politiki-yo-gukemura-amakimbirane-hatisunzwe-inkiko HTTP/1.1" 200 18184 "-" "Mozilla/5.0 (Macintosh; Intel Mac OS X 10.15; rv:139.0) Gecko/20100101 Firefox/139.0"
34.174.16.82 - - [16/Sep/2025:01:27:21 +0200] "GET /en/approches.php HTTP/1.1" 200 18521 "-" "Mozilla/5.0 (Macintosh; Intel Mac OS X 10.15; rv:139.0) Gecko/20100101 Firefox/139.0"
34.174.16.82 - - [16/Sep/2025:01:27:21 +0200] "GET /kin/objectifs.php HTTP/1.1" 200 15574 "-" "Mozilla/5.0 (Macintosh; Intel Mac OS X 10.15; rv:139.0) Gecko/20100101 Firefox/139.0"
34.174.16.82 - - [16/Sep/2025:01:27:21 +0200] "GET /en/blog-detail.php?title=nyaruguru:-visitors-from-the-three-belgium-schools-appricieted-the-activities-of--amataba-groups HTTP/1.1" 200 20508 "-" "Mozilla/5.0 (Macintosh; Intel Mac OS X 10.15; rv:139.0) Gecko/20100101 Firefox/139.0"
34.174.16.82 - - [16/Sep/2025:01:27:21 +0200] "GET /en/blog-detail.php?title=testimony-of-mukakabano-daphane-accompanied-by-ami-in-the-advocacy- HTTP/1.1" 200 24732 "-" "Mozilla/5.0 (Macintosh; Intel Mac OS X 10.15; rv:139.0) Gecko/20100101 Firefox/139.0"
34.174.16.82 - - [16/Sep/2025:01:27:22 +0200] "GET /en/kin/index.php HTTP/1.1" 404 - "-" "Mozilla/5.0 (Macintosh; Intel Mac OS X 10.15; rv:139.0) Gecko/20100101 Firefox/139.0"
34.174.16.82 - - [16/Sep/2025:01:27:22 +0200] "GET /en/en/index.php HTTP/1.1" 404 - "-" "Mozilla/5.0 (Macintosh; Intel Mac OS X 10.15; rv:139.0) Gecko/20100101 Firefox/139.0"
66.249.66.197 - - [16/Sep/2025:01:28:57 +0200] "GET /index.php/events/ HTTP/1.1" 200 44658 "-" "Mozilla/5.0 (Linux; Android 6.0.1; Nexus 5X Build/MMB29P) AppleWebKit/537.36 (KHTML, like Gecko) Chrome/140.0.7339.127 Mobile Safari/537.36 (compatible; Googlebot/2.1; +http://www.google.com/bot.html)"
66.249.66.3 - - [16/Sep/2025:01:29:02 +0200] "GET /index.php/events/js/bootstrap/popper.min.js HTTP/1.1" 200 44658 "https://ami.rw/index.php/events/" "Mozilla/5.0 (Linux; Android 6.0.1; Nexus 5X Build/MMB29P) AppleWebKit/537.36 (KHTML, like Gecko) Chrome/139.0.7258.127 Mobile Safari/537.36 (compatible; Googlebot/2.1; +http://www.google.com/bot.html)"
197.243.3.197 - - [16/Sep/2025:01:30:31 +0200] "GET / HTTP/1.1" 200 44658 "-" "Mozilla/5.0 (Windows NT 10.0; Win64; x64) AppleWebKit/537.36 (KHTML, like Gecko) Chrome/126.0.0.0 Safari/537.36"
2.189.5.142 - - [16/Sep/2025:01:34:24 +0200] "GET / HTTP/1.1" 200 44658 "-" "Mozilla/5.0 (X11; CrOS x86_64 8172.45.0) AppleWebKit/537.36 (KHTML, like Gecko) Chrome/51.0.2704.64 Safari/537.36"
2.189.5.162 - - [16/Sep/2025:01:34:24 +0200] "GET / HTTP/1.1" 200 44658 "-" "Mozilla/5.0 (iPhone; CPU iPhone OS 13_6 like Mac OS X) AppleWebKit/605.1.15 (KHTML, like Gecko) FxiOS/118.0 Mobile/15E148 Safari/605.1.15"
2.189.5.118 - - [16/Sep/2025:01:39:08 +0200] "GET / HTTP/1.1" 200 44658 "-" "Mozilla/5.0 (iPhone; CPU iPhone OS 12_0 like Mac OS X) AppleWebKit/605.1.15 (KHTML, like Gecko) Version/12.0 Mobile/15E148 Safari/604.1"
197.243.3.197 - - [16/Sep/2025:01:45:35 +0200] "GET / HTTP/1.1" 200 44658 "-" "Mozilla/5.0 (Windows NT 10.0; Win64; x64) AppleWebKit/537.36 (KHTML, like Gecko) Chrome/126.0.0.0 Safari/537.36"
104.210.140.142 - - [16/Sep/2025:01:46:14 +0200] "GET /robots.txt HTTP/1.1" 404 - "-" "Mozilla/5.0 (Macintosh; Intel Mac OS X 10_15_7) AppleWebKit/537.36 (KHTML, like Gecko) Chrome/131.0.0.0 Safari/537.36; compatible; OAI-SearchBot/1.0; +https://openai.com/searchbot"
3.213.213.161 - - [16/Sep/2025:01:52:00 +0200] "GET /en/photo.php HTTP/1.1" 200 42002 "-" "Mozilla/5.0 AppleWebKit/537.36 (KHTML, like Gecko; compatible; Amazonbot/0.1; +https://developer.amazon.com/support/amazonbot) Chrome/119.0.6045.214 Safari/537.36"
172.104.42.173 - - [16/Sep/2025:01:53:27 +0200] "POST /wp-login.php HTTP/1.1" 404 16 "-" "Mozilla/5.0 (Windows NT 10.0; Win64; x64)"
172.104.42.173 - - [16/Sep/2025:01:53:27 +0200] "GET /wp-admin/ HTTP/1.1" 500 - "-" "Mozilla/5.0 (Windows NT 10.0; Win64; x64)"
2.189.5.142 - - [16/Sep/2025:01:56:51 +0200] "GET / HTTP/1.1" 200 44658 "-" "Mozilla/5.0 (X11; Linux x86_64; rv:109.0) Gecko/20100101 Firefox/118.0"
2.189.5.162 - - [16/Sep/2025:01:56:52 +0200] "GET / HTTP/1.1" 200 44658 "-" "Mozilla/5.0 (X11; Fedora; Linux x86_64; rv:115.0) Gecko/20100101 Firefox/115.0"
2.189.5.162 - - [16/Sep/2025:01:59:20 +0200] "GET / HTTP/1.1" 200 44658 "-" "Mozilla/5.0 (Linux; Android 5.0.2; SAMSUNG SM-T550 Build/LRX22G) AppleWebKit/537.36 (KHTML, like Gecko) SamsungBrowser/3.3 Chrome/38.0.2125.102 Safari/537.36"
2.189.5.142 - - [16/Sep/2025:01:59:21 +0200] "GET / HTTP/1.1" 200 44658 "-" "Mozilla/5.0 (iPod touch; CPU iPhone OS 13_6 like Mac OS X) AppleWebKit/604.5.6 (KHTML, like Gecko) FxiOS/118.0 Mobile/15E148 Safari/605.1.15"
197.243.3.197 - - [16/Sep/2025:02:00:46 +0200] "GET / HTTP/1.1" 200 44658 "-" "Mozilla/5.0 (Windows NT 10.0; Win64; x64) AppleWebKit/537.36 (KHTML, like Gecko) Chrome/126.0.0.0 Safari/537.36"
216.73.216.14 - - [16/Sep/2025:02:08:29 +0200] "GET /robots.txt HTTP/1.1" 404 - "-" "Mozilla/5.0 AppleWebKit/537.36 (KHTML, like Gecko; compatible; ClaudeBot/1.0; +claudebot@anthropic.com)"
216.73.216.14 - - [16/Sep/2025:02:08:29 +0200] "GET /blog-detail.php?title=T%C3%A9moignage+de+MUKAKABANO+Daphane+accompagn%C3%A9e+par+AMI+dans+le+plaidoyer HTTP/1.1" 200 27849 "-" "Mozilla/5.0 AppleWebKit/537.36 (KHTML, like Gecko; compatible; ClaudeBot/1.0; +claudebot@anthropic.com)"
2.189.5.118 - - [16/Sep/2025:02:08:44 +0200] "GET / HTTP/1.1" 200 44658 "-" "Mozilla/5.0 (iPhone; CPU iPhone OS 12_0 like Mac OS X) AppleWebKit/605.1.15 (KHTML, like Gecko) Version/12.0 Mobile/15E148 Safari/604.1"
52.167.144.171 - - [16/Sep/2025:02:15:55 +0200] "GET /blog-detail.php/text/en/kin/index.php HTTP/1.1" 200 4831 "-" "Mozilla/5.0 AppleWebKit/537.36 (KHTML, like Gecko; compatible; bingbot/2.0; +http://www.bing.com/bingbot.htm) Chrome/116.0.1938.76 Safari/537.36"
197.243.3.197 - - [16/Sep/2025:02:16:26 +0200] "GET / HTTP/1.1" 200 44658 "-" "Mozilla/5.0 (Windows NT 10.0; Win64; x64) AppleWebKit/537.36 (KHTML, like Gecko) Chrome/126.0.0.0 Safari/537.36"
2.189.5.162 - - [16/Sep/2025:02:24:54 +0200] "GET / HTTP/1.1" 200 44658 "-" "Mozilla/5.0 (Android 13; Mobile; rv:109.0) Gecko/118.0 Firefox/118.0"
2.189.5.142 - - [16/Sep/2025:02:24:55 +0200] "GET / HTTP/1.1" 200 44658 "-" "Mozilla/5.0 (Linux; Android 12; SM-X906C Build/QP1A.190711.020; wv) AppleWebKit/537.36 (KHTML, like Gecko) Version/4.0 Chrome/80.0.3987.119 Mobile Safari/537.36"
197.243.3.197 - - [16/Sep/2025:02:31:27 +0200] "GET / HTTP/1.1" 200 44658 "-" "Mozilla/5.0 (Windows NT 10.0; Win64; x64) AppleWebKit/537.36 (KHTML, like Gecko) Chrome/126.0.0.0 Safari/537.36"
217.113.194.43 - - [16/Sep/2025:02:32:45 +0200] "GET /robots.txt HTTP/1.1" 404 - "-" "Mozilla/5.0 (compatible; Barkrowler/0.9; +https://babbar.tech/crawler)"
2.189.5.142 - - [16/Sep/2025:02:33:35 +0200] "GET / HTTP/1.1" 200 44658 "-" "Mozilla/5.0 (Macintosh; Intel Mac OS X 13.6; rv:109.0) Gecko/20100101 Firefox/118.0"
2.189.5.162 - - [16/Sep/2025:02:33:36 +0200] "GET / HTTP/1.1" 200 44658 "-" "Mozilla/5.0 (Macintosh; Intel Mac OS X 13.6; rv:109.0) Gecko/20100101 Firefox/118.0"
217.113.194.51 - - [16/Sep/2025:02:34:23 +0200] "GET /index.php HTTP/1.1" 200 44658 "-" "Mozilla/5.0 (compatible; Barkrowler/0.9; +https://babbar.tech/crawler)"
217.113.194.43 - - [16/Sep/2025:02:35:10 +0200] "GET /mission.php HTTP/1.1" 200 16101 "-" "Mozilla/5.0 (compatible; Barkrowler/0.9; +https://babbar.tech/crawler)"
217.113.194.44 - - [16/Sep/2025:02:35:37 +0200] "GET /en/photo.php HTTP/1.1" 200 42002 "-" "Mozilla/5.0 (compatible; Barkrowler/0.9; +https://babbar.tech/crawler)"
217.113.194.45 - - [16/Sep/2025:02:36:07 +0200] "GET /objectifs.php HTTP/1.1" 200 16697 "-" "Mozilla/5.0 (compatible; Barkrowler/0.9; +https://babbar.tech/crawler)"
217.113.194.45 - - [16/Sep/2025:02:36:47 +0200] "GET /en/publications.php HTTP/1.1" 200 17440 "-" "Mozilla/5.0 (compatible; Barkrowler/0.9; +https://babbar.tech/crawler)"
217.113.194.48 - - [16/Sep/2025:02:37:18 +0200] "GET /domaine_de_Travail.php HTTP/1.1" 200 16000 "-" "Mozilla/5.0 (compatible; Barkrowler/0.9; +https://babbar.tech/crawler)"
217.113.194.212 - - [16/Sep/2025:02:37:50 +0200] "GET /kin/publications.php HTTP/1.1" 200 16482 "-" "Mozilla/5.0 (compatible; Barkrowler/0.9; +https://babbar.tech/crawler)"
217.113.194.42 - - [16/Sep/2025:02:38:30 +0200] "GET /quelques_realization.php HTTP/1.1" 200 19065 "-" "Mozilla/5.0 (compatible; Barkrowler/0.9; +https://babbar.tech/crawler)"
2.189.5.118 - - [16/Sep/2025:02:38:56 +0200] "GET / HTTP/1.1" 200 44658 "-" "Mozilla/5.0 (X11; Linux x86_64; rv:109.0) Gecko/20100101 Firefox/118.0"
217.113.194.43 - - [16/Sep/2025:02:38:57 +0200] "GET /structure_organisationelle.php HTTP/1.1" 200 15694 "-" "Mozilla/5.0 (compatible; Barkrowler/0.9; +https://babbar.tech/crawler)"
217.113.194.47 - - [16/Sep/2025:02:39:32 +0200] "GET /education_a_la_paix.php HTTP/1.1" 200 15436 "-" "Mozilla/5.0 (compatible; Barkrowler/0.9; +https://babbar.tech/crawler)"
217.113.194.212 - - [16/Sep/2025:02:40:09 +0200] "GET /en/structure_organisationelle.php HTTP/1.1" 200 15858 "-" "Mozilla/5.0 (compatible; Barkrowler/0.9; +https://babbar.tech/crawler)"
217.113.194.212 - - [16/Sep/2025:02:40:39 +0200] "GET /kin/education_a_la_paix.php HTTP/1.1" 200 14665 "-" "Mozilla/5.0 (compatible; Barkrowler/0.9; +https://babbar.tech/crawler)"
217.113.194.48 - - [16/Sep/2025:02:41:05 +0200] "GET /en/blog-detail.php?title=xd HTTP/1.1" 200 16358 "-" "Mozilla/5.0 (compatible; Barkrowler/0.9; +https://babbar.tech/crawler)"
197.243.3.197 - - [16/Sep/2025:02:41:27 +0200] "GET / HTTP/1.1" 200 44658 "-" "Mozilla/5.0 (Windows NT 10.0; Win64; x64) AppleWebKit/537.36 (KHTML, like Gecko) Chrome/126.0.0.0 Safari/537.36"
217.113.194.49 - - [16/Sep/2025:02:41:34 +0200] "GET /en/psycho_socio-economic_framework.php HTTP/1.1" 200 15751 "-" "Mozilla/5.0 (compatible; Barkrowler/0.9; +https://babbar.tech/crawler)"
52.167.144.206 - - [16/Sep/2025:02:42:02 +0200] "GET /blog-detail.php?shopdetail/50157462 HTTP/1.1" 200 4831 "-" "Mozilla/5.0 AppleWebKit/537.36 (KHTML, like Gecko; compatible; bingbot/2.0; +http://www.bing.com/bingbot.htm) Chrome/116.0.1938.76 Safari/537.36"
217.113.194.44 - - [16/Sep/2025:02:42:05 +0200] "GET /strengthening_citizen_participation_in_the_life_of_the_city.php HTTP/1.1" 200 16032 "-" "Mozilla/5.0 (compatible; Barkrowler/0.9; +https://babbar.tech/crawler)"
217.113.194.49 - - [16/Sep/2025:02:42:31 +0200] "GET /en/strengthening_citizen_participation_in_the_life_of_the_city.php HTTP/1.1" 200 15946 "-" "Mozilla/5.0 (compatible; Barkrowler/0.9; +https://babbar.tech/crawler)"
217.113.194.45 - - [16/Sep/2025:02:43:32 +0200] "GET /kin/strengthening_citizen_participation_in_the_life_of_the_city.php HTTP/1.1" 200 14978 "-" "Mozilla/5.0 (compatible; Barkrowler/0.9; +https://babbar.tech/crawler)"
217.113.194.252 - - [16/Sep/2025:02:43:54 +0200] "GET /download.php?file=Camp24%20PRESSE%20Lancemt(frz).pdf HTTP/1.1" 200 347299 "-" "Mozilla/5.0 (compatible; Barkrowler/0.9; +https://babbar.tech/crawler)"
217.113.194.252 - - [16/Sep/2025:02:44:31 +0200] "GET /blog-detail.php?title=huye:-ami-forme-25-jeunes-sur-la-culture-de-la-paix HTTP/1.1" 200 23610 "-" "Mozilla/5.0 (compatible; Barkrowler/0.9; +https://babbar.tech/crawler)"
217.113.194.244 - - [16/Sep/2025:02:44:54 +0200] "GET /en/blog-detail.php?title=nyaruguru:-local-authorities-appreciated-the-alternative-dispute-resolution-policy HTTP/1.1" 200 19058 "-" "Mozilla/5.0 (compatible; Barkrowler/0.9; +https://babbar.tech/crawler)"
154.54.249.197 - - [16/Sep/2025:02:45:15 +0200] "GET /en/blog-detail.php?title=nyaruguru:-ami-thanks-local-authorities-for-an-exemplary-partnership-and-exceptional-collaboration- HTTP/1.1" 200 20076 "-" "Mozilla/5.0 (compatible; Barkrowler/0.9; +https://babbar.tech/crawler)"
217.113.194.44 - - [16/Sep/2025:02:45:49 +0200] "GET /kin/blog-detail.php?title=huye:-uko-ami-yigishije-imyuga-n'ubumenyingiro-abana-bo-mu-muhanda-bakava-mu-buzima-bubi-barimo HTTP/1.1" 200 23 "-" "Mozilla/5.0 (compatible; Barkrowler/0.9; +https://babbar.tech/crawler)"
52.7.33.248 - - [16/Sep/2025:02:50:10 +0200] "GET /en/documentary_film.php HTTP/1.1" 200 22990 "-" "Mozilla/5.0 AppleWebKit/537.36 (KHTML, like Gecko; compatible; Amazonbot/0.1; +https://developer.amazon.com/support/amazonbot) Chrome/119.0.6045.214 Safari/537.36"
2.189.5.142 - - [16/Sep/2025:02:50:20 +0200] "GET / HTTP/1.1" 200 44658 "-" "Mozilla/5.0 (iPhone13,2; U; CPU iPhone OS 14_0 like Mac OS X) AppleWebKit/602.1.50 (KHTML, like Gecko) Version/10.0 Mobile/15E148 Safari/602.1"
2.189.5.162 - - [16/Sep/2025:02:50:20 +0200] "GET / HTTP/1.1" 200 44658 "-" "Mozilla/5.0 (Linux; Android 12; SM-X906C Build/QP1A.190711.020; wv) AppleWebKit/537.36 (KHTML, like Gecko) Version/4.0 Chrome/80.0.3987.119 Mobile Safari/537.36"
197.243.3.197 - - [16/Sep/2025:02:51:15 +0200] "GET / HTTP/1.1" 200 44658 "-" "Mozilla/5.0 (Windows NT 10.0; Win64; x64) AppleWebKit/537.36 (KHTML, like Gecko) Chrome/126.0.0.0 Safari/537.36"
40.77.167.26 - - [16/Sep/2025:02:52:15 +0200] "GET /kin/blog-detail.php?id=47 HTTP/1.1" 200 4 "-" "Mozilla/5.0 AppleWebKit/537.36 (KHTML, like Gecko; compatible; bingbot/2.0; +http://www.bing.com/bingbot.htm) Chrome/116.0.1938.76 Safari/537.36"
40.77.178.184 - - [16/Sep/2025:02:52:23 +0200] "GET /kin/blog-detail.php?id=47 HTTP/1.1" 200 4 "-" "Mozilla/5.0 AppleWebKit/537.36 (KHTML, like Gecko; compatible; bingbot/2.0; +http://www.bing.com/bingbot.htm) Chrome/136.0.0.0 Safari/537.36"
98.82.214.73 - - [16/Sep/2025:02:57:38 +0200] "GET /en/quelques_realization.php HTTP/1.1" 200 18816 "-" "Mozilla/5.0 AppleWebKit/537.36 (KHTML, like Gecko; compatible; Amazonbot/0.1; +https://developer.amazon.com/support/amazonbot) Chrome/119.0.6045.214 Safari/537.36"
197.243.3.197 - - [16/Sep/2025:03:00:26 +0200] "GET / HTTP/1.1" 200 44658 "-" "Mozilla/5.0 (Windows NT 10.0; Win64; x64) AppleWebKit/537.36 (KHTML, like Gecko) Chrome/126.0.0.0 Safari/537.36"
172.104.42.173 - - [16/Sep/2025:03:07:33 +0200] "POST /wp-login.php HTTP/1.1" 404 16 "-" "Mozilla/5.0 (Windows NT 10.0; Win64; x64)"
172.104.42.173 - - [16/Sep/2025:03:07:33 +0200] "GET /wp-admin/ HTTP/1.1" 500 - "-" "Mozilla/5.0 (Windows NT 10.0; Win64; x64)"
51.75.157.203 - - [16/Sep/2025:03:07:51 +0200] "GET /wp-content/plugins/case-theme-user/acess/css/admin.options.css HTTP/1.1" 404 - "-" "Mozilla/5.0 (Windows NT 10.0; Win64; x64) AppleWebKit/537.36 (KHTML, like Gecko) Chrome/127.0.0.0 Safari/537.36"
51.75.157.203 - - [16/Sep/2025:03:08:06 +0200] "GET /blog-verify HTTP/1.1" 404 - "-" "Mozilla/5.0 (Windows NT 10.0; Win64; x64) AppleWebKit/537.36 (KHTML, like Gecko) Chrome/127.0.0.0 Safari/537.36"
2.189.5.118 - - [16/Sep/2025:03:09:34 +0200] "GET / HTTP/1.1" 200 44658 "-" "Mozilla/5.0 (X11; Fedora; Linux x86_64; rv:115.0) Gecko/20100101 Firefox/115.0"
197.243.3.197 - - [16/Sep/2025:03:09:56 +0200] "GET / HTTP/1.1" 200 44658 "-" "Mozilla/5.0 (Windows NT 10.0; Win64; x64) AppleWebKit/537.36 (KHTML, like Gecko) Chrome/126.0.0.0 Safari/537.36"
2.189.5.142 - - [16/Sep/2025:03:11:11 +0200] "GET / HTTP/1.1" 200 44658 "-" "Mozilla/5.0 (Linux x86_64; rv:115.0) Gecko/20100101 Firefox/115.0"
2.189.5.162 - - [16/Sep/2025:03:11:11 +0200] "GET / HTTP/1.1" 200 44658 "-" "Mozilla/5.0 (Windows NT 10.0; Win64; x64) AppleWebKit/537.36 (KHTML, like Gecko) Chrome/42.0.2311.135 Safari/537.36 Edge/12.246"
40.77.167.73 - - [16/Sep/2025:03:11:18 +0200] "GET /admin/images/photos/Blog%202.jpg HTTP/1.1" 200 155017 "-" "Mozilla/5.0 AppleWebKit/537.36 (KHTML, like Gecko; compatible; bingbot/2.0; +http://www.bing.com/bingbot.htm) Chrome/116.0.1938.76 Safari/537.36"
2.189.5.142 - - [16/Sep/2025:03:14:55 +0200] "GET / HTTP/1.1" 200 44658 "-" "Mozilla/5.0 (Linux; Android 5.0.2; SAMSUNG SM-T550 Build/LRX22G) AppleWebKit/537.36 (KHTML, like Gecko) SamsungBrowser/3.3 Chrome/38.0.2125.102 Safari/537.36"
2.189.5.162 - - [16/Sep/2025:03:14:55 +0200] "GET / HTTP/1.1" 200 44658 "-" "Mozilla/5.0 (Android 13; Mobile; rv:109.0) Gecko/118.0 Firefox/118.0"
197.243.3.197 - - [16/Sep/2025:03:19:28 +0200] "GET / HTTP/1.1" 200 44658 "-" "Mozilla/5.0 (Windows NT 10.0; Win64; x64) AppleWebKit/537.36 (KHTML, like Gecko) Chrome/126.0.0.0 Safari/537.36"
197.243.3.197 - - [16/Sep/2025:03:33:52 +0200] "GET / HTTP/1.1" 200 44658 "-" "Mozilla/5.0 (Windows NT 10.0; Win64; x64) AppleWebKit/537.36 (KHTML, like Gecko) Chrome/126.0.0.0 Safari/537.36"
216.73.216.14 - - [16/Sep/2025:03:34:53 +0200] "GET /robots.txt HTTP/1.1" 404 - "-" "Mozilla/5.0 AppleWebKit/537.36 (KHTML, like Gecko; compatible; ClaudeBot/1.0; +claudebot@anthropic.com)"
216.73.216.14 - - [16/Sep/2025:03:34:53 +0200] "GET /blog-detail.php HTTP/1.1" 200 4831 "-" "Mozilla/5.0 AppleWebKit/537.36 (KHTML, like Gecko; compatible; ClaudeBot/1.0; +claudebot@anthropic.com)"
2.189.5.162 - - [16/Sep/2025:03:39:33 +0200] "GET / HTTP/1.1" 200 44658 "-" "Mozilla/5.0 (Linux; Android 12; SM-X906C Build/QP1A.190711.020; wv) AppleWebKit/537.36 (KHTML, like Gecko) Version/4.0 Chrome/80.0.3987.119 Mobile Safari/537.36"
2.189.5.142 - - [16/Sep/2025:03:39:33 +0200] "GET / HTTP/1.1" 200 44658 "-" "Mozilla/5.0 (Linux x86_64; rv:115.0) Gecko/20100101 Firefox/115.0"
2.189.5.118 - - [16/Sep/2025:03:40:27 +0200] "GET / HTTP/1.1" 200 44658 "-" "Mozilla/5.0 (Macintosh; Intel Mac OS X 13.6; rv:109.0) Gecko/20100101 Firefox/118.0"
2.189.5.142 - - [16/Sep/2025:03:47:10 +0200] "GET / HTTP/1.1" 200 44658 "-" "Mozilla/5.0 (Linux; Android 5.0.2; SAMSUNG SM-T550 Build/LRX22G) AppleWebKit/537.36 (KHTML, like Gecko) SamsungBrowser/3.3 Chrome/38.0.2125.102 Safari/537.36"
2.189.5.162 - - [16/Sep/2025:03:47:10 +0200] "GET / HTTP/1.1" 200 44658 "-" "Mozilla/5.0 (iPod touch; CPU iPhone OS 13_6 like Mac OS X) AppleWebKit/604.5.6 (KHTML, like Gecko) FxiOS/118.0 Mobile/15E148 Safari/605.1.15"
197.243.3.197 - - [16/Sep/2025:03:49:05 +0200] "GET / HTTP/1.1" 200 44658 "-" "Mozilla/5.0 (Windows NT 10.0; Win64; x64) AppleWebKit/537.36 (KHTML, like Gecko) Chrome/126.0.0.0 Safari/537.36"
34.174.41.141 - - [16/Sep/2025:03:53:26 +0200] "GET / HTTP/1.1" 200 44658 "-" "Mozilla/5.0 (Windows NT 10.0; Win64; x64; rv:136.0) Gecko/20100101 Firefox/136.0"
34.174.41.141 - - [16/Sep/2025:03:53:27 +0200] "GET /blog-detail.php?title=kigali:-ami-en-collaboration-avec-cejp-rwanda-a-organis%C3%A9-un-atelier-de-r%C3%A9flexion-sur-gbv HTTP/1.1" 200 20370 "-" "Mozilla/5.0 (Windows NT 10.0; Win64; x64; rv:136.0) Gecko/20100101 Firefox/136.0"
34.174.41.141 - - [16/Sep/2025:03:53:27 +0200] "GET /blog-detail.php?title=entre-rescapes-et-bourreaux-la-confiance-se-retablit HTTP/1.1" 200 25240 "-" "Mozilla/5.0 (Windows NT 10.0; Win64; x64; rv:136.0) Gecko/20100101 Firefox/136.0"
34.174.41.141 - - [16/Sep/2025:03:53:27 +0200] "GET /kin/index.php HTTP/1.1" 200 73632 "-" "Mozilla/5.0 (Windows NT 10.0; Win64; x64; rv:136.0) Gecko/20100101 Firefox/136.0"
34.174.41.141 - - [16/Sep/2025:03:53:27 +0200] "GET /approches.php HTTP/1.1" 200 17869 "-" "Mozilla/5.0 (Windows NT 10.0; Win64; x64; rv:136.0) Gecko/20100101 Firefox/136.0"
34.174.41.141 - - [16/Sep/2025:03:53:28 +0200] "GET /blog-detail.php?title=t%C3%A9moignage-de-mukakabano-daphane-accompagn%C3%A9e-par-ami-dans-le-plaidoyer- HTTP/1.1" 200 27850 "-" "Mozilla/5.0 (Windows NT 10.0; Win64; x64; rv:136.0) Gecko/20100101 Firefox/136.0"
34.174.41.141 - - [16/Sep/2025:03:53:28 +0200] "GET /structure_organisationelle.php HTTP/1.1" 200 15694 "-" "Mozilla/5.0 (Windows NT 10.0; Win64; x64; rv:136.0) Gecko/20100101 Firefox/136.0"
34.174.41.141 - - [16/Sep/2025:03:53:28 +0200] "GET /blog-detail.php?title=dans-un-delai-de-six-mois,-le-dialogue-curatif-permet-%EF%BF%BD-98-familles-de-se-reconcilier HTTP/1.1" 200 23 "-" "Mozilla/5.0 (Windows NT 10.0; Win64; x64; rv:136.0) Gecko/20100101 Firefox/136.0"
34.174.41.141 - - [16/Sep/2025:03:53:28 +0200] "GET /domaine_de_Travail.php HTTP/1.1" 200 16000 "-" "Mozilla/5.0 (Windows NT 10.0; Win64; x64; rv:136.0) Gecko/20100101 Firefox/136.0"
34.174.41.141 - - [16/Sep/2025:03:53:28 +0200] "GET /index.php HTTP/1.1" 200 44658 "-" "Mozilla/5.0 (Windows NT 10.0; Win64; x64; rv:136.0) Gecko/20100101 Firefox/136.0"
34.174.41.141 - - [16/Sep/2025:03:53:28 +0200] "GET /mission.php HTTP/1.1" 200 16101 "-" "Mozilla/5.0 (Windows NT 10.0; Win64; x64; rv:136.0) Gecko/20100101 Firefox/136.0"
34.174.41.141 - - [16/Sep/2025:03:53:28 +0200] "GET /mode_de_travail.php HTTP/1.1" 200 16458 "-" "Mozilla/5.0 (Windows NT 10.0; Win64; x64; rv:136.0) Gecko/20100101 Firefox/136.0"
34.174.41.141 - - [16/Sep/2025:03:53:28 +0200] "GET /blog-detail.php?title=nyaruguru/nyagisozi:-les-enseignants-de-cours-d%27histoire-au-sein-des-%C3%A9coles-secondaires-dans-le-royaume-de-belgique-ont-appr%C3%A9ci%C3%A9-les-activit%C3%A9s-de-groupe-amataba HTTP/1.1" 200 23 "-" "Mozilla/5.0 (Windows NT 10.0; Win64; x64; rv:136.0) Gecko/20100101 Firefox/136.0"
34.174.41.141 - - [16/Sep/2025:03:53:28 +0200] "GET /education_a_la_paix.php HTTP/1.1" 200 15436 "-" "Mozilla/5.0 (Windows NT 10.0; Win64; x64; rv:136.0) Gecko/20100101 Firefox/136.0"
34.174.41.141 - - [16/Sep/2025:03:53:28 +0200] "GET /photo.php HTTP/1.1" 200 49805 "-" "Mozilla/5.0 (Windows NT 10.0; Win64; x64; rv:136.0) Gecko/20100101 Firefox/136.0"
34.174.41.141 - - [16/Sep/2025:03:53:29 +0200] "GET /team.php HTTP/1.1" 200 31222 "-" "Mozilla/5.0 (Windows NT 10.0; Win64; x64; rv:136.0) Gecko/20100101 Firefox/136.0"
34.174.41.141 - - [16/Sep/2025:03:53:29 +0200] "GET /groupes_cibles.php HTTP/1.1" 200 18301 "-" "Mozilla/5.0 (Windows NT 10.0; Win64; x64; rv:136.0) Gecko/20100101 Firefox/136.0"
34.174.41.141 - - [16/Sep/2025:03:53:29 +0200] "GET /blog-detail.php?title=nyaruguru-murama:-ami-a-organis%C3%A9-une-%C3%A9mission-radiodiffus%C3%A9e-en-directe-sur-les-services HTTP/1.1" 200 23 "-" "Mozilla/5.0 (Windows NT 10.0; Win64; x64; rv:136.0) Gecko/20100101 Firefox/136.0"
34.174.41.141 - - [16/Sep/2025:03:53:29 +0200] "GET /blog-detail.php?title=nyaruguru%C2%A0:-ami-remercie%C2%A0les-autorit%C3%A9s-locales-pour-un-partenariat-exemplaire-et%C2%A0collaboration-exceptionnelle-dans-18-ans%C2%A0pass%C3%A9 HTTP/1.1" 200 23 "-" "Mozilla/5.0 (Windows NT 10.0; Win64; x64; rv:136.0) Gecko/20100101 Firefox/136.0"
34.174.41.141 - - [16/Sep/2025:03:53:29 +0200] "GET /blog-detail.php?title=nyaruguru:-l%E2%80%99equipe-de-visiteurs-des-%C3%A9tudiantes-et-%C3%A9tudiants-des-trois-%C3%A9coles-belges-ont-appr%C3%A9ci%C3%A9-les-activit%C3%A9s-des-groupes-d%E2%80%99amataba- HTTP/1.1" 200 20924 "-" "Mozilla/5.0 (Windows NT 10.0; Win64; x64; rv:136.0) Gecko/20100101 Firefox/136.0"
34.174.41.141 - - [16/Sep/2025:03:53:29 +0200] "GET /quelques_realization.php HTTP/1.1" 200 19065 "-" "Mozilla/5.0 (Windows NT 10.0; Win64; x64; rv:136.0) Gecko/20100101 Firefox/136.0"
34.174.41.141 - - [16/Sep/2025:03:53:29 +0200] "GET /ubuntu.php HTTP/1.1" 200 23850 "-" "Mozilla/5.0 (Windows NT 10.0; Win64; x64; rv:136.0) Gecko/20100101 Firefox/136.0"
34.174.41.141 - - [16/Sep/2025:03:53:29 +0200] "GET /blog-detail.php?title=histoire-de-succ%C3%A8s-et-quelques-t%C3%A9moignages-des-b%C3%A9n%C3%A9ficiaires-de-l%E2%80%99ami- HTTP/1.1" 200 29732 "-" "Mozilla/5.0 (Windows NT 10.0; Win64; x64; rv:136.0) Gecko/20100101 Firefox/136.0"
34.174.41.141 - - [16/Sep/2025:03:53:29 +0200] "GET /publications.php HTTP/1.1" 200 17189 "-" "Mozilla/5.0 (Windows NT 10.0; Win64; x64; rv:136.0) Gecko/20100101 Firefox/136.0"
34.174.41.141 - - [16/Sep/2025:03:53:29 +0200] "GET /blog-detail.php?title=huye:-ami-et-st-mary%E2%80%99s-hight-school-kiruhura-ont-c%C3%A9l%C3%A9br%C3%A9-la-journ%C3%A9e-internationale-de-la-paix-2024 HTTP/1.1" 200 19964 "-" "Mozilla/5.0 (Windows NT 10.0; Win64; x64; rv:136.0) Gecko/20100101 Firefox/136.0"
34.174.41.141 - - [16/Sep/2025:03:53:29 +0200] "GET /blog-detail.php?title=nyaruguru%C2%A0:-les-autorit%C3%A9s-de-base-ont-appr%C3%A9ci%C3%A9-la-politique-alternative-de-r%C3%A9solution-des-conflits HTTP/1.1" 200 20420 "-" "Mozilla/5.0 (Windows NT 10.0; Win64; x64; rv:136.0) Gecko/20100101 Firefox/136.0"
34.174.41.141 - - [16/Sep/2025:03:53:29 +0200] "GET /Circonscription_du_travail.php HTTP/1.1" 200 15715 "-" "Mozilla/5.0 (Windows NT 10.0; Win64; x64; rv:136.0) Gecko/20100101 Firefox/136.0"
34.174.41.141 - - [16/Sep/2025:03:53:29 +0200] "GET /historique.php HTTP/1.1" 200 16354 "-" "Mozilla/5.0 (Windows NT 10.0; Win64; x64; rv:136.0) Gecko/20100101 Firefox/136.0"
34.174.41.141 - - [16/Sep/2025:03:53:29 +0200] "GET /strengthening_citizen_participation_in_the_life_of_the_city.php HTTP/1.1" 200 16032 "-" "Mozilla/5.0 (Windows NT 10.0; Win64; x64; rv:136.0) Gecko/20100101 Firefox/136.0"
34.174.41.141 - - [16/Sep/2025:03:53:29 +0200] "GET /blog-detail.php?title=nyanza-:-les-membres-des-amataba-des-jeunes-ont-appr%C3%A9ci%C3%A9-des-progr%C3%A8s-r%C3%A9alis%C3%A9s-dans-la-promotion-de-l%E2%80%99unit%C3%A9-et-de-la-r%C3%A9silience HTTP/1.1" 200 22850 "-" "Mozilla/5.0 (Windows NT 10.0; Win64; x64; rv:136.0) Gecko/20100101 Firefox/136.0"
34.174.41.141 - - [16/Sep/2025:03:53:29 +0200] "GET /blog-detail.php?title=huye:-ami-forme-25-jeunes-sur-la-culture-de-la-paix HTTP/1.1" 200 23610 "-" "Mozilla/5.0 (Windows NT 10.0; Win64; x64; rv:136.0) Gecko/20100101 Firefox/136.0"
34.174.41.141 - - [16/Sep/2025:03:53:29 +0200] "GET /documentary_film.php HTTP/1.1" 200 23124 "-" "Mozilla/5.0 (Windows NT 10.0; Win64; x64; rv:136.0) Gecko/20100101 Firefox/136.0"
34.174.41.141 - - [16/Sep/2025:03:53:29 +0200] "GET /objectifs.php HTTP/1.1" 200 16697 "-" "Mozilla/5.0 (Windows NT 10.0; Win64; x64; rv:136.0) Gecko/20100101 Firefox/136.0"
34.174.41.141 - - [16/Sep/2025:03:53:29 +0200] "GET /psycho_socio-economic_framework.php HTTP/1.1" 200 16219 "-" "Mozilla/5.0 (Windows NT 10.0; Win64; x64; rv:136.0) Gecko/20100101 Firefox/136.0"
34.174.41.141 - - [16/Sep/2025:03:53:29 +0200] "GET /blog-detail.php?title=huye-:-nyiraboshya-julienne-appr%EF%BF%BDcie-le-plaidoyer-que-l%EF%BF%BDassociation-modeste-et-innocent-lui-a-fait-apr%EF%BF%BDs-une-ex%EF%BF%BDcution-d%EF%BF%BDun-jugement-dont-elle-attendait-pendant-38-ans-- HTTP/1.1" 200 23 "-" "Mozilla/5.0 (Windows NT 10.0; Win64; x64; rv:136.0) Gecko/20100101 Firefox/136.0"
34.174.41.141 - - [16/Sep/2025:03:53:29 +0200] "GET /promotion_of_the_reconciliation_process_and_non_violent_conflict_resolution.php HTTP/1.1" 200 15976 "-" "Mozilla/5.0 (Windows NT 10.0; Win64; x64; rv:136.0) Gecko/20100101 Firefox/136.0"
34.174.41.141 - - [16/Sep/2025:03:53:29 +0200] "GET /index.html HTTP/1.1" 404 - "-" "Mozilla/5.0 (Windows NT 10.0; Win64; x64; rv:136.0) Gecko/20100101 Firefox/136.0"
34.174.41.141 - - [16/Sep/2025:03:53:29 +0200] "GET /en/index.php HTTP/1.1" 200 41763 "-" "Mozilla/5.0 (Windows NT 10.0; Win64; x64; rv:136.0) Gecko/20100101 Firefox/136.0"
5.255.231.194 - - [16/Sep/2025:03:59:00 +0200] "GET /robots.txt HTTP/1.1" 404 - "-" "Mozilla/5.0 (compatible; YandexBot/3.0; +http://yandex.com/bots)"
5.255.231.18 - - [16/Sep/2025:03:59:01 +0200] "GET / HTTP/1.1" 200 44658 "-" "Mozilla/5.0 (compatible; YandexBot/3.0; +http://yandex.com/bots) AppleWebKit/537.36 (KHTML, like Gecko) Chrome/108.0.0.0"
213.180.203.87 - - [16/Sep/2025:03:59:10 +0200] "GET /js/active.js HTTP/1.1" 200 5631 "https://ami.rw/" "Mozilla/5.0 (compatible; YandexRenderResourcesBot/1.0; +http://yandex.com/bots) AppleWebKit/537.36 (KHTML, like Gecko) Chrome/108.0.0.0"
5.255.231.185 - - [16/Sep/2025:03:59:10 +0200] "GET /js/bootstrap/popper.min.js HTTP/1.1" 200 20336 "https://ami.rw/" "Mozilla/5.0 (compatible; YandexRenderResourcesBot/1.0; +http://yandex.com/bots) AppleWebKit/537.36 (KHTML, like Gecko) Chrome/108.0.0.0"
213.180.203.89 - - [16/Sep/2025:03:59:10 +0200] "GET /js/plugins/plugins.js HTTP/1.1" 200 367229 "https://ami.rw/" "Mozilla/5.0 (compatible; YandexRenderResourcesBot/1.0; +http://yandex.com/bots) AppleWebKit/537.36 (KHTML, like Gecko) Chrome/108.0.0.0"
5.255.231.33 - - [16/Sep/2025:03:59:11 +0200] "GET /js/jquery/jquery-2.2.4.min.js HTTP/1.1" 200 85578 "https://ami.rw/" "Mozilla/5.0 (compatible; YandexRenderResourcesBot/1.0; +http://yandex.com/bots) AppleWebKit/537.36 (KHTML, like Gecko) Chrome/108.0.0.0"
95.108.213.141 - - [16/Sep/2025:03:59:11 +0200] "GET /js/bootstrap/bootstrap.min.js HTTP/1.1" 200 51039 "https://ami.rw/" "Mozilla/5.0 (compatible; YandexRenderResourcesBot/1.0; +http://yandex.com/bots) AppleWebKit/537.36 (KHTML, like Gecko) Chrome/108.0.0.0"
5.255.231.77 - - [16/Sep/2025:03:59:14 +0200] "GET /img/downloaded/logo.png HTTP/1.1" 200 20848 "https://ami.rw/" "Mozilla/5.0 (compatible; YandexRenderResourcesBot/1.0; +http://yandex.com/bots) AppleWebKit/537.36 (KHTML, like Gecko) Chrome/108.0.0.0"
216.73.216.14 - - [16/Sep/2025:04:00:32 +0200] "GET /en/index.php HTTP/1.1" 200 41763 "-" "Mozilla/5.0 AppleWebKit/537.36 (KHTML, like Gecko; compatible; ClaudeBot/1.0; +claudebot@anthropic.com)"
197.243.3.197 - - [16/Sep/2025:04:04:04 +0200] "GET / HTTP/1.1" 200 44658 "-" "Mozilla/5.0 (Windows NT 10.0; Win64; x64) AppleWebKit/537.36 (KHTML, like Gecko) Chrome/126.0.0.0 Safari/537.36"
40.77.167.35 - - [16/Sep/2025:04:04:24 +0200] "GET /kin/blog-detail.php?title=Huye-Rwaniro:%20Barishimira%20uruhare%20rwa%20AMI%20mu%20kubafasha%20kubona%20serivisi%20nziza HTTP/1.1" 200 23 "-" "Mozilla/5.0 AppleWebKit/537.36 (KHTML, like Gecko; compatible; bingbot/2.0; +http://www.bing.com/bingbot.htm) Chrome/116.0.1938.76 Safari/537.36"
2.189.5.162 - - [16/Sep/2025:04:04:57 +0200] "GET / HTTP/1.1" 200 44658 "-" "Mozilla/5.0 (Windows NT 10.0; Win64; x64) AppleWebKit/537.36 (KHTML, like Gecko) Chrome/42.0.2311.135 Safari/537.36 Edge/12.246"
2.189.5.142 - - [16/Sep/2025:04:04:58 +0200] "GET / HTTP/1.1" 200 44658 "-" "Mozilla/5.0 (iPhone; CPU iPhone OS 13_6 like Mac OS X) AppleWebKit/605.1.15 (KHTML, like Gecko) FxiOS/118.0 Mobile/15E148 Safari/605.1.15"
185.146.234.68 - - [16/Sep/2025:04:06:42 +0200] "POST /wp-admin/admin-ajax.php HTTP/1.1" 500 - "-" "Mozilla/5.0 (Ubuntu; Linux x86_64; rv:127.0) Gecko/20100101 Firefox/127.0"
185.146.234.68 - - [16/Sep/2025:04:06:43 +0200] "POST /ws_utc/resources/setting/options HTTP/1.1" 404 - "-" "Mozilla/5.0 (Kubuntu; Linux x86_64) AppleWebKit/537.36 (KHTML, like Gecko) Chrome/122.0.0.0 Safari/537.36"
185.146.234.68 - - [16/Sep/2025:04:06:43 +0200] "POST /public/index.php/material/Material/_download_imgage?media_id=1&picUrl=./../config/database.php HTTP/1.1" 404 - "-" "Mozilla/5.0 (CentOS; Linux i686; rv:123.0) Gecko/20100101 Firefox/123.0"
185.146.234.68 - - [16/Sep/2025:04:06:43 +0200] "POST /ajax-api/2.0/mlflow/registered-models/create HTTP/1.1" 404 - "-" "Mozilla/5.0 (X11; Linux i686; rv:122.0) Gecko/20100101 Firefox/122.0"
185.146.234.68 - - [16/Sep/2025:04:06:43 +0200] "POST /ajax-api/2.0/mlflow/registered-models/create HTTP/1.1" 404 - "-" "Mozilla/5.0 (Fedora; Linux x86_64) AppleWebKit/537.36 (KHTML, like Gecko) Chrome/135.0.0.0 Safari/537.36"
185.146.234.68 - - [16/Sep/2025:04:06:43 +0200] "POST /queue/join HTTP/1.1" 404 - "-" "Mozilla/5.0 (X11; Linux x86_64) AppleWebKit/537.36 (KHTML, like Gecko) Chrome/134.0.0.0 Safari/537.36"
185.146.234.68 - - [16/Sep/2025:04:06:44 +0200] "GET /icons/.%2e/%2e%2e/%2e%2e/%2e%2e/%2e%2e/%2e%2e/etc/passwd HTTP/1.1" 404 - "-" "Mozilla/5.0 (Kubuntu; Linux x86_64) AppleWebKit/537.36 (KHTML, like Gecko) Chrome/125.0.0.0 Safari/537.36"
185.146.234.68 - - [16/Sep/2025:04:06:44 +0200] "GET /icons/%%32%65%%32%65/%%32%65%%32%65/%%32%65%%32%65/%%32%65%%32%65/%%32%65%%32%65/%%32%65%%32%65/%%32%65%%32%65/etc/passwd HTTP/1.1" 404 - "-" "-"
185.146.234.68 - - [16/Sep/2025:04:06:44 +0200] "POST /api/2.0/mlflow/registered-models/create HTTP/1.1" 404 - "-" "Mozilla/5.0 (Ubuntu; Linux i686; rv:128.0) Gecko/20100101 Firefox/128.0"
185.146.234.68 - - [16/Sep/2025:04:06:58 +0200] "GET /?lang=../../../../../usr/local/php/pearcmd HTTP/1.1" 200 44658 "-" "Mozilla/5.0 (Fedora; Linux i686) AppleWebKit/537.36 (KHTML, like Gecko) Chrome/122.0.0.0 Safari/537.36"
185.146.234.68 - - [16/Sep/2025:04:06:59 +0200] "POST /lucee/admin/imgProcess.cfm?file=/whatever HTTP/1.1" 404 - "-" "Mozilla/5.0 (Windows NT 10.0; Win64; x64) AppleWebKit/537.36 (KHTML, like Gecko) Chrome/58.0.3029.110 Safari/537.36 Edge/16.16299"
185.146.234.68 - - [16/Sep/2025:04:06:59 +0200] "GET /wp-content/plugins/wpcargo/includes/32gUgv9N2ebOKZ0RoO2iDH0F0Pu.php HTTP/1.1" 404 - "-" "Mozilla/5.0 (Macintosh; Intel Mac OS X 14_3) AppleWebKit/605.1.15 (KHTML, like Gecko) Version/17.2 Safari/605.1.15"
185.146.234.68 - - [16/Sep/2025:04:07:00 +0200] "GET /32gUgvjA0dzauxvMkl50FPxVJ7c.txt HTTP/1.1" 404 - "-" "Mozilla/5.0 (Windows NT 10.0; Win64; x64; rv:134.0) Gecko/20100101 Firefox/134.0"
185.146.234.68 - - [16/Sep/2025:04:07:02 +0200] "POST /apply_sec.cgi HTTP/1.1" 404 - "https://ami.rw" "Mozilla/5.0 (SS; Linux x86_64; rv:133.0) Gecko/20100101 Firefox/133.0"
185.146.234.68 - - [16/Sep/2025:04:07:03 +0200] "POST /OA_HTML/BneViewerXMLService?bne:uueupload=TRUE HTTP/1.1" 404 - "-" "Mozilla/5.0 (Windows NT 10.0) AppleWebKit/537.36 (KHTML, like Gecko) Safari/120.0 Safari/537.36"
185.146.234.68 - - [16/Sep/2025:04:07:04 +0200] "POST /invoker/JMXInvokerServlet/ HTTP/1.1" 404 - "-" "Mozilla/5.0 (Kubuntu; Linux x86_64) AppleWebKit/537.36 (KHTML, like Gecko) Chrome/128.0.0.0 Safari/537.36"
185.146.234.68 - - [16/Sep/2025:04:07:04 +0200] "GET /api/hassio/app/.%252e/supervisor/info HTTP/1.1" 404 - "-" "Mozilla/5.0 (Macintosh; Intel Mac OS X 10_15_6) AppleWebKit/605.1.15 (KHTML, like Gecko) Version/15.6.3 Safari/605.1.15"
185.146.234.68 - - [16/Sep/2025:04:07:04 +0200] "GET / HTTP/1.1" 200 44658 "-" "Mozilla/5.0 (Mac OS X 13_2) AppleWebKit/537.36 (KHTML, like Gecko) Safari/111.0 Safari/537.36"
185.146.234.68 - - [16/Sep/2025:04:07:05 +0200] "POST /ajax-api/2.0/mlflow/registered-models/create HTTP/1.1" 404 - "-" "Mozilla/5.0 (Macintosh; Intel Mac OS X 10_13_6) AppleWebKit/605.1.15 (KHTML, like Gecko) Version/12.0.2 Safari/605.1.15"
185.146.234.68 - - [16/Sep/2025:04:07:05 +0200] "GET /login HTTP/1.1" 404 - "-" "Mozilla/5.0 (Windows NT 10.0) AppleWebKit/537.36 (KHTML, like Gecko) Safari/103.0 Safari/537.36"
185.146.234.68 - - [16/Sep/2025:04:07:06 +0200] "GET /global-protect/portal/images/32gUgwsHAnsf7BdTkGkPdwWqjcq.txt HTTP/1.1" 404 - "-" "Mozilla/5.0 (X11; Linux i686) AppleWebKit/537.36 (KHTML, like Gecko) Chrome/132.0.0.0 Safari/537.36"
185.146.234.68 - - [16/Sep/2025:04:07:08 +0200] "POST /ajax-api/2.0/mlflow/model-versions/create HTTP/1.1" 404 - "-" "Mozilla/5.0 (Macintosh; Intel Mac OS X 10_15_7) AppleWebKit/605.1.15 (KHTML, like Gecko) Version/17.0.1 Safari/605.1.15"
185.146.234.68 - - [16/Sep/2025:04:07:08 +0200] "GET /public/index.php/home/file/user_pics HTTP/1.1" 404 - "-" "Mozilla/5.0 (Macintosh; Intel Mac OS X 10_15_7) AppleWebKit/605.1.15 (KHTML, like Gecko) Version/14.1.1 Safari/605.1.15"
185.146.234.68 - - [16/Sep/2025:04:07:09 +0200] "GET /icons/.%%32%65/.%%32%65/.%%32%65/.%%32%65/.%%32%65/.%%32%65/.%%32%65/etc/passwd HTTP/1.1" 404 - "-" "-"
185.146.234.68 - - [16/Sep/2025:04:07:09 +0200] "GET /cgi-bin/.%2e/.%2e/.%2e/.%2e/etc/passwd HTTP/1.1" 404 - "-" "Mozilla/5.0 (CentOS; Linux x86_64; rv:122.0) Gecko/20100101 Firefox/122.0"
185.146.234.68 - - [16/Sep/2025:04:07:09 +0200] "POST /api/2.0/mlflow/model-versions/create HTTP/1.1" 404 - "-" "Mozilla/5.0 (Mac OS X 13_2) AppleWebKit/537.36 (KHTML, like Gecko) Safari/129.0 Safari/537.36"
185.146.234.68 - - [16/Sep/2025:04:07:09 +0200] "GET /queue/data?session_hash=32gUh79tskyVyrpLCreCgfiTJR0 HTTP/1.1" 404 - "-" "Mozilla/5.0 (Macintosh; Intel Mac OS X 10_13_5) AppleWebKit/605.1.15 (KHTML, like Gecko) Version/11.1.1 Safari/605.1.15"
185.146.234.68 - - [16/Sep/2025:04:07:09 +0200] "POST /ws_utc/resources/setting/keystore HTTP/1.1" 404 - "-" "Mozilla/5.0 (Windows NT 10.0; Win64; x64; rv:107.0) Gecko/20100101 Firefox/107.0"
185.146.234.68 - - [16/Sep/2025:04:07:10 +0200] "GET /wp-admin/admin-ajax.php?action=easync_success_and_save HTTP/1.1" 500 - "-" "Mozilla/5.0 (Knoppix; Linux i686) AppleWebKit/537.36 (KHTML, like Gecko) Chrome/121.0.0.0 Safari/537.36"
185.146.234.68 - - [16/Sep/2025:04:07:12 +0200] "POST /ajax-api/2.0/mlflow/model-versions/create HTTP/1.1" 404 - "-" "Mozilla/5.0 (Windows NT 11.0) AppleWebKit/537.36 (KHTML, like Gecko) Safari/114.0 Safari/537.36"
185.146.234.68 - - [16/Sep/2025:04:07:23 +0200] "GET / HTTP/1.1" 200 44658 "-" "Mozilla/5.0 (X11; Linux i686) AppleWebKit/537.36 (KHTML, like Gecko) Chrome/123.0.0.0 Safari/537.36"
185.146.234.68 - - [16/Sep/2025:04:07:23 +0200] "POST /lucee/admin/imgProcess.cfm?file=/../../../context/32gUgxdXP4WkqxHBo0XD7VS5tTs.cfm HTTP/1.1" 404 - "-" "Mozilla/5.0 (SS; Linux i686) AppleWebKit/537.36 (KHTML, like Gecko) Chrome/129.0.0.0 Safari/537.36"
185.146.234.68 - - [16/Sep/2025:04:07:23 +0200] "GET /wp-content/plugins/wpcargo/includes/barcode.php?text=x1x1111x1xx1xx111xx11111xx1x111x1x1x1xxx11x1111xx1x11xxxx1xx1xxxxx1x1x1xx1x1x11xx1xxxx1x11xx111xxx1xx1xx1x1x1xxx11x1111xxx1xxx1xx1x111xxx1x1xx1xxx1x1x1xx1x1x11xxx11xx1x11xx111xx1xxx1xx11x1x11x11x1111x1x11111x1x1xxxx&sizefactor=.090909090909&size=1&filepath=32gUgv9N2ebOKZ0RoO2iDH0F0Pu.php HTTP/1.1" 404 - "-" "Mozilla/5.0 (Knoppix; Linux x86_64) AppleWebKit/537.36 (KHTML, like Gecko) Chrome/125.0.0.0 Safari/537.36"
185.146.234.68 - - [16/Sep/2025:04:07:25 +0200] "PUT /32gUgvjA0dzauxvMkl50FPxVJ7c.txt HTTP/1.1" 404 - "-" "Mozilla/5.0 (Ubuntu; Linux x86_64) AppleWebKit/537.36 (KHTML, like Gecko) Chrome/125.0.0.0 Safari/537.36"
185.146.234.68 - - [16/Sep/2025:04:07:27 +0200] "POST /apply_sec.cgi HTTP/1.1" 404 - "https://ami.rw/login_pic.asp" "Mozilla/5.0 (Macintosh; Intel Mac OS X 10_15_7) AppleWebKit/537.36 (KHTML, like Gecko) Chrome/116.0.0.0 Safari/537.36"
185.146.234.68 - - [16/Sep/2025:04:07:27 +0200] "GET /OA_CGI/FNDWRR.exe HTTP/1.1" 404 - "-" "Mozilla/5.0 (SS; Linux x86_64) AppleWebKit/537.36 (KHTML, like Gecko) Chrome/128.0.0.0 Safari/537.36"
185.146.234.68 - - [16/Sep/2025:04:07:28 +0200] "POST /invoker/EJBInvokerServlet/ HTTP/1.1" 404 - "-" "Mozilla/5.0 (Kubuntu; Linux x86_64; rv:134.0) Gecko/20100101 Firefox/134.0"
185.146.234.68 - - [16/Sep/2025:04:07:28 +0200] "GET /api/hassio/app/.%09./supervisor/info HTTP/1.1" 404 - "-" "Mozilla/5.0 (Macintosh; Intel Mac OS X 14_4_1) AppleWebKit/605.1.15 (KHTML, like Gecko) Version/17.4.1 Safari/605.1.15"
185.146.234.68 - - [16/Sep/2025:04:07:29 +0200] "POST /checkValid HTTP/1.1" 404 - "-" "Mozilla/5.0 (Mac OS X 13_2) AppleWebKit/537.36 (KHTML, like Gecko) Edge/113.0 Safari/537.36"
185.146.234.68 - - [16/Sep/2025:04:07:30 +0200] "POST /Collector/appliancesettings/applianceSettingsFileTransfer HTTP/1.1" 404 - "-" "Mozilla/5.0 (Knoppix; Linux x86_64) AppleWebKit/537.36 (KHTML, like Gecko) Chrome/130.0.0.0 Safari/537.36"
185.146.234.68 - - [16/Sep/2025:04:07:30 +0200] "POST /ajax-api/2.0/mlflow/model-versions/create HTTP/1.1" 404 - "-" "Mozilla/5.0 (Macintosh; Intel Mac OS X 10_15_7) AppleWebKit/605.1.15 (KHTML, like Gecko) Version/17.3 Safari/605.1.15"
185.146.234.68 - - [16/Sep/2025:04:07:31 +0200] "POST /ssl-vpn/hipreport.esp HTTP/1.1" 404 - "-" "Mozilla/5.0 (Debian; Linux i686; rv:120.0) Gecko/20100101 Firefox/120.0"
185.146.234.68 - - [16/Sep/2025:04:07:34 +0200] "POST /cgi-bin/%%32%65%%32%65/%%32%65%%32%65/%%32%65%%32%65/%%32%65%%32%65/%%32%65%%32%65/%%32%65%%32%65/%%32%65%%32%65/bin/sh HTTP/1.1" 404 - "-" "-"
185.146.234.68 - - [16/Sep/2025:04:07:34 +0200] "POST /cgi-bin/.%2e/%2e%2e/%2e%2e/%2e%2e/%2e%2e/%2e%2e/bin/sh HTTP/1.1" 404 - "-" "Mozilla/5.0 (Kubuntu; Linux x86_64; rv:133.0) Gecko/20100101 Firefox/133.0"
185.146.234.68 - - [16/Sep/2025:04:07:48 +0200] "POST /lucee/32gUgxdXP4WkqxHBo0XD7VS5tTs.cfm HTTP/1.1" 404 - "-" "Mozilla/5.0 (Macintosh; Intel Mac OS X 10_15_7) AppleWebKit/605.1.15 (KHTML, like Gecko) Version/18.2 Mobile/15E148 Safari/604.1"
185.146.234.68 - - [16/Sep/2025:04:07:48 +0200] "POST /wp-content/plugins/wpcargo/includes/32gUgv9N2ebOKZ0RoO2iDH0F0Pu.php?1=var_dump HTTP/1.1" 404 - "-" "Mozilla/5.0 (Windows NT 10.0; Win64; x64; rv:102.0) Gecko/20100101 Firefox/102.0"
185.146.234.68 - - [16/Sep/2025:04:07:48 +0200] "GET /?+config-create+/&lang=../../../../../../../../../../../usr/local/lib/php/pearcmd&/safedog()+BsDic0MD5R.log HTTP/1.1" 200 44658 "-" "Mozilla/5.0 (Windows NT 10.0; Win64; x64; rv:105.0) Gecko/20100101 Firefox/105.0"
185.146.234.68 - - [16/Sep/2025:04:07:49 +0200] "GET /32gUgvjA0dzauxvMkl50FPxVJ7c.txt HTTP/1.1" 404 - "-" "Mozilla/5.0 (Fedora; Linux i686) AppleWebKit/537.36 (KHTML, like Gecko) Chrome/129.0.0.0 Safari/537.36"
185.146.234.68 - - [16/Sep/2025:04:07:51 +0200] "POST /OA_HTML/BneViewerXMLService?bne:uueupload=TRUE HTTP/1.1" 404 - "-" "Mozilla/5.0 (Windows NT 10.0; Win64; x64) AppleWebKit/537.36 (KHTML, like Gecko) Chrome/64.0.3282.140 Safari/537.36 Edge/18.17763"
185.146.234.68 - - [16/Sep/2025:04:07:51 +0200] "POST /apply_sec.cgi HTTP/1.1" 404 - "https://ami.rw/login_pic.asp" "Mozilla/5.0 (Fedora; Linux i686) AppleWebKit/537.36 (KHTML, like Gecko) Chrome/120.0.0.0 Safari/537.36"
185.146.234.68 - - [16/Sep/2025:04:07:52 +0200] "POST /invoker/readonly HTTP/1.1" 404 - "-" "Mozilla/5.0 (Macintosh, Intel Mac OS X 10_15_7) AppleWebKit/605.1.15 (KHTML, like Gecko) Version/17.10 Safari/605.1.15"
185.146.234.68 - - [16/Sep/2025:04:07:52 +0200] "GET /api/hassio_ingress/.%09./supervisor/info HTTP/1.1" 404 - "-" "Mozilla/5.0 (Ubuntu; Linux x86_64; rv:129.0) Gecko/20100101 Firefox/129.0"
185.146.234.68 - - [16/Sep/2025:04:07:53 +0200] "GET /public/css/32gUgxasQfB4tjlvn3j3Pmnv9av.css HTTP/1.1" 404 - "-" "Mozilla/5.0 (Ubuntu; Linux x86_64) AppleWebKit/537.36 (KHTML, like Gecko) Chrome/128.0.0.0 Safari/537.36"
185.146.234.68 - - [16/Sep/2025:04:07:54 +0200] "GET /model-versions/get-artifact?name=32gUgtUjkoCCbN8chnjNCMvPmLG&path=etc%2Fpasswd&version=1 HTTP/1.1" 404 - "-" "Mozilla/5.0 (Macintosh; Intel Mac OS X 14_0) AppleWebKit/605.1.15 (KHTML, like Gecko) Version/18.0 Safari/605.1.15"
185.146.234.68 - - [16/Sep/2025:04:07:54 +0200] "GET /talari/app/files/32gUgyr7BOQXyJ5bm3nLMguvKcL HTTP/1.1" 404 - "-" "Mozilla/5.0 (Debian; Linux i686; rv:127.0) Gecko/20100101 Firefox/127.0"
185.146.234.68 - - [16/Sep/2025:04:07:55 +0200] "GET /global-protect/portal/images/32gUgwsHAnsf7BdTkGkPdwWqjcq.txt HTTP/1.1" 404 - "-" "Mozilla/5.0 (Macintosh; U; Intel Mac OS X 10_6_8; en-us) AppleWebKit/534.50 (KHTML, like Gecko) Version/5.1 Safari/534.50"
2.189.5.118 - - [16/Sep/2025:04:10:31 +0200] "GET / HTTP/1.1" 200 44658 "-" "Mozilla/5.0 (Linux x86_64; rv:115.0) Gecko/20100101 Firefox/115.0"
66.249.66.3 - - [16/Sep/2025:04:11:08 +0200] "GET /discovery.php?iid=161255608&cid= HTTP/1.1" 404 16 "-" "Mozilla/5.0 (Linux; Android 6.0.1; Nexus 5X Build/MMB29P) AppleWebKit/537.36 (KHTML, like Gecko) Chrome/140.0.7339.127 Mobile Safari/537.36 (compatible; GoogleOther)"
66.249.66.3 - - [16/Sep/2025:04:15:17 +0200] "GET /target.php?cid=65&shop=v%26g+hair+straightener+amazon&g=2 HTTP/1.1" 404 16 "-" "Mozilla/5.0 (Linux; Android 6.0.1; Nexus 5X Build/MMB29P) AppleWebKit/537.36 (KHTML, like Gecko) Chrome/140.0.7339.127 Mobile Safari/537.36 (compatible; GoogleOther)"
185.146.234.68 - - [16/Sep/2025:04:17:18 +0200] "POST /wls-wsat/CoordinatorPortType HTTP/1.1" 404 - "-" "Mozilla/5.0 (CentOS; Linux x86_64) AppleWebKit/537.36 (KHTML, like Gecko) Chrome/126.0.0.0 Safari/537.36"
185.146.234.68 - - [16/Sep/2025:04:17:43 +0200] "POST /_async/AsyncResponseService HTTP/1.1" 404 - "-" "Mozilla/5.0 (X11; Linux i686) AppleWebKit/537.36 (KHTML, like Gecko) Chrome/120.0.0.0 Safari/537.36"
185.146.234.68 - - [16/Sep/2025:04:18:10 +0200] "GET /_async/favicon.ico HTTP/1.1" 404 - "-" "Mozilla/5.0 (X11; Ubuntu; Linux x86_64; rv:132.0) Gecko/20100101 Firefox/132.0"
197.243.3.197 - - [16/Sep/2025:04:19:22 +0200] "GET / HTTP/1.1" 200 44658 "-" "Mozilla/5.0 (Windows NT 10.0; Win64; x64) AppleWebKit/537.36 (KHTML, like Gecko) Chrome/126.0.0.0 Safari/537.36"
2.189.5.162 - - [16/Sep/2025:04:24:48 +0200] "GET / HTTP/1.1" 200 44658 "-" "Mozilla/5.0 (iPhone; CPU iPhone OS 12_0 like Mac OS X) AppleWebKit/605.1.15 (KHTML, like Gecko) Version/12.0 Mobile/15E148 Safari/604.1"
2.189.5.142 - - [16/Sep/2025:04:24:48 +0200] "GET / HTTP/1.1" 200 44658 "-" "Mozilla/5.0 (Linux; Android 5.0.2; SAMSUNG SM-T550 Build/LRX22G) AppleWebKit/537.36 (KHTML, like Gecko) SamsungBrowser/3.3 Chrome/38.0.2125.102 Safari/537.36"
