197.243.3.197 - - [16/Sep/2025:04:28:52 +0200] "GET / HTTP/1.1" 200 44658 "-" "Mozilla/5.0 (Windows NT 10.0; Win64; x64) AppleWebKit/537.36 (KHTML, like Gecko) Chrome/126.0.0.0 Safari/537.36"
2.189.5.162 - - [16/Sep/2025:04:29:58 +0200] "GET / HTTP/1.1" 200 44658 "-" "Mozilla/5.0 (Linux; Android 5.0.2; SAMSUNG SM-T550 Build/LRX22G) AppleWebKit/537.36 (KHTML, like Gecko) SamsungBrowser/3.3 Chrome/38.0.2125.102 Safari/537.36"
2.189.5.142 - - [16/Sep/2025:04:29:58 +0200] "GET / HTTP/1.1" 200 44658 "-" "Mozilla/5.0 (iPhone14,3; U; CPU iPhone OS 15_0 like Mac OS X) AppleWebKit/602.1.50 (KHTML, like Gecko) Version/10.0 Mobile/19A346 Safari/602.1"
152.42.202.78 - - [16/Sep/2025:04:38:34 +0200] "GET /wp-content/plugins/pwnd/pwnd.php HTTP/1.1" 404 - "-" "Mozilla/5.0 (Macintosh; Intel Mac OS X 10_15_7) AppleWebKit/605.1.15 (KHTML, like Gecko) Version/17.4 Safari/605.1.15"
152.42.202.78 - - [16/Sep/2025:04:38:40 +0200] "GET /wp-content/plugins/pwnd-1/cdmpw.php HTTP/1.1" 404 - "-" "Mozilla/5.0 (Windows NT 6.1; Win64; x64) AppleWebKit/537.36 (KHTML, like Gecko) Chrome/120.0.0.0 Safari/537.36"
152.42.202.78 - - [16/Sep/2025:04:38:48 +0200] "GET /wp-content/plugins/pwnd-1/pwnd.php HTTP/1.1" 404 - "-" "Mozilla/5.0 (Windows NT 10.0; rv:124.0) Gecko/20100101 Firefox/124.0"
152.42.202.78 - - [16/Sep/2025:04:38:53 +0200] "GET /wp-aa.php HTTP/1.1" 404 16 "-" "Mozilla/5.0 (Linux; Android 11; SM-A205U) AppleWebKit/537.36 (KHTML, like Gecko) Chrome/124.0.0.0 Mobile Safari/537.36"
152.42.202.78 - - [16/Sep/2025:04:38:59 +0200] "GET /wp-content/plugins/junkfood/mainhack.php HTTP/1.1" 404 - "-" "Mozilla/5.0 (Windows NT 10.0; Win64; x64) AppleWebKit/537.36 (KHTML, like Gecko) Chrome/125.0.0.0 Safari/537.36"
152.42.202.78 - - [16/Sep/2025:04:39:07 +0200] "GET /wp-includes/rest-api/search/class-wp-rest-search-handlers.php HTTP/1.1" 404 - "-" "Mozilla/5.0 (iPad; CPU OS 17_5 like Mac OS X) AppleWebKit/605.1.15 (KHTML, like Gecko) Version/17.5 Mobile/15E148 Safari/604.1"
152.42.202.78 - - [16/Sep/2025:04:39:13 +0200] "GET /wp-content/themes/bbpress/MH.php HTTP/1.1" 404 - "-" "Mozilla/5.0 (Windows NT 6.1; Win64; x64) AppleWebKit/537.36 (KHTML, like Gecko) Chrome/120.0.0.0 Safari/537.36"
152.42.202.78 - - [16/Sep/2025:04:39:18 +0200] "GET /wp-confa1g.php HTTP/1.1" 404 16 "-" "Mozilla/5.0 (iPhone; CPU iPhone OS 17_5 like Mac OS X) AppleWebKit/605.1.15 (KHTML, like Gecko) Version/17.5 Mobile/15E148 Safari/604.1"
152.42.202.78 - - [16/Sep/2025:04:39:24 +0200] "GET /file.php HTTP/1.1" 404 16 "-" "Mozilla/5.0 (X11; Linux x86_64) AppleWebKit/537.36 (KHTML, like Gecko) Chrome/123.0.0.0 Safari/537.36"
152.42.202.78 - - [16/Sep/2025:04:39:33 +0200] "GET /dashboard.php HTTP/1.1" 404 16 "-" "Mozilla/5.0 (iPhone; CPU iPhone OS 17_5 like Mac OS X) AppleWebKit/605.1.15 (KHTML, like Gecko) Version/17.5 Mobile/15E148 Safari/604.1"
152.42.202.78 - - [16/Sep/2025:04:39:37 +0200] "GET /wp-content/plugins/init-help/init.php HTTP/1.1" 404 - "-" "Mozilla/5.0 (iPhone; CPU iPhone OS 17_5 like Mac OS X) AppleWebKit/605.1.15 (KHTML, like Gecko) Version/17.5 Mobile/15E148 Safari/604.1"
152.42.202.78 - - [16/Sep/2025:04:39:42 +0200] "GET /wp-includes/js/tinymce/skins/lightgray/img/index.php HTTP/1.1" 404 - "-" "Mozilla/5.0 (X11; Linux x86_64) AppleWebKit/537.36 (KHTML, like Gecko) Chrome/123.0.0.0 Safari/537.36"
152.42.202.78 - - [16/Sep/2025:04:39:46 +0200] "GET /wp-cli.php HTTP/1.1" 404 16 "-" "Mozilla/5.0 (iPad; CPU OS 17_5 like Mac OS X) AppleWebKit/605.1.15 (KHTML, like Gecko) Version/17.5 Mobile/15E148 Safari/604.1"
152.42.202.78 - - [16/Sep/2025:04:39:52 +0200] "GET /wp-content/plugins/background-image-cropper/classwithtostring.php HTTP/1.1" 404 - "-" "Mozilla/5.0 (Macintosh; Intel Mac OS X 10_15_7) AppleWebKit/605.1.15 (KHTML, like Gecko) Version/17.4 Safari/605.1.15"
152.42.202.78 - - [16/Sep/2025:04:39:57 +0200] "GET /about.php?key=x7root HTTP/1.1" 404 16 "-" "Mozilla/5.0 (Linux; Android 13; Pixel 7 Pro) AppleWebKit/537.36 (KHTML, like Gecko) Chrome/125.0.0.0 Mobile Safari/537.36"
152.42.202.78 - - [16/Sep/2025:04:40:03 +0200] "GET /wp-content/themes/newsfeed-theme/bbh.php HTTP/1.1" 404 - "-" "Mozilla/5.0 (Linux; Android 13; Pixel 7 Pro) AppleWebKit/537.36 (KHTML, like Gecko) Chrome/125.0.0.0 Mobile Safari/537.36"
152.42.202.78 - - [16/Sep/2025:04:40:22 +0200] "GET /wp-content/themes/deeto/login.php HTTP/1.1" 404 - "-" "Mozilla/5.0 (Linux; Android 13; Pixel 7 Pro) AppleWebKit/537.36 (KHTML, like Gecko) Chrome/125.0.0.0 Mobile Safari/537.36"
152.42.202.78 - - [16/Sep/2025:04:40:29 +0200] "GET /index/function.php HTTP/1.1" 404 - "-" "Mozilla/5.0 (Linux; Android 11; SM-A205U) AppleWebKit/537.36 (KHTML, like Gecko) Chrome/124.0.0.0 Mobile Safari/537.36"
152.42.202.78 - - [16/Sep/2025:04:40:39 +0200] "GET /wp-content/plugins/phpadmin/acp.php HTTP/1.1" 404 - "-" "Mozilla/5.0 (X11; Linux x86_64) AppleWebKit/537.36 (KHTML, like Gecko) Chrome/123.0.0.0 Safari/537.36"
152.42.202.78 - - [16/Sep/2025:04:40:43 +0200] "GET /wp-content/plugins/ioxi/ioxi/dropdown.php HTTP/1.1" 404 - "-" "Mozilla/5.0 (Linux; Android 13; Pixel 7 Pro) AppleWebKit/537.36 (KHTML, like Gecko) Chrome/125.0.0.0 Mobile Safari/537.36"
152.42.202.78 - - [16/Sep/2025:04:40:48 +0200] "GET /wp-content/plugins/phpad/as.php HTTP/1.1" 404 - "-" "Mozilla/5.0 (X11; Linux x86_64) AppleWebKit/537.36 (KHTML, like Gecko) Chrome/123.0.0.0 Safari/537.36"
152.42.202.78 - - [16/Sep/2025:04:40:54 +0200] "GET /wp-includes/ID3/index.php HTTP/1.1" 404 - "-" "Mozilla/5.0 (X11; Ubuntu; Linux x86_64; rv:125.0) Gecko/20100101 Firefox/125.0"
152.42.202.78 - - [16/Sep/2025:04:41:01 +0200] "GET /wp-content/plugins/index.php HTTP/1.1" 404 - "-" "Mozilla/5.0 (X11; Linux x86_64) AppleWebKit/537.36 (KHTML, like Gecko) Chrome/123.0.0.0 Safari/537.36"
152.42.202.78 - - [16/Sep/2025:04:41:08 +0200] "GET /wp-admin/network/index.php HTTP/1.1" 404 - "-" "Mozilla/5.0 (iPad; CPU OS 17_5 like Mac OS X) AppleWebKit/605.1.15 (KHTML, like Gecko) Version/17.5 Mobile/15E148 Safari/604.1"
2.189.5.118 - - [16/Sep/2025:04:41:12 +0200] "GET / HTTP/1.1" 200 44658 "-" "Mozilla/5.0 (Linux; Android 12; SM-X906C Build/QP1A.190711.020; wv) AppleWebKit/537.36 (KHTML, like Gecko) Version/4.0 Chrome/80.0.3987.119 Mobile Safari/537.36"
152.42.202.78 - - [16/Sep/2025:04:41:16 +0200] "GET /wp-includes/IXR/index.php HTTP/1.1" 404 - "-" "Mozilla/5.0 (Linux; Android 11; SM-A205U) AppleWebKit/537.36 (KHTML, like Gecko) Chrome/124.0.0.0 Mobile Safari/537.36"
152.42.202.78 - - [16/Sep/2025:04:41:21 +0200] "GET /wp-admin/images/index.php HTTP/1.1" 404 - "-" "Mozilla/5.0 (iPad; CPU OS 17_5 like Mac OS X) AppleWebKit/605.1.15 (KHTML, like Gecko) Version/17.5 Mobile/15E148 Safari/604.1"
152.42.202.78 - - [16/Sep/2025:04:41:27 +0200] "GET /wp-content/plugins/admin.php HTTP/1.1" 404 - "-" "Mozilla/5.0 (Windows NT 6.1; Win64; x64) AppleWebKit/537.36 (KHTML, like Gecko) Chrome/120.0.0.0 Safari/537.36"
152.42.202.78 - - [16/Sep/2025:04:41:33 +0200] "GET /wp-admin.php HTTP/1.1" 404 16 "-" "Mozilla/5.0 (X11; Ubuntu; Linux x86_64; rv:125.0) Gecko/20100101 Firefox/125.0"
152.42.202.78 - - [16/Sep/2025:04:41:39 +0200] "GET /wp-content/plugins/Core-Econ/upH.php HTTP/1.1" 404 - "-" "Mozilla/5.0 (X11; Linux x86_64) AppleWebKit/537.36 (KHTML, like Gecko) Chrome/123.0.0.0 Safari/537.36"
152.42.202.78 - - [16/Sep/2025:04:41:45 +0200] "GET /wp-content/plugins/fix/up.php HTTP/1.1" 404 - "-" "Mozilla/5.0 (Linux; Android 13; Pixel 7 Pro) AppleWebKit/537.36 (KHTML, like Gecko) Chrome/125.0.0.0 Mobile Safari/537.36"
152.42.202.78 - - [16/Sep/2025:04:41:50 +0200] "GET /wp-content/plugins/shell/noimg.php HTTP/1.1" 404 - "-" "Mozilla/5.0 (X11; Linux x86_64) AppleWebKit/537.36 (KHTML, like Gecko) Chrome/123.0.0.0 Safari/537.36"
152.42.202.78 - - [16/Sep/2025:04:41:56 +0200] "GET /WSOEnigma.php HTTP/1.1" 404 16 "-" "Mozilla/5.0 (iPhone; CPU iPhone OS 17_5 like Mac OS X) AppleWebKit/605.1.15 (KHTML, like Gecko) Version/17.5 Mobile/15E148 Safari/604.1"
152.42.202.78 - - [16/Sep/2025:04:42:01 +0200] "GET /wp-content/plugins/dummyyummy/wp-signup.php HTTP/1.1" 404 - "-" "Mozilla/5.0 (Windows NT 10.0; rv:124.0) Gecko/20100101 Firefox/124.0"
152.42.202.78 - - [16/Sep/2025:04:42:07 +0200] "GET /wp-content/plugins/clara/clara.php HTTP/1.1" 404 - "-" "Mozilla/5.0 (Windows NT 10.0; rv:124.0) Gecko/20100101 Firefox/124.0"
152.42.202.78 - - [16/Sep/2025:04:42:15 +0200] "GET /plugins/function.php HTTP/1.1" 404 - "-" "Mozilla/5.0 (Windows NT 10.0; rv:124.0) Gecko/20100101 Firefox/124.0"
152.42.202.78 - - [16/Sep/2025:04:42:21 +0200] "GET /file/function.php HTTP/1.1" 404 - "-" "Mozilla/5.0 (X11; Linux x86_64) AppleWebKit/537.36 (KHTML, like Gecko) Chrome/123.0.0.0 Safari/537.36"
152.42.202.78 - - [16/Sep/2025:04:42:26 +0200] "GET /as/function HTTP/1.1" 404 - "-" "Mozilla/5.0 (Windows NT 6.1; Win64; x64) AppleWebKit/537.36 (KHTML, like Gecko) Chrome/120.0.0.0 Safari/537.36"
152.42.202.78 - - [16/Sep/2025:04:42:30 +0200] "GET /mah/function.php HTTP/1.1" 404 - "-" "Mozilla/5.0 (Windows NT 10.0; Win64; x64) AppleWebKit/537.36 (KHTML, like Gecko) Chrome/125.0.0.0 Safari/537.36"
152.42.202.78 - - [16/Sep/2025:04:42:32 +0200] "GET /admin/function.php HTTP/1.1" 404 16 "-" "Mozilla/5.0 (iPad; CPU OS 17_5 like Mac OS X) AppleWebKit/605.1.15 (KHTML, like Gecko) Version/17.5 Mobile/15E148 Safari/604.1"
152.42.202.78 - - [16/Sep/2025:04:42:35 +0200] "GET /doc/function.php HTTP/1.1" 404 - "-" "Mozilla/5.0 (X11; Linux x86_64) AppleWebKit/537.36 (KHTML, like Gecko) Chrome/123.0.0.0 Safari/537.36"
152.42.202.78 - - [16/Sep/2025:04:42:41 +0200] "GET /about/function.php HTTP/1.1" 404 - "-" "Mozilla/5.0 (Windows NT 10.0; rv:124.0) Gecko/20100101 Firefox/124.0"
152.42.202.78 - - [16/Sep/2025:04:42:43 +0200] "GET /zwso.php HTTP/1.1" 404 16 "-" "Mozilla/5.0 (Linux; Android 13; Pixel 7 Pro) AppleWebKit/537.36 (KHTML, like Gecko) Chrome/125.0.0.0 Mobile Safari/537.36"
152.42.202.78 - - [16/Sep/2025:04:42:45 +0200] "GET /wp-content/plugins/about.php HTTP/1.1" 404 - "-" "Mozilla/5.0 (Macintosh; Intel Mac OS X 10_15_7) AppleWebKit/605.1.15 (KHTML, like Gecko) Version/17.4 Safari/605.1.15"
152.42.202.78 - - [16/Sep/2025:04:42:47 +0200] "GET /ioxi-o.php HTTP/1.1" 404 16 "-" "Mozilla/5.0 (Macintosh; Intel Mac OS X 10_15_7) AppleWebKit/605.1.15 (KHTML, like Gecko) Version/17.4 Safari/605.1.15"
152.42.202.78 - - [16/Sep/2025:04:42:49 +0200] "GET /file17.php HTTP/1.1" 404 16 "-" "Mozilla/5.0 (Windows NT 10.0; rv:124.0) Gecko/20100101 Firefox/124.0"
152.42.202.78 - - [16/Sep/2025:04:42:51 +0200] "GET /wp-content/akp.php HTTP/1.1" 404 16 "-" "Mozilla/5.0 (Linux; Android 11; SM-A205U) AppleWebKit/537.36 (KHTML, like Gecko) Chrome/124.0.0.0 Mobile Safari/537.36"
152.42.202.78 - - [16/Sep/2025:04:42:53 +0200] "GET /wp-content/plugins/hanau/akc.php HTTP/1.1" 404 - "-" "Mozilla/5.0 (Windows NT 10.0; Win64; x64) AppleWebKit/537.36 (KHTML, like Gecko) Chrome/125.0.0.0 Safari/537.36"
152.42.202.78 - - [16/Sep/2025:04:42:55 +0200] "GET /aw.php HTTP/1.1" 404 16 "-" "Mozilla/5.0 (Windows NT 10.0; rv:124.0) Gecko/20100101 Firefox/124.0"
152.42.202.78 - - [16/Sep/2025:04:42:57 +0200] "GET /wp-content/plugins/geu/geu.php HTTP/1.1" 404 - "-" "Mozilla/5.0 (iPhone; CPU iPhone OS 17_5 like Mac OS X) AppleWebKit/605.1.15 (KHTML, like Gecko) Version/17.5 Mobile/15E148 Safari/604.1"
152.42.202.78 - - [16/Sep/2025:04:42:59 +0200] "GET /wp-content/plugins/deu/ms.php HTTP/1.1" 404 - "-" "Mozilla/5.0 (Macintosh; Intel Mac OS X 10_15_7) AppleWebKit/605.1.15 (KHTML, like Gecko) Version/17.4 Safari/605.1.15"
152.42.202.78 - - [16/Sep/2025:04:43:01 +0200] "GET /wp-content/plugins/view-ad/ms.php HTTP/1.1" 404 - "-" "Mozilla/5.0 (Windows NT 6.1; Win64; x64) AppleWebKit/537.36 (KHTML, like Gecko) Chrome/120.0.0.0 Safari/537.36"
152.42.202.78 - - [16/Sep/2025:04:43:03 +0200] "GET /wp-content/plugins/aafr/uploader.php HTTP/1.1" 404 - "-" "Mozilla/5.0 (X11; Linux x86_64) AppleWebKit/537.36 (KHTML, like Gecko) Chrome/123.0.0.0 Safari/537.36"
152.42.202.78 - - [16/Sep/2025:04:43:06 +0200] "GET /wp-content/plugins/elex/elex.php HTTP/1.1" 404 - "-" "Mozilla/5.0 (Linux; Android 13; Pixel 7 Pro) AppleWebKit/537.36 (KHTML, like Gecko) Chrome/125.0.0.0 Mobile Safari/537.36"
152.42.202.78 - - [16/Sep/2025:04:43:07 +0200] "GET /wp-content/plugins/yanierin/akcc.php HTTP/1.1" 404 - "-" "Mozilla/5.0 (X11; Ubuntu; Linux x86_64; rv:125.0) Gecko/20100101 Firefox/125.0"
152.42.202.78 - - [16/Sep/2025:04:43:09 +0200] "GET /mass.php HTTP/1.1" 404 16 "-" "Mozilla/5.0 (X11; Ubuntu; Linux x86_64; rv:125.0) Gecko/20100101 Firefox/125.0"
152.42.202.78 - - [16/Sep/2025:04:43:10 +0200] "GET /plugins/kontol/wp-crom.php HTTP/1.1" 404 - "-" "Mozilla/5.0 (iPad; CPU OS 17_5 like Mac OS X) AppleWebKit/605.1.15 (KHTML, like Gecko) Version/17.5 Mobile/15E148 Safari/604.1"
152.42.202.78 - - [16/Sep/2025:04:43:12 +0200] "GET /wp-content/plugins/view-source/ioxi-o2.php HTTP/1.1" 404 - "-" "Mozilla/5.0 (Windows NT 10.0; Win64; x64) AppleWebKit/537.36 (KHTML, like Gecko) Chrome/125.0.0.0 Safari/537.36"
152.42.202.78 - - [16/Sep/2025:04:43:14 +0200] "GET /wp-content/plugins/index-path.php HTTP/1.1" 404 - "-" "Mozilla/5.0 (Windows NT 10.0; rv:124.0) Gecko/20100101 Firefox/124.0"
152.42.202.78 - - [16/Sep/2025:04:43:16 +0200] "GET /wp-content/themes/pridmag/db.php HTTP/1.1" 404 - "-" "Mozilla/5.0 (iPhone; CPU iPhone OS 17_5 like Mac OS X) AppleWebKit/605.1.15 (KHTML, like Gecko) Version/17.5 Mobile/15E148 Safari/604.1"
152.42.202.78 - - [16/Sep/2025:04:43:22 +0200] "GET /wp-content/plugins/WordPressCore/include.php HTTP/1.1" 404 - "-" "Mozilla/5.0 (Linux; Android 11; SM-A205U) AppleWebKit/537.36 (KHTML, like Gecko) Chrome/124.0.0.0 Mobile Safari/537.36"
152.42.202.78 - - [16/Sep/2025:04:43:26 +0200] "GET /wp-content/plugins/WordPressCore-1/include.php HTTP/1.1" 404 - "-" "Mozilla/5.0 (Windows NT 10.0; Win64; x64) AppleWebKit/537.36 (KHTML, like Gecko) Chrome/125.0.0.0 Safari/537.36"
152.42.202.78 - - [16/Sep/2025:04:43:28 +0200] "GET /wp-content/themes/include.php HTTP/1.1" 404 - "-" "Mozilla/5.0 (Windows NT 6.1; Win64; x64) AppleWebKit/537.36 (KHTML, like Gecko) Chrome/120.0.0.0 Safari/537.36"
152.42.202.78 - - [16/Sep/2025:04:43:31 +0200] "GET /wp-content/plugins/include.php HTTP/1.1" 404 - "-" "Mozilla/5.0 (X11; Ubuntu; Linux x86_64; rv:125.0) Gecko/20100101 Firefox/125.0"
152.42.202.78 - - [16/Sep/2025:04:43:34 +0200] "GET /wp-content/plugins/core-plugin/include.php HTTP/1.1" 404 - "-" "Mozilla/5.0 (Linux; Android 13; Pixel 7 Pro) AppleWebKit/537.36 (KHTML, like Gecko) Chrome/125.0.0.0 Mobile Safari/537.36"
152.42.202.78 - - [16/Sep/2025:04:43:36 +0200] "GET /wp-content/plugins/core-plugin-1/include.php HTTP/1.1" 404 - "-" "Mozilla/5.0 (Windows NT 10.0; rv:124.0) Gecko/20100101 Firefox/124.0"
152.42.202.78 - - [16/Sep/2025:04:43:40 +0200] "GET /wp-includes/images/include.php HTTP/1.1" 404 - "-" "Mozilla/5.0 (X11; Ubuntu; Linux x86_64; rv:125.0) Gecko/20100101 Firefox/125.0"
152.42.202.78 - - [16/Sep/2025:04:43:42 +0200] "GET /wp-includes/widgets/include.php HTTP/1.1" 404 - "-" "Mozilla/5.0 (Linux; Android 13; Pixel 7 Pro) AppleWebKit/537.36 (KHTML, like Gecko) Chrome/125.0.0.0 Mobile Safari/537.36"
197.243.3.197 - - [16/Sep/2025:04:43:43 +0200] "GET / HTTP/1.1" 200 44658 "-" "Mozilla/5.0 (Windows NT 10.0; Win64; x64) AppleWebKit/537.36 (KHTML, like Gecko) Chrome/126.0.0.0 Safari/537.36"
47.128.60.183 - - [16/Sep/2025:04:47:41 +0200] "GET /robots.txt HTTP/1.1" 404 - "-" "Mozilla/5.0 (Linux; Android 5.0) AppleWebKit/537.36 (KHTML, like Gecko) Mobile Safari/537.36 (compatible; Bytespider; spider-feedback@bytedance.com)"
185.146.234.68 - - [16/Sep/2025:04:48:12 +0200] "POST /component_server HTTP/1.1" 404 - "-" "Mozilla/5.0 (Mac OS X 13_2) AppleWebKit/537.36 (KHTML, like Gecko) Edge/113.0 Safari/537.36"
185.146.234.68 - - [16/Sep/2025:04:48:37 +0200] "GET /file=%3C%21DOCTYPE HTTP/1.1" 404 - "-" "Mozilla/5.0 (Kubuntu; Linux x86_64) AppleWebKit/537.36 (KHTML, like Gecko) Chrome/133.0.0.0 Safari/537.36"
185.146.234.68 - - [16/Sep/2025:04:49:03 +0200] "POST /component_server HTTP/1.1" 404 - "-" "Mozilla/5.0 (X11; Linux i686) AppleWebKit/537.36 (KHTML, like Gecko) Chrome/122.0.0.0 Safari/537.36"
185.146.234.68 - - [16/Sep/2025:04:49:28 +0200] "GET /file=%3C%21DOCTYPE HTTP/1.1" 404 - "-" "Mozilla/5.0 (ZZ; Linux x86_64; rv:127.0) Gecko/20100101 Firefox/127.0"
52.167.144.236 - - [16/Sep/2025:04:52:59 +0200] "GET /blog-detail.php/feature/en/index.php HTTP/1.1" 200 4831 "-" "Mozilla/5.0 AppleWebKit/537.36 (KHTML, like Gecko; compatible; bingbot/2.0; +http://www.bing.com/bingbot.htm) Chrome/116.0.1938.76 Safari/537.36"
2.189.5.142 - - [16/Sep/2025:04:55:11 +0200] "GET / HTTP/1.1" 200 44658 "-" "Mozilla/5.0 (Android 13; Mobile; rv:109.0) Gecko/118.0 Firefox/118.0"
2.189.5.162 - - [16/Sep/2025:04:55:11 +0200] "GET / HTTP/1.1" 200 44658 "-" "Mozilla/5.0 (X11; Fedora; Linux x86_64; rv:109.0) Gecko/20100101 Firefox/118.0"
71.251.220.53 - - [16/Sep/2025:04:55:57 +0200] "GET /robots.txt HTTP/1.1" 404 - "-" "Mozilla/5.0 (iPhone; CPU iPhone OS 11_0 like Mac OS X) AppleWebKit/537.36 (KHTML, like Gecko) Chrome/48.0.2132.1674 Mobile Safari/537.36"
197.243.3.197 - - [16/Sep/2025:04:58:29 +0200] "GET / HTTP/1.1" 200 44658 "-" "Mozilla/5.0 (Windows NT 10.0; Win64; x64) AppleWebKit/537.36 (KHTML, like Gecko) Chrome/126.0.0.0 Safari/537.36"
47.128.30.16 - - [16/Sep/2025:04:59:47 +0200] "GET /robots.txt HTTP/1.1" 404 - "-" "Mozilla/5.0 (Linux; Android 5.0) AppleWebKit/537.36 (KHTML, like Gecko) Mobile Safari/537.36 (compatible; Bytespider; spider-feedback@bytedance.com)"
2.189.5.142 - - [16/Sep/2025:05:01:52 +0200] "GET / HTTP/1.1" 200 44658 "-" "Mozilla/5.0 (Linux; Android 5.0.2; SAMSUNG SM-T550 Build/LRX22G) AppleWebKit/537.36 (KHTML, like Gecko) SamsungBrowser/3.3 Chrome/38.0.2125.102 Safari/537.36"
2.189.5.162 - - [16/Sep/2025:05:01:52 +0200] "GET / HTTP/1.1" 200 44658 "-" "Mozilla/5.0 (X11; Fedora; Linux x86_64; rv:115.0) Gecko/20100101 Firefox/115.0"
66.249.66.67 - - [16/Sep/2025:05:03:26 +0200] "GET /en/img/downloaded/logo.png HTTP/1.1" 200 20848 "-" "Googlebot-Image/1.0"
100.19.147.226 - - [16/Sep/2025:05:03:53 +0200] "GET /robots.txt HTTP/1.1" 404 - "-" "Mozilla/5.0 (Linux; Android 8.0; Pixel 2 Build/OPD3.170816.012) AppleWebKit/537.36 (KHTML, like Gecko) Chrome/58.0.2656.1557 Mobile Safari/537.36"
197.243.3.197 - - [16/Sep/2025:05:07:43 +0200] "GET / HTTP/1.1" 200 44658 "-" "Mozilla/5.0 (Windows NT 10.0; Win64; x64) AppleWebKit/537.36 (KHTML, like Gecko) Chrome/126.0.0.0 Safari/537.36"
2.189.5.118 - - [16/Sep/2025:05:12:02 +0200] "GET / HTTP/1.1" 200 44658 "-" "Mozilla/5.0 (Android 4.4; Mobile; rv:41.0) Gecko/41.0 Firefox/41.0"
197.243.3.197 - - [16/Sep/2025:05:16:41 +0200] "GET / HTTP/1.1" 200 44658 "-" "Mozilla/5.0 (Windows NT 10.0; Win64; x64) AppleWebKit/537.36 (KHTML, like Gecko) Chrome/126.0.0.0 Safari/537.36"
217.113.196.44 - - [16/Sep/2025:05:17:42 +0200] "GET /robots.txt HTTP/1.1" 404 - "-" "Mozilla/5.0 (compatible; IbouBot/1.0; +bot@ibou.io; +https://ibou.io/iboubot.html)"
217.113.196.58 - - [16/Sep/2025:05:17:58 +0200] "GET / HTTP/1.1" 200 44658 "-" "Mozilla/5.0 (compatible; IbouBot/1.0; +bot@ibou.io; +https://ibou.io/iboubot.html)"
2.189.5.162 - - [16/Sep/2025:05:20:33 +0200] "GET / HTTP/1.1" 200 44658 "-" "Mozilla/5.0 (Linux x86_64; rv:115.0) Gecko/20100101 Firefox/115.0"
2.189.5.142 - - [16/Sep/2025:05:20:33 +0200] "GET / HTTP/1.1" 200 44658 "-" "Mozilla/5.0 (Android 13; Mobile; rv:109.0) Gecko/118.0 Firefox/118.0"
197.243.3.197 - - [16/Sep/2025:05:26:19 +0200] "GET / HTTP/1.1" 200 44658 "-" "Mozilla/5.0 (Windows NT 10.0; Win64; x64) AppleWebKit/537.36 (KHTML, like Gecko) Chrome/126.0.0.0 Safari/537.36"
66.249.66.197 - - [16/Sep/2025:05:29:24 +0200] "GET /css/classy-nav.css HTTP/1.1" 200 22269 "https://ami.rw/style.css" "Mozilla/5.0 (Linux; Android 6.0.1; Nexus 5X Build/MMB29P) AppleWebKit/537.36 (KHTML, like Gecko) Chrome/139.0.7258.127 Mobile Safari/537.36 (compatible; Googlebot/2.1; +http://www.google.com/bot.html)"
66.249.66.38 - - [16/Sep/2025:05:29:25 +0200] "GET /css/bootstrap.min.css HTTP/1.1" 200 140936 "https://ami.rw/style.css" "Mozilla/5.0 (Linux; Android 6.0.1; Nexus 5X Build/MMB29P) AppleWebKit/537.36 (KHTML, like Gecko) Chrome/139.0.7258.127 Mobile Safari/537.36 (compatible; Googlebot/2.1; +http://www.google.com/bot.html)"
197.243.3.197 - - [16/Sep/2025:05:36:20 +0200] "GET / HTTP/1.1" 200 44658 "-" "Mozilla/5.0 (Windows NT 10.0; Win64; x64) AppleWebKit/537.36 (KHTML, like Gecko) Chrome/126.0.0.0 Safari/537.36"
2.189.5.142 - - [16/Sep/2025:05:39:54 +0200] "GET / HTTP/1.1" 200 44658 "-" "Mozilla/5.0 (iPod touch; CPU iPhone OS 13_6 like Mac OS X) AppleWebKit/604.5.6 (KHTML, like Gecko) FxiOS/118.0 Mobile/15E148 Safari/605.1.15"
2.189.5.162 - - [16/Sep/2025:05:39:54 +0200] "GET / HTTP/1.1" 200 44658 "-" "Mozilla/5.0 (iPhone; CPU iPhone OS 13_6 like Mac OS X) AppleWebKit/605.1.15 (KHTML, like Gecko) FxiOS/118.0 Mobile/15E148 Safari/605.1.15"
2.189.5.118 - - [16/Sep/2025:05:42:58 +0200] "GET / HTTP/1.1" 200 44658 "-" "Mozilla/5.0 (Linux x86_64; rv:115.0) Gecko/20100101 Firefox/115.0"
146.70.14.23 - - [16/Sep/2025:05:44:21 +0200] "GET /wp-login.php HTTP/1.1" 404 16 "-" "Mozilla/5.0 (X11; Linux x86_64) AppleWebKit/537.36 (KHTML, like Gecko) Chrome/134.0.0.0 Safari/537.36"
146.70.14.23 - - [16/Sep/2025:05:44:21 +0200] "POST /wp-login.php HTTP/1.1" 404 16 "-" "Mozilla/5.0 (X11; Linux x86_64) AppleWebKit/537.36 (KHTML, like Gecko) Chrome/134.0.0.0 Safari/537.36"
146.70.14.23 - - [16/Sep/2025:05:44:21 +0200] "GET /wp-admin/ HTTP/1.1" 500 - "-" "Mozilla/5.0 (X11; Linux x86_64) AppleWebKit/537.36 (KHTML, like Gecko) Chrome/134.0.0.0 Safari/537.36"
146.70.14.23 - - [16/Sep/2025:05:45:06 +0200] "GET /wp-login.php HTTP/1.1" 404 16 "-" "Mozilla/5.0 (X11; Linux x86_64) AppleWebKit/537.36 (KHTML, like Gecko) Chrome/134.0.0.0 Safari/537.36"
146.70.14.23 - - [16/Sep/2025:05:45:07 +0200] "POST /wp-login.php HTTP/1.1" 404 16 "-" "Mozilla/5.0 (X11; Linux x86_64) AppleWebKit/537.36 (KHTML, like Gecko) Chrome/134.0.0.0 Safari/537.36"
146.70.14.23 - - [16/Sep/2025:05:45:07 +0200] "GET /wp-admin/ HTTP/1.1" 500 - "-" "Mozilla/5.0 (X11; Linux x86_64) AppleWebKit/537.36 (KHTML, like Gecko) Chrome/134.0.0.0 Safari/537.36"
2.189.5.142 - - [16/Sep/2025:05:45:19 +0200] "GET / HTTP/1.1" 200 44658 "-" "Mozilla/5.0 (X11; Fedora; Linux x86_64; rv:109.0) Gecko/20100101 Firefox/118.0"
2.189.5.162 - - [16/Sep/2025:05:45:19 +0200] "GET / HTTP/1.1" 200 44658 "-" "Mozilla/5.0 (iPad; CPU OS 13_6 like Mac OS X) AppleWebKit/605.1.15 (KHTML, like Gecko) FxiOS/118.0 Mobile/15E148 Safari/605.1.15"
197.243.3.197 - - [16/Sep/2025:05:45:53 +0200] "GET / HTTP/1.1" 200 44658 "-" "Mozilla/5.0 (Windows NT 10.0; Win64; x64) AppleWebKit/537.36 (KHTML, like Gecko) Chrome/126.0.0.0 Safari/537.36"
193.29.12.12 - - [16/Sep/2025:05:47:36 +0200] "HEAD /wp-login.php HTTP/1.1" 404 - "-" "Mozilla/5.0 (Windows NT 10.0; Win64; x64) AppleWebKit/537.36 (KHTML, like Gecko) Chrome/120.0.0.0 Safari/537.36"
216.73.216.14 - - [16/Sep/2025:05:56:42 +0200] "GET /robots.txt HTTP/1.1" 404 - "-" "Mozilla/5.0 AppleWebKit/537.36 (KHTML, like Gecko; compatible; ClaudeBot/1.0; +claudebot@anthropic.com)"
216.73.216.14 - - [16/Sep/2025:05:56:42 +0200] "GET /en/blog-detail.php?title=testimony-of-mukakabano-daphane-accompanied-by-ami-in-the-advocacy- HTTP/1.1" 200 24732 "-" "Mozilla/5.0 AppleWebKit/537.36 (KHTML, like Gecko; compatible; ClaudeBot/1.0; +claudebot@anthropic.com)"
216.73.216.14 - - [16/Sep/2025:05:57:16 +0200] "GET /en/blog-detail.php?title=success-stories-and-testimonials-from-ami%E2%80%99s-beneficiaries- HTTP/1.1" 200 26014 "-" "Mozilla/5.0 AppleWebKit/537.36 (KHTML, like Gecko; compatible; ClaudeBot/1.0; +claudebot@anthropic.com)"
216.73.216.14 - - [16/Sep/2025:05:57:59 +0200] "GET /admin/images/photos/oii.php HTTP/1.1" 200 159921 "-" "Mozilla/5.0 AppleWebKit/537.36 (KHTML, like Gecko; compatible; ClaudeBot/1.0; +claudebot@anthropic.com)"
216.73.216.14 - - [16/Sep/2025:05:58:00 +0200] "GET /en/blog-detail.php?title=nyaruguru%3A-local-authorities-appreciated-the-alternative-dispute-resolution-policy HTTP/1.1" 200 19058 "-" "Mozilla/5.0 AppleWebKit/537.36 (KHTML, like Gecko; compatible; ClaudeBot/1.0; +claudebot@anthropic.com)"
216.73.216.134 - - [16/Sep/2025:05:59:42 +0200] "GET /en/blog-detail.php?title=xd HTTP/1.1" 200 16358 "-" "Mozilla/5.0 AppleWebKit/537.36 (KHTML, like Gecko; compatible; ClaudeBot/1.0; +claudebot@anthropic.com)"
197.243.3.197 - - [16/Sep/2025:06:01:12 +0200] "GET / HTTP/1.1" 200 44658 "-" "Mozilla/5.0 (Windows NT 10.0; Win64; x64) AppleWebKit/537.36 (KHTML, like Gecko) Chrome/126.0.0.0 Safari/537.36"
77.237.243.35 - - [16/Sep/2025:06:04:15 +0200] "GET /sendgrid.env HTTP/1.1" 404 - "-" "Mozilla/5.0 (compatible; sendgrid-scanner/1.0)"
2.189.5.162 - - [16/Sep/2025:06:10:40 +0200] "GET / HTTP/1.1" 200 44658 "-" "Mozilla/5.0 (iPhone13,2; U; CPU iPhone OS 14_0 like Mac OS X) AppleWebKit/602.1.50 (KHTML, like Gecko) Version/10.0 Mobile/15E148 Safari/602.1"
2.189.5.142 - - [16/Sep/2025:06:10:40 +0200] "GET / HTTP/1.1" 200 44658 "-" "Mozilla/5.0 (X11; Ubuntu; Linux x86_64; rv:115.0) Gecko/20100101 Firefox/115.0"
197.243.3.197 - - [16/Sep/2025:06:10:40 +0200] "GET / HTTP/1.1" 200 44658 "-" "Mozilla/5.0 (Windows NT 10.0; Win64; x64) AppleWebKit/537.36 (KHTML, like Gecko) Chrome/126.0.0.0 Safari/537.36"
2.189.5.118 - - [16/Sep/2025:06:13:11 +0200] "GET / HTTP/1.1" 200 44658 "-" "Mozilla/5.0 (Android 13; Mobile; rv:109.0) Gecko/118.0 Firefox/118.0"
185.146.234.68 - - [16/Sep/2025:06:16:12 +0200] "DELETE /app/rest/users/id:1/tokens/RPC2 HTTP/1.1" 404 - "-" "Mozilla/5.0 (Mac OS X 13_2) AppleWebKit/537.36 (KHTML, like Gecko) Edge/129.0 Safari/537.36"
2.189.5.142 - - [16/Sep/2025:06:16:26 +0200] "GET / HTTP/1.1" 200 44658 "-" "Mozilla/5.0 (iPad; CPU OS 13_6 like Mac OS X) AppleWebKit/605.1.15 (KHTML, like Gecko) FxiOS/118.0 Mobile/15E148 Safari/605.1.15"
2.189.5.162 - - [16/Sep/2025:06:16:26 +0200] "GET / HTTP/1.1" 200 44658 "-" "Mozilla/5.0 (Linux; Android 5.0.2; SAMSUNG SM-T550 Build/LRX22G) AppleWebKit/537.36 (KHTML, like Gecko) SamsungBrowser/3.3 Chrome/38.0.2125.102 Safari/537.36"
185.146.234.68 - - [16/Sep/2025:06:16:37 +0200] "POST /app/rest/users/id:1/tokens/RPC2 HTTP/1.1" 404 - "-" "Mozilla/5.0 (Knoppix; Linux x86_64; rv:134.0) Gecko/20100101 Firefox/134.0"
34.174.108.254 - - [16/Sep/2025:06:19:43 +0200] "GET / HTTP/1.1" 200 44658 "https://toptal.com/" "Mozilla/5.0 (Windows NT 10.0; Win64; x64) AppleWebKit/537.36 (KHTML, like Gecko) Chrome/138.0.0.0 Safari/537.36"
34.174.108.254 - - [16/Sep/2025:06:19:44 +0200] "GET /kin/index.php HTTP/1.1" 200 73632 "https://toptal.com/" "Mozilla/5.0 (Windows NT 10.0; Win64; x64) AppleWebKit/537.36 (KHTML, like Gecko) Chrome/138.0.0.0 Safari/537.36"
34.174.108.254 - - [16/Sep/2025:06:19:44 +0200] "GET /index.php HTTP/1.1" 200 44658 "https://toptal.com/" "Mozilla/5.0 (Windows NT 10.0; Win64; x64) AppleWebKit/537.36 (KHTML, like Gecko) Chrome/138.0.0.0 Safari/537.36"
34.174.108.254 - - [16/Sep/2025:06:19:44 +0200] "GET /education_a_la_paix.php HTTP/1.1" 200 15436 "https://toptal.com/" "Mozilla/5.0 (Windows NT 10.0; Win64; x64) AppleWebKit/537.36 (KHTML, like Gecko) Chrome/138.0.0.0 Safari/537.36"
34.174.108.254 - - [16/Sep/2025:06:19:44 +0200] "GET /blog-detail.php?title=huye:-ami-et-st-mary%E2%80%99s-hight-school-kiruhura-ont-c%C3%A9l%C3%A9br%C3%A9-la-journ%C3%A9e-internationale-de-la-paix-2024 HTTP/1.1" 200 19964 "https://toptal.com/" "Mozilla/5.0 (Windows NT 10.0; Win64; x64) AppleWebKit/537.36 (KHTML, like Gecko) Chrome/138.0.0.0 Safari/537.36"
34.174.108.254 - - [16/Sep/2025:06:19:44 +0200] "GET /blog-detail.php?title=huye:-ami-forme-25-jeunes-sur-la-culture-de-la-paix HTTP/1.1" 200 23610 "https://toptal.com/" "Mozilla/5.0 (Windows NT 10.0; Win64; x64) AppleWebKit/537.36 (KHTML, like Gecko) Chrome/138.0.0.0 Safari/537.36"
34.174.108.254 - - [16/Sep/2025:06:19:45 +0200] "GET /structure_organisationelle.php HTTP/1.1" 200 15694 "https://toptal.com/" "Mozilla/5.0 (Windows NT 10.0; Win64; x64) AppleWebKit/537.36 (KHTML, like Gecko) Chrome/138.0.0.0 Safari/537.36"
34.174.108.254 - - [16/Sep/2025:06:19:45 +0200] "GET /approches.php HTTP/1.1" 200 17869 "https://toptal.com/" "Mozilla/5.0 (Windows NT 10.0; Win64; x64) AppleWebKit/537.36 (KHTML, like Gecko) Chrome/138.0.0.0 Safari/537.36"
34.174.108.254 - - [16/Sep/2025:06:19:45 +0200] "GET /blog-detail.php?title=nyaruguru:-l%E2%80%99equipe-de-visiteurs-des-%C3%A9tudiantes-et-%C3%A9tudiants-des-trois-%C3%A9coles-belges-ont-appr%C3%A9ci%C3%A9-les-activit%C3%A9s-des-groupes-d%E2%80%99amataba- HTTP/1.1" 200 20924 "https://toptal.com/" "Mozilla/5.0 (Windows NT 10.0; Win64; x64) AppleWebKit/537.36 (KHTML, like Gecko) Chrome/138.0.0.0 Safari/537.36"
34.174.108.254 - - [16/Sep/2025:06:19:45 +0200] "GET /photo.php HTTP/1.1" 200 49805 "https://toptal.com/" "Mozilla/5.0 (Windows NT 10.0; Win64; x64) AppleWebKit/537.36 (KHTML, like Gecko) Chrome/138.0.0.0 Safari/537.36"
34.174.108.254 - - [16/Sep/2025:06:19:45 +0200] "GET /strengthening_citizen_participation_in_the_life_of_the_city.php HTTP/1.1" 200 16032 "https://toptal.com/" "Mozilla/5.0 (Windows NT 10.0; Win64; x64) AppleWebKit/537.36 (KHTML, like Gecko) Chrome/138.0.0.0 Safari/537.36"
34.174.108.254 - - [16/Sep/2025:06:19:45 +0200] "GET /objectifs.php HTTP/1.1" 200 16697 "https://toptal.com/" "Mozilla/5.0 (Windows NT 10.0; Win64; x64) AppleWebKit/537.36 (KHTML, like Gecko) Chrome/138.0.0.0 Safari/537.36"
34.174.108.254 - - [16/Sep/2025:06:19:45 +0200] "GET /Circonscription_du_travail.php HTTP/1.1" 200 15715 "https://toptal.com/" "Mozilla/5.0 (Windows NT 10.0; Win64; x64) AppleWebKit/537.36 (KHTML, like Gecko) Chrome/138.0.0.0 Safari/537.36"
34.174.108.254 - - [16/Sep/2025:06:19:45 +0200] "GET /promotion_of_the_reconciliation_process_and_non_violent_conflict_resolution.php HTTP/1.1" 200 15976 "https://toptal.com/" "Mozilla/5.0 (Windows NT 10.0; Win64; x64) AppleWebKit/537.36 (KHTML, like Gecko) Chrome/138.0.0.0 Safari/537.36"
34.174.108.254 - - [16/Sep/2025:06:19:45 +0200] "GET /en/index.php HTTP/1.1" 200 41763 "https://toptal.com/" "Mozilla/5.0 (Windows NT 10.0; Win64; x64) AppleWebKit/537.36 (KHTML, like Gecko) Chrome/138.0.0.0 Safari/537.36"
34.174.108.254 - - [16/Sep/2025:06:19:45 +0200] "GET /team.php HTTP/1.1" 200 31222 "https://toptal.com/" "Mozilla/5.0 (Windows NT 10.0; Win64; x64) AppleWebKit/537.36 (KHTML, like Gecko) Chrome/138.0.0.0 Safari/537.36"
34.174.108.254 - - [16/Sep/2025:06:19:45 +0200] "GET /quelques_realization.php HTTP/1.1" 200 19065 "https://toptal.com/" "Mozilla/5.0 (Windows NT 10.0; Win64; x64) AppleWebKit/537.36 (KHTML, like Gecko) Chrome/138.0.0.0 Safari/537.36"
34.174.108.254 - - [16/Sep/2025:06:19:45 +0200] "GET /documentary_film.php HTTP/1.1" 200 23124 "https://toptal.com/" "Mozilla/5.0 (Windows NT 10.0; Win64; x64) AppleWebKit/537.36 (KHTML, like Gecko) Chrome/138.0.0.0 Safari/537.36"
34.174.108.254 - - [16/Sep/2025:06:19:45 +0200] "GET /historique.php HTTP/1.1" 200 16354 "https://toptal.com/" "Mozilla/5.0 (Windows NT 10.0; Win64; x64) AppleWebKit/537.36 (KHTML, like Gecko) Chrome/138.0.0.0 Safari/537.36"
34.174.108.254 - - [16/Sep/2025:06:19:45 +0200] "GET /psycho_socio-economic_framework.php HTTP/1.1" 200 16219 "https://toptal.com/" "Mozilla/5.0 (Windows NT 10.0; Win64; x64) AppleWebKit/537.36 (KHTML, like Gecko) Chrome/138.0.0.0 Safari/537.36"
34.174.108.254 - - [16/Sep/2025:06:19:45 +0200] "GET /mission.php HTTP/1.1" 200 16101 "https://toptal.com/" "Mozilla/5.0 (Windows NT 10.0; Win64; x64) AppleWebKit/537.36 (KHTML, like Gecko) Chrome/138.0.0.0 Safari/537.36"
34.174.108.254 - - [16/Sep/2025:06:19:45 +0200] "GET /index.html HTTP/1.1" 404 - "https://toptal.com/" "Mozilla/5.0 (Windows NT 10.0; Win64; x64) AppleWebKit/537.36 (KHTML, like Gecko) Chrome/138.0.0.0 Safari/537.36"
34.174.108.254 - - [16/Sep/2025:06:19:45 +0200] "GET /blog-detail.php?title=nyaruguru%C2%A0:-ami-remercie%C2%A0les-autorit%C3%A9s-locales-pour-un-partenariat-exemplaire-et%C2%A0collaboration-exceptionnelle-dans-18-ans%C2%A0pass%C3%A9 HTTP/1.1" 200 23 "https://toptal.com/" "Mozilla/5.0 (Windows NT 10.0; Win64; x64) AppleWebKit/537.36 (KHTML, like Gecko) Chrome/138.0.0.0 Safari/537.36"
34.174.108.254 - - [16/Sep/2025:06:19:45 +0200] "GET /blog-detail.php?title=nyaruguru/nyagisozi:-les-enseignants-de-cours-d%27histoire-au-sein-des-%C3%A9coles-secondaires-dans-le-royaume-de-belgique-ont-appr%C3%A9ci%C3%A9-les-activit%C3%A9s-de-groupe-amataba HTTP/1.1" 200 23 "https://toptal.com/" "Mozilla/5.0 (Windows NT 10.0; Win64; x64) AppleWebKit/537.36 (KHTML, like Gecko) Chrome/138.0.0.0 Safari/537.36"
34.174.108.254 - - [16/Sep/2025:06:19:45 +0200] "GET /blog-detail.php?title=huye-:-nyiraboshya-julienne-appr%EF%BF%BDcie-le-plaidoyer-que-l%EF%BF%BDassociation-modeste-et-innocent-lui-a-fait-apr%EF%BF%BDs-une-ex%EF%BF%BDcution-d%EF%BF%BDun-jugement-dont-elle-attendait-pendant-38-ans-- HTTP/1.1" 200 23 "https://toptal.com/" "Mozilla/5.0 (Windows NT 10.0; Win64; x64) AppleWebKit/537.36 (KHTML, like Gecko) Chrome/138.0.0.0 Safari/537.36"
34.174.108.254 - - [16/Sep/2025:06:19:45 +0200] "GET /groupes_cibles.php HTTP/1.1" 200 18301 "https://toptal.com/" "Mozilla/5.0 (Windows NT 10.0; Win64; x64) AppleWebKit/537.36 (KHTML, like Gecko) Chrome/138.0.0.0 Safari/537.36"
34.174.108.254 - - [16/Sep/2025:06:19:45 +0200] "GET /blog-detail.php?title=nyanza-:-les-membres-des-amataba-des-jeunes-ont-appr%C3%A9ci%C3%A9-des-progr%C3%A8s-r%C3%A9alis%C3%A9s-dans-la-promotion-de-l%E2%80%99unit%C3%A9-et-de-la-r%C3%A9silience HTTP/1.1" 200 22850 "https://toptal.com/" "Mozilla/5.0 (Windows NT 10.0; Win64; x64) AppleWebKit/537.36 (KHTML, like Gecko) Chrome/138.0.0.0 Safari/537.36"
34.174.108.254 - - [16/Sep/2025:06:19:45 +0200] "GET /blog-detail.php?title=histoire-de-succ%C3%A8s-et-quelques-t%C3%A9moignages-des-b%C3%A9n%C3%A9ficiaires-de-l%E2%80%99ami- HTTP/1.1" 200 29732 "https://toptal.com/" "Mozilla/5.0 (Windows NT 10.0; Win64; x64) AppleWebKit/537.36 (KHTML, like Gecko) Chrome/138.0.0.0 Safari/537.36"
34.174.108.254 - - [16/Sep/2025:06:19:45 +0200] "GET /blog-detail.php?title=dans-un-delai-de-six-mois,-le-dialogue-curatif-permet-%EF%BF%BD-98-familles-de-se-reconcilier HTTP/1.1" 200 23 "https://toptal.com/" "Mozilla/5.0 (Windows NT 10.0; Win64; x64) AppleWebKit/537.36 (KHTML, like Gecko) Chrome/138.0.0.0 Safari/537.36"
34.174.108.254 - - [16/Sep/2025:06:19:46 +0200] "GET /publications.php HTTP/1.1" 200 17189 "https://toptal.com/" "Mozilla/5.0 (Windows NT 10.0; Win64; x64) AppleWebKit/537.36 (KHTML, like Gecko) Chrome/138.0.0.0 Safari/537.36"
34.174.108.254 - - [16/Sep/2025:06:19:46 +0200] "GET /blog-detail.php?title=nyaruguru%C2%A0:-les-autorit%C3%A9s-de-base-ont-appr%C3%A9ci%C3%A9-la-politique-alternative-de-r%C3%A9solution-des-conflits HTTP/1.1" 200 20420 "https://toptal.com/" "Mozilla/5.0 (Windows NT 10.0; Win64; x64) AppleWebKit/537.36 (KHTML, like Gecko) Chrome/138.0.0.0 Safari/537.36"
34.174.108.254 - - [16/Sep/2025:06:19:46 +0200] "GET /mode_de_travail.php HTTP/1.1" 200 16458 "https://toptal.com/" "Mozilla/5.0 (Windows NT 10.0; Win64; x64) AppleWebKit/537.36 (KHTML, like Gecko) Chrome/138.0.0.0 Safari/537.36"
34.174.108.254 - - [16/Sep/2025:06:19:46 +0200] "GET /blog-detail.php?title=t%C3%A9moignage-de-mukakabano-daphane-accompagn%C3%A9e-par-ami-dans-le-plaidoyer- HTTP/1.1" 200 27850 "https://toptal.com/" "Mozilla/5.0 (Windows NT 10.0; Win64; x64) AppleWebKit/537.36 (KHTML, like Gecko) Chrome/138.0.0.0 Safari/537.36"
34.174.108.254 - - [16/Sep/2025:06:19:46 +0200] "GET /ubuntu.php HTTP/1.1" 200 23850 "https://toptal.com/" "Mozilla/5.0 (Windows NT 10.0; Win64; x64) AppleWebKit/537.36 (KHTML, like Gecko) Chrome/138.0.0.0 Safari/537.36"
34.174.108.254 - - [16/Sep/2025:06:19:46 +0200] "GET /blog-detail.php?title=entre-rescapes-et-bourreaux-la-confiance-se-retablit HTTP/1.1" 200 25240 "https://toptal.com/" "Mozilla/5.0 (Windows NT 10.0; Win64; x64) AppleWebKit/537.36 (KHTML, like Gecko) Chrome/138.0.0.0 Safari/537.36"
34.174.108.254 - - [16/Sep/2025:06:19:46 +0200] "GET /blog-detail.php?title=kigali:-ami-en-collaboration-avec-cejp-rwanda-a-organis%C3%A9-un-atelier-de-r%C3%A9flexion-sur-gbv HTTP/1.1" 200 20370 "https://toptal.com/" "Mozilla/5.0 (Windows NT 10.0; Win64; x64) AppleWebKit/537.36 (KHTML, like Gecko) Chrome/138.0.0.0 Safari/537.36"
34.174.108.254 - - [16/Sep/2025:06:19:46 +0200] "GET /domaine_de_Travail.php HTTP/1.1" 200 16000 "https://toptal.com/" "Mozilla/5.0 (Windows NT 10.0; Win64; x64) AppleWebKit/537.36 (KHTML, like Gecko) Chrome/138.0.0.0 Safari/537.36"
34.174.108.254 - - [16/Sep/2025:06:19:46 +0200] "GET /blog-detail.php?title=nyaruguru-murama:-ami-a-organis%C3%A9-une-%C3%A9mission-radiodiffus%C3%A9e-en-directe-sur-les-services HTTP/1.1" 200 23 "https://toptal.com/" "Mozilla/5.0 (Windows NT 10.0; Win64; x64) AppleWebKit/537.36 (KHTML, like Gecko) Chrome/138.0.0.0 Safari/537.36"
14.191.19.183 - - [16/Sep/2025:06:24:38 +0200] "GET /programmes/encadrement-psycho-socio-economique/ HTTP/1.1" 404 - "-" "Mozilla/5.0 (Windows NT 10.0; Win64; x64) AppleWebKit/537.36 (KHTML, like Gecko) Chrome/116.0.0.0 Safari/537.36"
197.243.3.197 - - [16/Sep/2025:06:25:40 +0200] "GET / HTTP/1.1" 200 44658 "-" "Mozilla/5.0 (Windows NT 10.0; Win64; x64) AppleWebKit/537.36 (KHTML, like Gecko) Chrome/126.0.0.0 Safari/537.36"
2.189.5.162 - - [16/Sep/2025:06:36:32 +0200] "GET / HTTP/1.1" 200 44658 "-" "Mozilla/5.0 (Linux x86_64; rv:115.0) Gecko/20100101 Firefox/115.0"
2.189.5.142 - - [16/Sep/2025:06:36:32 +0200] "GET / HTTP/1.1" 200 44658 "-" "Mozilla/5.0 (iPad; CPU OS 13_6 like Mac OS X) AppleWebKit/605.1.15 (KHTML, like Gecko) FxiOS/118.0 Mobile/15E148 Safari/605.1.15"
197.243.3.197 - - [16/Sep/2025:06:40:02 +0200] "GET / HTTP/1.1" 200 44658 "-" "Mozilla/5.0 (Windows NT 10.0; Win64; x64) AppleWebKit/537.36 (KHTML, like Gecko) Chrome/126.0.0.0 Safari/537.36"
216.73.216.14 - - [16/Sep/2025:06:42:34 +0200] "GET /Circonscription_du_travail.php HTTP/1.1" 200 15715 "-" "Mozilla/5.0 AppleWebKit/537.36 (KHTML, like Gecko; compatible; ClaudeBot/1.0; +claudebot@anthropic.com)"
52.167.144.138 - - [16/Sep/2025:06:42:38 +0200] "GET /domaine_de_Travail.php/safe_search/kin/kin/psycho_socio-economic_framework.php HTTP/1.1" 200 16000 "-" "Mozilla/5.0 AppleWebKit/537.36 (KHTML, like Gecko; compatible; bingbot/2.0; +http://www.bing.com/bingbot.htm) Chrome/116.0.1938.76 Safari/537.36"
2.189.5.118 - - [16/Sep/2025:06:43:32 +0200] "GET / HTTP/1.1" 200 44658 "-" "Mozilla/5.0 (iPhone; CPU iPhone OS 13_6 like Mac OS X) AppleWebKit/605.1.15 (KHTML, like Gecko) FxiOS/118.0 Mobile/15E148 Safari/605.1.15"
52.167.144.216 - - [16/Sep/2025:06:45:08 +0200] "GET /blog-detail.php/oreka/documentary_film.php HTTP/1.1" 200 4831 "-" "Mozilla/5.0 AppleWebKit/537.36 (KHTML, like Gecko; compatible; bingbot/2.0; +http://www.bing.com/bingbot.htm) Chrome/116.0.1938.76 Safari/537.36"
103.81.65.174 - - [16/Sep/2025:06:52:03 +0200] "POST /wp-login.php HTTP/1.1" 404 16 "https://ami.rw/wp-admin/" "Mozilla/5.0 (Windows NT 10.0; Win64; x64) AppleWebKit/537.36 (KHTML, like Gecko) Chrome/90.0.4430.85 Safari/537.36"
2.189.5.162 - - [16/Sep/2025:06:53:39 +0200] "GET / HTTP/1.1" 200 44658 "-" "Mozilla/5.0 (iPhone13,2; U; CPU iPhone OS 14_0 like Mac OS X) AppleWebKit/602.1.50 (KHTML, like Gecko) Version/10.0 Mobile/15E148 Safari/602.1"
2.189.5.142 - - [16/Sep/2025:06:53:39 +0200] "GET / HTTP/1.1" 200 44658 "-" "Mozilla/5.0 (X11; CrOS x86_64 8172.45.0) AppleWebKit/537.36 (KHTML, like Gecko) Chrome/51.0.2704.64 Safari/537.36"
185.146.234.68 - - [16/Sep/2025:06:54:02 +0200] "POST /api/jobs/ HTTP/1.1" 404 - "-" "Mozilla/5.0 (ZZ; Linux i686; rv:122.0) Gecko/20100101 Firefox/122.0"
197.243.3.197 - - [16/Sep/2025:06:54:57 +0200] "GET / HTTP/1.1" 200 44658 "-" "Mozilla/5.0 (Windows NT 10.0; Win64; x64) AppleWebKit/537.36 (KHTML, like Gecko) Chrome/126.0.0.0 Safari/537.36"
185.146.234.68 - - [16/Sep/2025:06:54:59 +0200] "GET /api/jobs/Job_5QeIid/logs HTTP/1.1" 404 - "-" "Mozilla/5.0 (ZZ; Linux i686; rv:120.0) Gecko/20100101 Firefox/120.0"
40.77.167.151 - - [16/Sep/2025:06:55:29 +0200] "GET /blog-detail.php/hobby/boardgame/documentary_film.php HTTP/1.1" 200 4831 "-" "Mozilla/5.0 AppleWebKit/537.36 (KHTML, like Gecko; compatible; bingbot/2.0; +http://www.bing.com/bingbot.htm) Chrome/116.0.1938.76 Safari/537.36"
40.77.167.35 - - [16/Sep/2025:07:01:57 +0200] "GET /en/index.php/product/edit/ubuntu.php HTTP/1.1" 200 41763 "-" "Mozilla/5.0 AppleWebKit/537.36 (KHTML, like Gecko; compatible; bingbot/2.0; +http://www.bing.com/bingbot.htm) Chrome/116.0.1938.76 Safari/537.36"
2.189.5.142 - - [16/Sep/2025:07:02:00 +0200] "GET / HTTP/1.1" 200 44658 "-" "Mozilla/5.0 (Linux; Android 12; SM-X906C Build/QP1A.190711.020; wv) AppleWebKit/537.36 (KHTML, like Gecko) Version/4.0 Chrome/80.0.3987.119 Mobile Safari/537.36"
2.189.5.162 - - [16/Sep/2025:07:02:01 +0200] "GET / HTTP/1.1" 200 44658 "-" "Mozilla/5.0 (Linux x86_64; rv:115.0) Gecko/20100101 Firefox/115.0"
40.77.178.59 - - [16/Sep/2025:07:02:52 +0200] "GET /en/index.php/product/edit/style.css HTTP/1.1" 200 41763 "https://ami.rw/en/index.php/product/edit/ubuntu.php" "Mozilla/5.0 AppleWebKit/537.36 (KHTML, like Gecko; compatible; bingbot/2.0; +http://www.bing.com/bingbot.htm) Chrome/136.0.0.0 Safari/537.36"
40.77.178.59 - - [16/Sep/2025:07:02:52 +0200] "GET /en/index.php/product/edit/js/bootstrap/popper.min.js HTTP/1.1" 200 41763 "https://ami.rw/en/index.php/product/edit/ubuntu.php" "Mozilla/5.0 AppleWebKit/537.36 (KHTML, like Gecko; compatible; bingbot/2.0; +http://www.bing.com/bingbot.htm) Chrome/136.0.0.0 Safari/537.36"
40.77.178.59 - - [16/Sep/2025:07:02:52 +0200] "GET /en/index.php/product/edit/js/jquery/jquery-2.2.4.min.js HTTP/1.1" 200 41763 "https://ami.rw/en/index.php/product/edit/ubuntu.php" "Mozilla/5.0 AppleWebKit/537.36 (KHTML, like Gecko; compatible; bingbot/2.0; +http://www.bing.com/bingbot.htm) Chrome/136.0.0.0 Safari/537.36"
40.77.178.59 - - [16/Sep/2025:07:03:08 +0200] "GET /en/index.php/product/edit/js/plugins/plugins.js HTTP/1.1" 200 41763 "https://ami.rw/en/index.php/product/edit/ubuntu.php" "Mozilla/5.0 AppleWebKit/537.36 (KHTML, like Gecko; compatible; bingbot/2.0; +http://www.bing.com/bingbot.htm) Chrome/136.0.0.0 Safari/537.36"
40.77.178.59 - - [16/Sep/2025:07:03:10 +0200] "GET /en/index.php/product/edit/js/active.js HTTP/1.1" 200 41763 "https://ami.rw/en/index.php/product/edit/ubuntu.php" "Mozilla/5.0 AppleWebKit/537.36 (KHTML, like Gecko; compatible; bingbot/2.0; +http://www.bing.com/bingbot.htm) Chrome/136.0.0.0 Safari/537.36"
40.77.167.35 - - [16/Sep/2025:07:03:58 +0200] "GET /en/index.php/product/edit/img/core-img/s1.png HTTP/1.1" 200 41763 "-" "Mozilla/5.0 AppleWebKit/537.36 (KHTML, like Gecko; compatible; bingbot/2.0; +http://www.bing.com/bingbot.htm) Chrome/116.0.1938.76 Safari/537.36"
40.77.167.35 - - [16/Sep/2025:07:03:59 +0200] "GET /en/index.php/product/edit/img/downloaded/logo.png HTTP/1.1" 200 41763 "-" "Mozilla/5.0 AppleWebKit/537.36 (KHTML, like Gecko; compatible; bingbot/2.0; +http://www.bing.com/bingbot.htm) Chrome/116.0.1938.76 Safari/537.36"
40.77.167.35 - - [16/Sep/2025:07:03:59 +0200] "GET /en/index.php/product/edit/img/downloaded/real.jpeg HTTP/1.1" 200 41763 "-" "Mozilla/5.0 AppleWebKit/537.36 (KHTML, like Gecko; compatible; bingbot/2.0; +http://www.bing.com/bingbot.htm) Chrome/116.0.1938.76 Safari/537.36"
40.77.167.35 - - [16/Sep/2025:07:04:00 +0200] "GET /en/index.php/product/edit/img/core-img/s2.png HTTP/1.1" 200 41763 "-" "Mozilla/5.0 AppleWebKit/537.36 (KHTML, like Gecko; compatible; bingbot/2.0; +http://www.bing.com/bingbot.htm) Chrome/116.0.1938.76 Safari/537.36"
40.77.167.35 - - [16/Sep/2025:07:04:00 +0200] "GET /en/index.php/product/edit/leader.jpg HTTP/1.1" 200 41763 "-" "Mozilla/5.0 AppleWebKit/537.36 (KHTML, like Gecko; compatible; bingbot/2.0; +http://www.bing.com/bingbot.htm) Chrome/116.0.1938.76 Safari/537.36"
40.77.167.35 - - [16/Sep/2025:07:04:00 +0200] "GET /en/index.php/product/edit/img/core-img/logo.jpg HTTP/1.1" 200 41763 "-" "Mozilla/5.0 AppleWebKit/537.36 (KHTML, like Gecko; compatible; bingbot/2.0; +http://www.bing.com/bingbot.htm) Chrome/116.0.1938.76 Safari/537.36"
40.77.167.150 - - [16/Sep/2025:07:04:03 +0200] "GET /en/index.php/product/edit/img/core-img/s3.png HTTP/1.1" 200 41763 "-" "Mozilla/5.0 AppleWebKit/537.36 (KHTML, like Gecko; compatible; bingbot/2.0; +http://www.bing.com/bingbot.htm) Chrome/116.0.1938.76 Safari/537.36"
150.242.207.185 - - [16/Sep/2025:07:07:46 +0200] "POST /wp-login.php HTTP/1.1" 404 16 "-" "Mozilla/5.0 (Windows NT 6.3; Win64; x64) AppleWebKit/537.36 (KHTML, like Gecko) Chrome/101.0.4951.54 Safari/537.36"
150.242.207.185 - - [16/Sep/2025:07:07:47 +0200] "POST /wp-login.php HTTP/1.1" 404 16 "-" "Mozilla/5.0 (Windows NT 6.3; Win64; x64) AppleWebKit/537.36 (KHTML, like Gecko) Chrome/101.0.4951.54 Safari/537.36"
103.121.74.120 - - [16/Sep/2025:07:08:10 +0200] "POST /wp-login.php HTTP/1.1" 404 16 "-" "Mozilla/5.0 (Windows NT 6.3; Win64; x64) AppleWebKit/537.36 (KHTML, like Gecko) Chrome/101.0.4951.54 Safari/537.36"
103.121.74.120 - - [16/Sep/2025:07:08:10 +0200] "POST /wp-login.php HTTP/1.1" 404 16 "-" "Mozilla/5.0 (Windows NT 6.3; Win64; x64) AppleWebKit/537.36 (KHTML, like Gecko) Chrome/101.0.4951.54 Safari/537.36"
103.121.74.120 - - [16/Sep/2025:07:08:14 +0200] "POST /wp-login.php HTTP/1.1" 404 16 "-" "Mozilla/5.0 (Windows NT 6.3; Win64; x64) AppleWebKit/537.36 (KHTML, like Gecko) Chrome/101.0.4951.54 Safari/537.36"
103.121.74.120 - - [16/Sep/2025:07:08:15 +0200] "POST /wp-login.php HTTP/1.1" 404 16 "-" "Mozilla/5.0 (Windows NT 6.3; Win64; x64) AppleWebKit/537.36 (KHTML, like Gecko) Chrome/101.0.4951.54 Safari/537.36"
197.243.3.197 - - [16/Sep/2025:07:10:07 +0200] "GET / HTTP/1.1" 200 44658 "-" "Mozilla/5.0 (Windows NT 10.0; Win64; x64) AppleWebKit/537.36 (KHTML, like Gecko) Chrome/126.0.0.0 Safari/537.36"
216.73.216.14 - - [16/Sep/2025:07:12:31 +0200] "GET /robots.txt HTTP/1.1" 404 - "-" "Mozilla/5.0 AppleWebKit/537.36 (KHTML, like Gecko; compatible; ClaudeBot/1.0; +claudebot@anthropic.com)"
216.73.216.14 - - [16/Sep/2025:07:12:32 +0200] "GET /strengthening_citizen_participation_in_the_life_of_the_city.php HTTP/1.1" 200 16032 "-" "Mozilla/5.0 AppleWebKit/537.36 (KHTML, like Gecko; compatible; ClaudeBot/1.0; +claudebot@anthropic.com)"
2.189.5.118 - - [16/Sep/2025:07:14:27 +0200] "GET / HTTP/1.1" 200 44658 "-" "Mozilla/5.0 (Macintosh; Intel Mac OS X 13.6; rv:109.0) Gecko/20100101 Firefox/118.0"
185.146.234.68 - - [16/Sep/2025:07:16:51 +0200] "GET /api/clusters HTTP/1.1" 404 - "-" "Mozilla/5.0 (SS; Linux x86_64) AppleWebKit/537.36 (KHTML, like Gecko) Chrome/125.0.0.0 Safari/537.36"
52.167.144.199 - - [16/Sep/2025:07:25:11 +0200] "GET /admin/images/photos/ABAGORE%20BAHOZE%20MU%20MAKIMBIRANE.PNG HTTP/1.1" 200 1789910 "-" "Mozilla/5.0 AppleWebKit/537.36 (KHTML, like Gecko; compatible; bingbot/2.0; +http://www.bing.com/bingbot.htm) Chrome/116.0.1938.76 Safari/537.36"
197.243.3.197 - - [16/Sep/2025:07:25:42 +0200] "GET / HTTP/1.1" 200 44658 "-" "Mozilla/5.0 (Windows NT 10.0; Win64; x64) AppleWebKit/537.36 (KHTML, like Gecko) Chrome/126.0.0.0 Safari/537.36"
2.189.5.162 - - [16/Sep/2025:07:27:28 +0200] "GET / HTTP/1.1" 200 44658 "-" "Mozilla/5.0 (Macintosh; Intel Mac OS X 13.6; rv:109.0) Gecko/20100101 Firefox/118.0"
2.189.5.142 - - [16/Sep/2025:07:27:29 +0200] "GET / HTTP/1.1" 200 44658 "-" "Mozilla/5.0 (X11; Ubuntu; Linux i686; rv:109.0) Gecko/20100101 Firefox/118.0"
2.189.5.142 - - [16/Sep/2025:07:31:24 +0200] "GET / HTTP/1.1" 200 44658 "-" "Mozilla/5.0 (X11; CrOS x86_64 8172.45.0) AppleWebKit/537.36 (KHTML, like Gecko) Chrome/51.0.2704.64 Safari/537.36"
2.189.5.162 - - [16/Sep/2025:07:31:25 +0200] "GET / HTTP/1.1" 200 44658 "-" "Mozilla/5.0 (iPhone14,3; U; CPU iPhone OS 15_0 like Mac OS X) AppleWebKit/602.1.50 (KHTML, like Gecko) Version/10.0 Mobile/19A346 Safari/602.1"
152.42.175.7 - - [16/Sep/2025:07:32:14 +0200] "POST /wp-admin/admin-ajax.php HTTP/1.1" 500 - "-" "Mozilla/5.0 (Macintosh; Intel Mac OS X 10_15_7) AppleWebKit/537.36 (KHTML, like Gecko) Chrome/113.0.0.0 Safari/537.36"
152.42.175.7 - - [16/Sep/2025:07:32:15 +0200] "POST /wp-admin/admin-ajax.php HTTP/1.1" 500 - "-" "Mozilla/5.0 (Macintosh; Intel Mac OS X 10_15_7) AppleWebKit/537.36 (KHTML, like Gecko) Chrome/113.0.0.0 Safari/537.36"
57.141.0.39 - - [16/Sep/2025:07:36:02 +0200] "GET /en/mission.php HTTP/1.1" 200 18129 "-" "meta-externalagent/1.1 (+https://developers.facebook.com/docs/sharing/webmasters/crawler)"
52.167.144.212 - - [16/Sep/2025:07:36:04 +0200] "GET /kin/index.php/hobby/nuigurumi/blog-detail.php?title=huye-gishamvu:--ami-yitabiriye-ihuriro-ryubumwe-nubudaheranwa-ryagaragarijwemo-intambwe-imaze-guterwa-nahakiri-imbogamizi HTTP/1.1" 200 73632 "-" "Mozilla/5.0 AppleWebKit/537.36 (KHTML, like Gecko; compatible; bingbot/2.0; +http://www.bing.com/bingbot.htm) Chrome/116.0.1938.76 Safari/537.36"
197.243.3.197 - - [16/Sep/2025:07:40:28 +0200] "GET / HTTP/1.1" 200 44658 "-" "Mozilla/5.0 (Windows NT 10.0; Win64; x64) AppleWebKit/537.36 (KHTML, like Gecko) Chrome/126.0.0.0 Safari/537.36"
40.77.167.8 - - [16/Sep/2025:07:41:03 +0200] "GET /domaine_de_Travail.php/safe_search/kin/publications.php HTTP/1.1" 200 16000 "-" "Mozilla/5.0 AppleWebKit/537.36 (KHTML, like Gecko; compatible; bingbot/2.0; +http://www.bing.com/bingbot.htm) Chrome/116.0.1938.76 Safari/537.36"
2.189.5.118 - - [16/Sep/2025:07:45:08 +0200] "GET / HTTP/1.1" 200 44658 "-" "Mozilla/5.0 (Android 13; Mobile; rv:109.0) Gecko/118.0 Firefox/118.0"
198.244.226.236 - - [16/Sep/2025:07:48:19 +0200] "GET /robots.txt HTTP/1.1" 404 - "-" "Mozilla/5.0 (compatible; AhrefsBot/7.0; +http://ahrefs.com/robot/)"
198.244.226.164 - - [16/Sep/2025:07:48:21 +0200] "GET / HTTP/1.1" 200 44658 "-" "Mozilla/5.0 (compatible; AhrefsBot/7.0; +http://ahrefs.com/robot/)"
202.8.41.161 - - [16/Sep/2025:07:48:25 +0200] "GET /js/bootstrap/popper.min.js HTTP/1.1" 200 20336 "https://ami.rw/" "Mozilla/5.0 (compatible; AhrefsBot/7.0; +http://ahrefs.com/robot/)"
202.8.41.161 - - [16/Sep/2025:07:48:25 +0200] "GET /js/active.js HTTP/1.1" 200 5631 "https://ami.rw/" "Mozilla/5.0 (compatible; AhrefsBot/7.0; +http://ahrefs.com/robot/)"
